{"version":"1.0","provider_name":"Catholic Academy in Bavaria","provider_url":"https:\/\/kath-akademie-bayern.de\/en","title":"Kunst in der Akademie - Katholische Akademie in Bayern","type":"rich","width":600,"height":338,"html":"<blockquote class=\"wp-embedded-content\" data-secret=\"4YH6mY9wMR\"><a href=\"https:\/\/kath-akademie-bayern.de\/en\/akademie\/kunst-in-der-akademie\/\">Kunst in der Akademie<\/a><\/blockquote><iframe sandbox=\"allow-scripts\" security=\"restricted\" src=\"https:\/\/kath-akademie-bayern.de\/en\/akademie\/kunst-in-der-akademie\/embed\/#?secret=4YH6mY9wMR\" width=\"600\" height=\"338\" title=\"&#8220;Kunst in der Akademie&#8221; &#8212; Katholische Akademie in Bayern\" data-secret=\"4YH6mY9wMR\" frameborder=\"0\" marginwidth=\"0\" marginheight=\"0\" scrolling=\"no\" class=\"wp-embedded-content\"><\/iframe><script type=\"text\/javascript\">\n\/* <![CDATA[ *\/\n\/*! This file is auto-generated *\/\n!function(d,l){\"use strict\";l.querySelector&&d.addEventListener&&\"undefined\"!=typeof URL&&(d.wp=d.wp||{},d.wp.receiveEmbedMessage||(d.wp.receiveEmbedMessage=function(e){var t=e.data;if((t||t.secret||t.message||t.value)&&!\/[^a-zA-Z0-9]\/.test(t.secret)){for(var s,r,n,a=l.querySelectorAll('iframe[data-secret=\"'+t.secret+'\"]'),o=l.querySelectorAll('blockquote[data-secret=\"'+t.secret+'\"]'),c=new RegExp(\"^https?:$\",\"i\"),i=0;i<o.length;i++)o[i].style.display=\"none\";for(i=0;i<a.length;i++)s=a[i],e.source===s.contentWindow&&(s.removeAttribute(\"style\"),\"height\"===t.message?(1e3<(r=parseInt(t.value,10))?r=1e3:~~r<200&&(r=200),s.height=r):\"link\"===t.message&&(r=new URL(s.getAttribute(\"src\")),n=new URL(t.value),c.test(n.protocol))&&n.host===r.host&&l.activeElement===s&&(d.top.location.href=t.value))}},d.addEventListener(\"message\",d.wp.receiveEmbedMessage,!1),l.addEventListener(\"DOMContentLoaded\",function(){for(var e,t,s=l.querySelectorAll(\"iframe.wp-embedded-content\"),r=0;r<s.length;r++)(t=(e=s[r]).getAttribute(\"data-secret\"))||(t=Math.random().toString(36).substring(2,12),e.src+=\"#?secret=\"+t,e.setAttribute(\"data-secret\",t)),e.contentWindow.postMessage({message:\"ready\",secret:t},\"*\")},!1)))}(window,document);\n\/\/# sourceURL=https:\/\/kath-akademie-bayern.de\/wp-includes\/js\/wp-embed.min.js\n\/* ]]> *\/\n<\/script>","thumbnail_url":"https:\/\/kath-akademie-bayern.de\/wp-content\/uploads\/Kath-Akad-Kunst-neubauer_0186_16-9-scaled.jpg","thumbnail_width":2560,"thumbnail_height":1440,"description":"Impressionen Kunst in der Akademie Von Markus L\u00fcpertz, den die Akademie 2017 anl\u00e4sslich des Jubil\u00e4ums \u201e60 Jahre Katholische Akademie Bayern\u201c zu einem Gespr\u00e4ch mit Bischof Friedhelm Hofmann nach Schweinfurt ins Museum Georg Sch\u00e4fer eingeladen hatte, stammt der Satz, \u201edass die Kirche nicht nur ein sozialer, den Psychologen ersetzender Hilfsverein ist, sondern, dass sie eine gro\u00dfe,&hellip;"}

Impressionen Kunst in der Akademie Von Markus Lüpertz, den die Akademie 2017 anlässlich des Jubiläums „60 Jahre Katholische Akademie Bayern“ zu einem Gespräch mit Bischof Friedhelm Hofmann nach Schweinfurt ins Museum Georg Schäfer eingeladen hatte, stammt der Satz, „dass die Kirche nicht nur ein sozialer, den Psychologen ersetzender Hilfsverein ist, sondern, dass sie eine große,&hellip;
