{"version":"1.0","provider_name":"Catholic Academy in Bavaria","provider_url":"https:\/\/kath-akademie-bayern.de\/en","title":"Judas - der Verr\u00e4ter - Katholische Akademie in Bayern","type":"rich","width":600,"height":338,"html":"<blockquote class=\"wp-embedded-content\" data-secret=\"8Aiem2tY52\"><a href=\"https:\/\/kath-akademie-bayern.de\/en\/mediathek-eintrag\/judas-der-verraeter\/\">Judas &#8211; der Verr\u00e4ter<\/a><\/blockquote><iframe sandbox=\"allow-scripts\" security=\"restricted\" src=\"https:\/\/kath-akademie-bayern.de\/en\/mediathek-eintrag\/judas-der-verraeter\/embed\/#?secret=8Aiem2tY52\" width=\"600\" height=\"338\" title=\"&#8220;Judas &#8211; der Verr\u00e4ter&#8221; &#8212; Katholische Akademie in Bayern\" data-secret=\"8Aiem2tY52\" frameborder=\"0\" marginwidth=\"0\" marginheight=\"0\" scrolling=\"no\" class=\"wp-embedded-content\"><\/iframe><script type=\"text\/javascript\">\n\/* <![CDATA[ *\/\n\/*! This file is auto-generated *\/\n!function(d,l){\"use strict\";l.querySelector&&d.addEventListener&&\"undefined\"!=typeof URL&&(d.wp=d.wp||{},d.wp.receiveEmbedMessage||(d.wp.receiveEmbedMessage=function(e){var t=e.data;if((t||t.secret||t.message||t.value)&&!\/[^a-zA-Z0-9]\/.test(t.secret)){for(var s,r,n,a=l.querySelectorAll('iframe[data-secret=\"'+t.secret+'\"]'),o=l.querySelectorAll('blockquote[data-secret=\"'+t.secret+'\"]'),c=new RegExp(\"^https?:$\",\"i\"),i=0;i<o.length;i++)o[i].style.display=\"none\";for(i=0;i<a.length;i++)s=a[i],e.source===s.contentWindow&&(s.removeAttribute(\"style\"),\"height\"===t.message?(1e3<(r=parseInt(t.value,10))?r=1e3:~~r<200&&(r=200),s.height=r):\"link\"===t.message&&(r=new URL(s.getAttribute(\"src\")),n=new URL(t.value),c.test(n.protocol))&&n.host===r.host&&l.activeElement===s&&(d.top.location.href=t.value))}},d.addEventListener(\"message\",d.wp.receiveEmbedMessage,!1),l.addEventListener(\"DOMContentLoaded\",function(){for(var e,t,s=l.querySelectorAll(\"iframe.wp-embedded-content\"),r=0;r<s.length;r++)(t=(e=s[r]).getAttribute(\"data-secret\"))||(t=Math.random().toString(36).substring(2,12),e.src+=\"#?secret=\"+t,e.setAttribute(\"data-secret\",t)),e.contentWindow.postMessage({message:\"ready\",secret:t},\"*\")},!1)))}(window,document);\n\/\/# sourceURL=https:\/\/kath-akademie-bayern.de\/wp-includes\/js\/wp-embed.min.js\n\/* ]]> *\/\n<\/script>","thumbnail_url":"https:\/\/kath-akademie-bayern.de\/wp-content\/uploads\/Theologie_Kirche_Spiritualitaet.jpg","thumbnail_width":872,"thumbnail_height":490,"description":"F\u00fcr die christliche Tradition ist Judas Iskariot der Problemj\u00fcnger schlechthin. Das demonstrieren die synoptischen Evangelien schon dort, wo sein Name zum ersten Mal f\u00e4llt, n\u00e4mlich bei der Aufz\u00e4hlung der Zw\u00f6lf um Jesus: Als ob man z\u00f6gern w\u00fcrde, diesen Namen \u00fcberhaupt in den Mund zu nehmen, wird Judas Iskariot als letzter nachgeschoben, nicht ohne an seine&hellip;"}

Judas - der Verräter - Katholische Akademie in Bayern

<blockquote class="wp-embedded-content" data-secret="8Aiem2tY52"><a href="https://kath-akademie-bayern.de/en/mediathek-eintrag/judas-der-verraeter/">Judas &#8211; der Verräter</a></blockquote><iframe sandbox="allow-scripts" security="restricted" src="https://kath-akademie-bayern.de/en/mediathek-eintrag/judas-der-verraeter/embed/#?secret=8Aiem2tY52" width="600" height="338" title="&#8220;Judas &#8211; der Verräter&#8221; &#8212; Katholische Akademie in Bayern" data-secret="8Aiem2tY52" frameborder="0" marginwidth="0" marginheight="0" scrolling="no" class="wp-embedded-content"></iframe><script type="text/javascript">
/* <![CDATA[ */
/*! This file is auto-generated */
!function(d,l){"use strict";l.querySelector&&d.addEventListener&&"undefined"!=typeof URL&&(d.wp=d.wp||{},d.wp.receiveEmbedMessage||(d.wp.receiveEmbedMessage=function(e){var t=e.data;if((t||t.secret||t.message||t.value)&&!/[^a-zA-Z0-9]/.test(t.secret)){for(var s,r,n,a=l.querySelectorAll('iframe[data-secret="'+t.secret+'"]'),o=l.querySelectorAll('blockquote[data-secret="'+t.secret+'"]'),c=new RegExp("^https?:$","i"),i=0;i<o.length;i++)o[i].style.display="none";for(i=0;i<a.length;i++)s=a[i],e.source===s.contentWindow&&(s.removeAttribute("style"),"height"===t.message?(1e3<(r=parseInt(t.value,10))?r=1e3:~~r<200&&(r=200),s.height=r):"link"===t.message&&(r=new URL(s.getAttribute("src")),n=new URL(t.value),c.test(n.protocol))&&n.host===r.host&&l.activeElement===s&&(d.top.location.href=t.value))}},d.addEventListener("message",d.wp.receiveEmbedMessage,!1),l.addEventListener("DOMContentLoaded",function(){for(var e,t,s=l.querySelectorAll("iframe.wp-embedded-content"),r=0;r<s.length;r++)(t=(e=s[r]).getAttribute("data-secret"))||(t=Math.random().toString(36).substring(2,12),e.src+="#?secret="+t,e.setAttribute("data-secret",t)),e.contentWindow.postMessage({message:"ready",secret:t},"*")},!1)))}(window,document);
//# sourceURL=https://kath-akademie-bayern.de/wp-includes/js/wp-embed.min.js
/* ]]> */
</script>

Für die christliche Tradition ist Judas Iskariot der Problemjünger schlechthin. Das demonstrieren die synoptischen Evangelien schon dort, wo sein Name zum ersten Mal fällt, nämlich bei der Aufzählung der Zwölf um Jesus: Als ob man zögern würde, diesen Namen überhaupt in den Mund zu nehmen, wird Judas Iskariot als letzter nachgeschoben, nicht ohne an seine&hellip;
