{"id":106001,"date":"2025-05-26T12:48:11","date_gmt":"2025-05-26T10:48:11","guid":{"rendered":"https:\/\/kath-akademie-bayern.de\/veranstaltung\/verleihung-oekumene-preis\/"},"modified":"2025-10-24T10:30:16","modified_gmt":"2025-10-24T08:30:16","slug":"verleihung-oekumene-preis","status":"publish","type":"event","link":"https:\/\/kath-akademie-bayern.de\/en\/veranstaltung\/verleihung-oekumene-preis\/","title":{"rendered":"Verleihung \u00d6kumene-Preis"},"content":{"rendered":"<p>In diesem Jahr werden die beiden Preise, die ein besonderes Engagement im Bereich der \u00d6kumene w\u00fcrdigen, gemeinsam vergeben. Die Katholische Akademie in Bayern und die Benediktinerabtei Niederaltaich haben vereinbart, in diesem Jahr den \u00d6kumenischen Patriarchen, Seine Heiligkeit Bartholom\u00e4us I. gleichzeitig mit dem \u00d6kumenischen Preis der Akademie und dem Abt-Emmanuel-Heufelder-Preis der Abtei auszuzeichnen. Der \u00d6kumenische Patriarch von Konstantinopel ist das Ehrenoberhaupt der Orthodoxen Kirchen weltweit, deren synodale Zusammenarbeit er koordiniert. Rechtlich unterstellt sind ihm neben seiner Ortskirche in der T\u00fcrkei auch der Athos und die griechischen Diasporakirchen.<\/p>\n<p>Die Auszeichnungen werden im Juni unter Anwesenheit des Preistr\u00e4gers in einer Zeremonie in der Katholischen Akademie in Bayern verliehen. Der Laudator der Preisverleihung ist der Vorsitzende des Zentralausschusses des \u201e\u00d6kumenischen Rates der Kirchen\u201c (\u00d6RK), Herr Landesbischof em. Prof. Dr. Heinrich Bedford-Strohm. Kardinal Reinhard Marx wird traditionell das Schlusswort zu der Zeremonie beitragen.<\/p>\n<p>In der Preisbegr\u00fcndung hei\u00dft es u.a. \u201eBartholom\u00e4us I. z\u00e4hlt innerhalb der Orthodoxie zu den engagiertesten Verfechtern einer echten \u00f6kumenischen Zusammenarbeit. Antiwestliche oder anti\u00f6kumenische Ressentiments sind ihm fremd. Eine solche Pr\u00e4senz der Orthodoxie in der Welt-\u00d6kumene bereichert auch die innerwestliche \u00d6kumene\u201c sowie \u201ePatriarch Bartholom\u00e4us pflegt beste Beziehungen zu Papst Franziskus, die in mehreren Begegnungen und gemeinsamen Verlautbarungen ihren Ausdruck fanden\u201c. Er werde auch als der \u201egr\u00fcne Patriarch\u201c bezeichnet, was eine weitere Parallele zu Papst Franziskus darstelle.<\/p>","protected":false},"excerpt":{"rendered":"<p>Patriarch Bartholom\u00e4us I. erh\u00e4lt \u201e\u00d6kumenischen Preis der Katholischen Akademie\u201c und \u201eAbt-Emmanuel-Heufelder-Preis\u201c<\/p>","protected":false},"author":2,"featured_media":105993,"menu_order":72,"template":"","meta":{"_relevanssi_hide_post":"","_relevanssi_hide_content":"","_relevanssi_pin_for_all":"","_relevanssi_pin_keywords":"","_relevanssi_unpin_keywords":"","_relevanssi_related_keywords":"","_relevanssi_related_include_ids":"","_relevanssi_related_exclude_ids":"","_relevanssi_related_no_append":"","_relevanssi_related_not_related":"","_relevanssi_related_posts":"","_relevanssi_noindex_reason":"","footnotes":""},"class_list":["post-106001","event","type-event","status-publish","has-post-thumbnail","hentry","event-category-theologie-kirche-spiritualitaet","focus-area-oekumene"],"yoast_head":"<!-- This site is optimized with the Yoast SEO plugin v27.4 - https:\/\/yoast.com\/product\/yoast-seo-wordpress\/ -->\n<title>Verleihung \u00d6kumene-Preis - Katholische Akademie in Bayern<\/title>\n<meta name=\"robots\" content=\"index, follow, max-snippet:-1, max-image-preview:large, max-video-preview:-1\" \/>\n<link rel=\"canonical\" href=\"https:\/\/kath-akademie-bayern.de\/en\/veranstaltung\/verleihung-oekumene-preis\/\" \/>\n<meta property=\"og:locale\" content=\"en_GB\" \/>\n<meta property=\"og:type\" content=\"article\" \/>\n<meta property=\"og:title\" content=\"Verleihung \u00d6kumene-Preis - Katholische Akademie in Bayern\" \/>\n<meta property=\"og:description\" content=\"Patriarch Bartholom\u00e4us I. erh\u00e4lt \u201e\u00d6kumenischen Preis der Katholischen Akademie\u201c und \u201eAbt-Emmanuel-Heufelder-Preis\u201c\" \/>\n<meta property=\"og:url\" content=\"https:\/\/kath-akademie-bayern.de\/en\/veranstaltung\/verleihung-oekumene-preis\/\" \/>\n<meta property=\"og:site_name\" content=\"Katholische Akademie in Bayern\" \/>\n<meta property=\"article:publisher\" content=\"https:\/\/www.facebook.com\/katholische.akademie.bayern\/\" \/>\n<meta property=\"article:modified_time\" content=\"2025-10-24T08:30:16+00:00\" \/>\n<meta property=\"og:image\" content=\"https:\/\/kath-akademie-bayern.de\/wp-content\/uploads\/2025-06-06.jpg\" \/>\n\t<meta property=\"og:image:width\" content=\"596\" \/>\n\t<meta property=\"og:image:height\" content=\"743\" \/>\n\t<meta property=\"og:image:type\" content=\"image\/jpeg\" \/>\n<meta name=\"twitter:card\" content=\"summary_large_image\" \/>\n<meta name=\"twitter:label1\" content=\"Estimated reading time\" \/>\n\t<meta name=\"twitter:data1\" content=\"2 minutes\" \/>\n<script type=\"application\/ld+json\" class=\"yoast-schema-graph\">{\"@context\":\"https:\\\/\\\/schema.org\",\"@graph\":[{\"@type\":\"WebPage\",\"@id\":\"https:\\\/\\\/kath-akademie-bayern.de\\\/veranstaltung\\\/verleihung-oekumene-preis\\\/\",\"url\":\"https:\\\/\\\/kath-akademie-bayern.de\\\/veranstaltung\\\/verleihung-oekumene-preis\\\/\",\"name\":\"Verleihung \u00d6kumene-Preis - Katholische Akademie in Bayern\",\"isPartOf\":{\"@id\":\"https:\\\/\\\/kath-akademie-bayern.de\\\/#website\"},\"primaryImageOfPage\":{\"@id\":\"https:\\\/\\\/kath-akademie-bayern.de\\\/veranstaltung\\\/verleihung-oekumene-preis\\\/#primaryimage\"},\"image\":{\"@id\":\"https:\\\/\\\/kath-akademie-bayern.de\\\/veranstaltung\\\/verleihung-oekumene-preis\\\/#primaryimage\"},\"thumbnailUrl\":\"https:\\\/\\\/kath-akademie-bayern.de\\\/wp-content\\\/uploads\\\/2025-06-06.jpg\",\"datePublished\":\"2025-05-26T10:48:11+00:00\",\"dateModified\":\"2025-10-24T08:30:16+00:00\",\"breadcrumb\":{\"@id\":\"https:\\\/\\\/kath-akademie-bayern.de\\\/veranstaltung\\\/verleihung-oekumene-preis\\\/#breadcrumb\"},\"inLanguage\":\"en-GB\",\"potentialAction\":[{\"@type\":\"ReadAction\",\"target\":[\"https:\\\/\\\/kath-akademie-bayern.de\\\/veranstaltung\\\/verleihung-oekumene-preis\\\/\"]}]},{\"@type\":\"ImageObject\",\"inLanguage\":\"en-GB\",\"@id\":\"https:\\\/\\\/kath-akademie-bayern.de\\\/veranstaltung\\\/verleihung-oekumene-preis\\\/#primaryimage\",\"url\":\"https:\\\/\\\/kath-akademie-bayern.de\\\/wp-content\\\/uploads\\\/2025-06-06.jpg\",\"contentUrl\":\"https:\\\/\\\/kath-akademie-bayern.de\\\/wp-content\\\/uploads\\\/2025-06-06.jpg\",\"width\":596,\"height\":743},{\"@type\":\"BreadcrumbList\",\"@id\":\"https:\\\/\\\/kath-akademie-bayern.de\\\/veranstaltung\\\/verleihung-oekumene-preis\\\/#breadcrumb\",\"itemListElement\":[{\"@type\":\"ListItem\",\"position\":1,\"name\":\"Startseite\",\"item\":\"https:\\\/\\\/kath-akademie-bayern.de\\\/\"},{\"@type\":\"ListItem\",\"position\":2,\"name\":\"Verleihung \u00d6kumene-Preis\"}]},{\"@type\":\"WebSite\",\"@id\":\"https:\\\/\\\/kath-akademie-bayern.de\\\/#website\",\"url\":\"https:\\\/\\\/kath-akademie-bayern.de\\\/\",\"name\":\"Katholische Akademie in Bayern\",\"description\":\"Kirche braucht Debatte: \u201ekatholisch\u201c mit Blick auf das Ganze \u2013 und \u201eakademisch\u201c im Vertrauen auf die Kraft der Argumente\",\"publisher\":{\"@id\":\"https:\\\/\\\/kath-akademie-bayern.de\\\/#organization\"},\"potentialAction\":[{\"@type\":\"SearchAction\",\"target\":{\"@type\":\"EntryPoint\",\"urlTemplate\":\"https:\\\/\\\/kath-akademie-bayern.de\\\/?s={search_term_string}\"},\"query-input\":{\"@type\":\"PropertyValueSpecification\",\"valueRequired\":true,\"valueName\":\"search_term_string\"}}],\"inLanguage\":\"en-GB\"},{\"@type\":\"Organization\",\"@id\":\"https:\\\/\\\/kath-akademie-bayern.de\\\/#organization\",\"name\":\"Katholische Akademie in Bayern\",\"url\":\"https:\\\/\\\/kath-akademie-bayern.de\\\/\",\"logo\":{\"@type\":\"ImageObject\",\"inLanguage\":\"en-GB\",\"@id\":\"https:\\\/\\\/kath-akademie-bayern.de\\\/#\\\/schema\\\/logo\\\/image\\\/\",\"url\":\"https:\\\/\\\/kath-akademie-bayern.de\\\/wp-content\\\/uploads\\\/Menue-Logo-Home@2x.png\",\"contentUrl\":\"https:\\\/\\\/kath-akademie-bayern.de\\\/wp-content\\\/uploads\\\/Menue-Logo-Home@2x.png\",\"width\":496,\"height\":216,\"caption\":\"Katholische Akademie in Bayern\"},\"image\":{\"@id\":\"https:\\\/\\\/kath-akademie-bayern.de\\\/#\\\/schema\\\/logo\\\/image\\\/\"},\"sameAs\":[\"https:\\\/\\\/www.facebook.com\\\/katholische.akademie.bayern\\\/\"]}]}<\/script>\n<!-- \/ Yoast SEO plugin. -->","yoast_head_json":{"title":"Verleihung \u00d6kumene-Preis - Katholische Akademie in Bayern","robots":{"index":"index","follow":"follow","max-snippet":"max-snippet:-1","max-image-preview":"max-image-preview:large","max-video-preview":"max-video-preview:-1"},"canonical":"https:\/\/kath-akademie-bayern.de\/en\/veranstaltung\/verleihung-oekumene-preis\/","og_locale":"en_GB","og_type":"article","og_title":"Verleihung \u00d6kumene-Preis - Katholische Akademie in Bayern","og_description":"Patriarch Bartholom\u00e4us I. erh\u00e4lt \u201e\u00d6kumenischen Preis der Katholischen Akademie\u201c und \u201eAbt-Emmanuel-Heufelder-Preis\u201c","og_url":"https:\/\/kath-akademie-bayern.de\/en\/veranstaltung\/verleihung-oekumene-preis\/","og_site_name":"Katholische Akademie in Bayern","article_publisher":"https:\/\/www.facebook.com\/katholische.akademie.bayern\/","article_modified_time":"2025-10-24T08:30:16+00:00","og_image":[{"width":596,"height":743,"url":"https:\/\/kath-akademie-bayern.de\/wp-content\/uploads\/2025-06-06.jpg","type":"image\/jpeg"}],"twitter_card":"summary_large_image","twitter_misc":{"Estimated reading time":"2 minutes"},"schema":{"@context":"https:\/\/schema.org","@graph":[{"@type":"WebPage","@id":"https:\/\/kath-akademie-bayern.de\/veranstaltung\/verleihung-oekumene-preis\/","url":"https:\/\/kath-akademie-bayern.de\/veranstaltung\/verleihung-oekumene-preis\/","name":"Verleihung \u00d6kumene-Preis - Katholische Akademie in Bayern","isPartOf":{"@id":"https:\/\/kath-akademie-bayern.de\/#website"},"primaryImageOfPage":{"@id":"https:\/\/kath-akademie-bayern.de\/veranstaltung\/verleihung-oekumene-preis\/#primaryimage"},"image":{"@id":"https:\/\/kath-akademie-bayern.de\/veranstaltung\/verleihung-oekumene-preis\/#primaryimage"},"thumbnailUrl":"https:\/\/kath-akademie-bayern.de\/wp-content\/uploads\/2025-06-06.jpg","datePublished":"2025-05-26T10:48:11+00:00","dateModified":"2025-10-24T08:30:16+00:00","breadcrumb":{"@id":"https:\/\/kath-akademie-bayern.de\/veranstaltung\/verleihung-oekumene-preis\/#breadcrumb"},"inLanguage":"en-GB","potentialAction":[{"@type":"ReadAction","target":["https:\/\/kath-akademie-bayern.de\/veranstaltung\/verleihung-oekumene-preis\/"]}]},{"@type":"ImageObject","inLanguage":"en-GB","@id":"https:\/\/kath-akademie-bayern.de\/veranstaltung\/verleihung-oekumene-preis\/#primaryimage","url":"https:\/\/kath-akademie-bayern.de\/wp-content\/uploads\/2025-06-06.jpg","contentUrl":"https:\/\/kath-akademie-bayern.de\/wp-content\/uploads\/2025-06-06.jpg","width":596,"height":743},{"@type":"BreadcrumbList","@id":"https:\/\/kath-akademie-bayern.de\/veranstaltung\/verleihung-oekumene-preis\/#breadcrumb","itemListElement":[{"@type":"ListItem","position":1,"name":"Startseite","item":"https:\/\/kath-akademie-bayern.de\/"},{"@type":"ListItem","position":2,"name":"Verleihung \u00d6kumene-Preis"}]},{"@type":"WebSite","@id":"https:\/\/kath-akademie-bayern.de\/#website","url":"https:\/\/kath-akademie-bayern.de\/","name":"Catholic Academy in Bavaria","description":"Church needs debate: \"catholic\" looking at the whole - and \"academic\" trusting in the power of arguments","publisher":{"@id":"https:\/\/kath-akademie-bayern.de\/#organization"},"potentialAction":[{"@type":"SearchAction","target":{"@type":"EntryPoint","urlTemplate":"https:\/\/kath-akademie-bayern.de\/?s={search_term_string}"},"query-input":{"@type":"PropertyValueSpecification","valueRequired":true,"valueName":"search_term_string"}}],"inLanguage":"en-GB"},{"@type":"Organization","@id":"https:\/\/kath-akademie-bayern.de\/#organization","name":"Catholic Academy in Bavaria","url":"https:\/\/kath-akademie-bayern.de\/","logo":{"@type":"ImageObject","inLanguage":"en-GB","@id":"https:\/\/kath-akademie-bayern.de\/#\/schema\/logo\/image\/","url":"https:\/\/kath-akademie-bayern.de\/wp-content\/uploads\/Menue-Logo-Home@2x.png","contentUrl":"https:\/\/kath-akademie-bayern.de\/wp-content\/uploads\/Menue-Logo-Home@2x.png","width":496,"height":216,"caption":"Katholische Akademie in Bayern"},"image":{"@id":"https:\/\/kath-akademie-bayern.de\/#\/schema\/logo\/image\/"},"sameAs":["https:\/\/www.facebook.com\/katholische.akademie.bayern\/"]}]}},"_links":{"self":[{"href":"https:\/\/kath-akademie-bayern.de\/en\/wp-json\/wp\/v2\/event\/106001","targetHints":{"allow":["GET"]}}],"collection":[{"href":"https:\/\/kath-akademie-bayern.de\/en\/wp-json\/wp\/v2\/event"}],"about":[{"href":"https:\/\/kath-akademie-bayern.de\/en\/wp-json\/wp\/v2\/types\/event"}],"author":[{"embeddable":true,"href":"https:\/\/kath-akademie-bayern.de\/en\/wp-json\/wp\/v2\/users\/2"}],"version-history":[{"count":7,"href":"https:\/\/kath-akademie-bayern.de\/en\/wp-json\/wp\/v2\/event\/106001\/revisions"}],"predecessor-version":[{"id":109597,"href":"https:\/\/kath-akademie-bayern.de\/en\/wp-json\/wp\/v2\/event\/106001\/revisions\/109597"}],"wp:featuredmedia":[{"embeddable":true,"href":"https:\/\/kath-akademie-bayern.de\/en\/wp-json\/wp\/v2\/media\/105993"}],"wp:attachment":[{"href":"https:\/\/kath-akademie-bayern.de\/en\/wp-json\/wp\/v2\/media?parent=106001"}],"curies":[{"name":"wp","href":"https:\/\/api.w.org\/{rel}","templated":true}]}}

Verleihung Ökumene-Preis

<p>In diesem Jahr werden die beiden Preise, die ein besonderes Engagement im Bereich der Ökumene würdigen, gemeinsam vergeben. Die Katholische Akademie in Bayern und die Benediktinerabtei Niederaltaich haben vereinbart, in diesem Jahr den Ökumenischen Patriarchen, Seine Heiligkeit Bartholomäus I. gleichzeitig mit dem Ökumenischen Preis der Akademie und dem Abt-Emmanuel-Heufelder-Preis der Abtei auszuzeichnen. Der Ökumenische Patriarch von Konstantinopel ist das Ehrenoberhaupt der Orthodoxen Kirchen weltweit, deren synodale Zusammenarbeit er koordiniert. Rechtlich unterstellt sind ihm neben seiner Ortskirche in der Türkei auch der Athos und die griechischen Diasporakirchen.</p>
<p>Die Auszeichnungen werden im Juni unter Anwesenheit des Preisträgers in einer Zeremonie in der Katholischen Akademie in Bayern verliehen. Der Laudator der Preisverleihung ist der Vorsitzende des Zentralausschusses des „Ökumenischen Rates der Kirchen“ (ÖRK), Herr Landesbischof em. Prof. Dr. Heinrich Bedford-Strohm. Kardinal Reinhard Marx wird traditionell das Schlusswort zu der Zeremonie beitragen.</p>
<p>In der Preisbegründung heißt es u.a. „Bartholomäus I. zählt innerhalb der Orthodoxie zu den engagiertesten Verfechtern einer echten ökumenischen Zusammenarbeit. Antiwestliche oder antiökumenische Ressentiments sind ihm fremd. Eine solche Präsenz der Orthodoxie in der Welt-Ökumene bereichert auch die innerwestliche Ökumene“ sowie „Patriarch Bartholomäus pflegt beste Beziehungen zu Papst Franziskus, die in mehreren Begegnungen und gemeinsamen Verlautbarungen ihren Ausdruck fanden“. Er werde auch als der „grüne Patriarch“ bezeichnet, was eine weitere Parallele zu Papst Franziskus darstelle.</p>

<p>Patriarch Bartholomäus I. erhält „Ökumenischen Preis der Katholischen Akademie“ und „Abt-Emmanuel-Heufelder-Preis“</p>

<!-- This site is optimized with the Yoast SEO plugin v27.4 - https://yoast.com/product/yoast-seo-wordpress/ -->
<title>Verleihung Ökumene-Preis - Katholische Akademie in Bayern</title>
<meta name="robots" content="index, follow, max-snippet:-1, max-image-preview:large, max-video-preview:-1" />
<link rel="canonical" href="https://kath-akademie-bayern.de/en/veranstaltung/verleihung-oekumene-preis/" />
<meta property="og:locale" content="en_GB" />
<meta property="og:type" content="article" />
<meta property="og:title" content="Verleihung Ökumene-Preis - Katholische Akademie in Bayern" />
<meta property="og:description" content="Patriarch Bartholomäus I. erhält „Ökumenischen Preis der Katholischen Akademie“ und „Abt-Emmanuel-Heufelder-Preis“" />
<meta property="og:url" content="https://kath-akademie-bayern.de/en/veranstaltung/verleihung-oekumene-preis/" />
<meta property="og:site_name" content="Katholische Akademie in Bayern" />
<meta property="article:publisher" content="https://www.facebook.com/katholische.akademie.bayern/" />
<meta property="article:modified_time" content="2025-10-24T08:30:16+00:00" />
<meta property="og:image" content="https://kath-akademie-bayern.de/wp-content/uploads/2025-06-06.jpg" />
	<meta property="og:image:width" content="596" />
	<meta property="og:image:height" content="743" />
	<meta property="og:image:type" content="image/jpeg" />
<meta name="twitter:card" content="summary_large_image" />
<meta name="twitter:label1" content="Estimated reading time" />
	<meta name="twitter:data1" content="2 minutes" />
<script type="application/ld+json" class="yoast-schema-graph">{"@context":"https:\/\/schema.org","@graph":[{"@type":"WebPage","@id":"https:\/\/kath-akademie-bayern.de\/veranstaltung\/verleihung-oekumene-preis\/","url":"https:\/\/kath-akademie-bayern.de\/veranstaltung\/verleihung-oekumene-preis\/","name":"Verleihung Ökumene-Preis - Katholische Akademie in Bayern","isPartOf":{"@id":"https:\/\/kath-akademie-bayern.de\/#website"},"primaryImageOfPage":{"@id":"https:\/\/kath-akademie-bayern.de\/veranstaltung\/verleihung-oekumene-preis\/#primaryimage"},"image":{"@id":"https:\/\/kath-akademie-bayern.de\/veranstaltung\/verleihung-oekumene-preis\/#primaryimage"},"thumbnailUrl":"https:\/\/kath-akademie-bayern.de\/wp-content\/uploads\/2025-06-06.jpg","datePublished":"2025-05-26T10:48:11+00:00","dateModified":"2025-10-24T08:30:16+00:00","breadcrumb":{"@id":"https:\/\/kath-akademie-bayern.de\/veranstaltung\/verleihung-oekumene-preis\/#breadcrumb"},"inLanguage":"en-GB","potentialAction":[{"@type":"ReadAction","target":["https:\/\/kath-akademie-bayern.de\/veranstaltung\/verleihung-oekumene-preis\/"]}]},{"@type":"ImageObject","inLanguage":"en-GB","@id":"https:\/\/kath-akademie-bayern.de\/veranstaltung\/verleihung-oekumene-preis\/#primaryimage","url":"https:\/\/kath-akademie-bayern.de\/wp-content\/uploads\/2025-06-06.jpg","contentUrl":"https:\/\/kath-akademie-bayern.de\/wp-content\/uploads\/2025-06-06.jpg","width":596,"height":743},{"@type":"BreadcrumbList","@id":"https:\/\/kath-akademie-bayern.de\/veranstaltung\/verleihung-oekumene-preis\/#breadcrumb","itemListElement":[{"@type":"ListItem","position":1,"name":"Startseite","item":"https:\/\/kath-akademie-bayern.de\/"},{"@type":"ListItem","position":2,"name":"Verleihung Ökumene-Preis"}]},{"@type":"WebSite","@id":"https:\/\/kath-akademie-bayern.de\/#website","url":"https:\/\/kath-akademie-bayern.de\/","name":"Katholische Akademie in Bayern","description":"Kirche braucht Debatte: „katholisch“ mit Blick auf das Ganze – und „akademisch“ im Vertrauen auf die Kraft der Argumente","publisher":{"@id":"https:\/\/kath-akademie-bayern.de\/#organization"},"potentialAction":[{"@type":"SearchAction","target":{"@type":"EntryPoint","urlTemplate":"https:\/\/kath-akademie-bayern.de\/?s={search_term_string}"},"query-input":{"@type":"PropertyValueSpecification","valueRequired":true,"valueName":"search_term_string"}}],"inLanguage":"en-GB"},{"@type":"Organization","@id":"https:\/\/kath-akademie-bayern.de\/#organization","name":"Katholische Akademie in Bayern","url":"https:\/\/kath-akademie-bayern.de\/","logo":{"@type":"ImageObject","inLanguage":"en-GB","@id":"https:\/\/kath-akademie-bayern.de\/#\/schema\/logo\/image\/","url":"https:\/\/kath-akademie-bayern.de\/wp-content\/uploads\/Menue-Logo-Home@2x.png","contentUrl":"https:\/\/kath-akademie-bayern.de\/wp-content\/uploads\/Menue-Logo-Home@2x.png","width":496,"height":216,"caption":"Katholische Akademie in Bayern"},"image":{"@id":"https:\/\/kath-akademie-bayern.de\/#\/schema\/logo\/image\/"},"sameAs":["https:\/\/www.facebook.com\/katholische.akademie.bayern\/"]}]}</script>
<!-- / Yoast SEO plugin. -->

Verleihung Ökumene-Preis - Katholische Akademie in Bayern

Patriarch Bartholomäus I. erhält „Ökumenischen Preis der Katholischen Akademie“ und „Abt-Emmanuel-Heufelder-Preis“
