{"id":106838,"date":"2025-06-11T13:00:35","date_gmt":"2025-06-11T11:00:35","guid":{"rendered":"https:\/\/kath-akademie-bayern.de\/veranstaltung\/akademiegespraech-am-mittag\/"},"modified":"2025-11-13T08:48:50","modified_gmt":"2025-11-13T07:48:50","slug":"akademiegespraech-am-mittag","status":"publish","type":"event","link":"https:\/\/kath-akademie-bayern.de\/en\/veranstaltung\/akademiegespraech-am-mittag\/","title":{"rendered":"Akademiegespr\u00e4ch am Mittag"},"content":{"rendered":"<p>In diesem Jahr steht ein besonderes Jubil\u00e4um an: 325, vor 1700 Jahren, fand das Erste \u00d6kumenische Konzil in Niz\u00e4a statt. Damals trafen sich, auf Einladung von Kaiser Konstantin, Bisch\u00f6fe aus aller Welt, um wichtige Glaubensfragen zu diskutieren. Es ging um ein gemeinsames Osterdatum der verschiedenen christlichen Richtungen oder, am wichtigsten, um die Gottheit von Jesus Christus.<br \/>\n\u00dcber das Konzil, seine bis heute reichenden Auswirkungen und speziell die christologischen Aspekte sprechen P. Dr. Andreas Batlogg SJ, der vor kurzem dazu das Buch &#8222;Jesus glauben&#8220; ver\u00f6ffentlich hat, sowie Prof. Dr. Hans-Georg Gradl, Neutestamentler an der Universit\u00e4t Trier, der an der Katholischen Akademie bei den Biblischen Tagen 2026 (30. M\u00e4rz bis 1. April) das Thema &#8222;Jesus (Christus)&#8220; aufgreifen wird.<\/p>","protected":false},"excerpt":{"rendered":"<p>1700 Jahre Niz\u00e4a: Christologische Perspektiven<\/p>","protected":false},"author":5,"featured_media":106847,"menu_order":70,"template":"","meta":{"_relevanssi_hide_post":"","_relevanssi_hide_content":"","_relevanssi_pin_for_all":"","_relevanssi_pin_keywords":"","_relevanssi_unpin_keywords":"","_relevanssi_related_keywords":"","_relevanssi_related_include_ids":"","_relevanssi_related_exclude_ids":"","_relevanssi_related_no_append":"","_relevanssi_related_not_related":"","_relevanssi_related_posts":"","_relevanssi_noindex_reason":"","footnotes":""},"class_list":["post-106838","event","type-event","status-publish","has-post-thumbnail","hentry","event-category-theologie-kirche-spiritualitaet","focus-area-akademiegespraech-am-mittag","focus-area-kirche-in-der-geschichte"],"yoast_head":"<!-- This site is optimized with the Yoast SEO plugin v27.4 - https:\/\/yoast.com\/product\/yoast-seo-wordpress\/ -->\n<title>Akademiegespr\u00e4ch am Mittag - Katholische Akademie in Bayern<\/title>\n<meta name=\"robots\" content=\"index, follow, max-snippet:-1, max-image-preview:large, max-video-preview:-1\" \/>\n<link rel=\"canonical\" href=\"https:\/\/kath-akademie-bayern.de\/en\/veranstaltung\/akademiegespraech-am-mittag\/\" \/>\n<meta property=\"og:locale\" content=\"en_GB\" \/>\n<meta property=\"og:type\" content=\"article\" \/>\n<meta property=\"og:title\" content=\"Akademiegespr\u00e4ch am Mittag - Katholische Akademie in Bayern\" \/>\n<meta property=\"og:description\" content=\"1700 Jahre Niz\u00e4a: Christologische Perspektiven\" \/>\n<meta property=\"og:url\" content=\"https:\/\/kath-akademie-bayern.de\/en\/veranstaltung\/akademiegespraech-am-mittag\/\" \/>\n<meta property=\"og:site_name\" content=\"Katholische Akademie in Bayern\" \/>\n<meta property=\"article:publisher\" content=\"https:\/\/www.facebook.com\/katholische.akademie.bayern\/\" \/>\n<meta property=\"article:modified_time\" content=\"2025-11-13T07:48:50+00:00\" \/>\n<meta property=\"og:image\" content=\"https:\/\/kath-akademie-bayern.de\/wp-content\/uploads\/2025-06-25.jpg\" \/>\n\t<meta property=\"og:image:width\" content=\"800\" \/>\n\t<meta property=\"og:image:height\" content=\"450\" \/>\n\t<meta property=\"og:image:type\" content=\"image\/jpeg\" \/>\n<meta name=\"twitter:card\" content=\"summary_large_image\" \/>\n<meta name=\"twitter:label1\" content=\"Estimated reading time\" \/>\n\t<meta name=\"twitter:data1\" content=\"1 minute\" \/>\n<script type=\"application\/ld+json\" class=\"yoast-schema-graph\">{\"@context\":\"https:\\\/\\\/schema.org\",\"@graph\":[{\"@type\":\"WebPage\",\"@id\":\"https:\\\/\\\/kath-akademie-bayern.de\\\/veranstaltung\\\/akademiegespraech-am-mittag\\\/\",\"url\":\"https:\\\/\\\/kath-akademie-bayern.de\\\/veranstaltung\\\/akademiegespraech-am-mittag\\\/\",\"name\":\"Akademiegespr\u00e4ch am Mittag - Katholische Akademie in Bayern\",\"isPartOf\":{\"@id\":\"https:\\\/\\\/kath-akademie-bayern.de\\\/#website\"},\"primaryImageOfPage\":{\"@id\":\"https:\\\/\\\/kath-akademie-bayern.de\\\/veranstaltung\\\/akademiegespraech-am-mittag\\\/#primaryimage\"},\"image\":{\"@id\":\"https:\\\/\\\/kath-akademie-bayern.de\\\/veranstaltung\\\/akademiegespraech-am-mittag\\\/#primaryimage\"},\"thumbnailUrl\":\"https:\\\/\\\/kath-akademie-bayern.de\\\/wp-content\\\/uploads\\\/2025-06-25.jpg\",\"datePublished\":\"2025-06-11T11:00:35+00:00\",\"dateModified\":\"2025-11-13T07:48:50+00:00\",\"breadcrumb\":{\"@id\":\"https:\\\/\\\/kath-akademie-bayern.de\\\/veranstaltung\\\/akademiegespraech-am-mittag\\\/#breadcrumb\"},\"inLanguage\":\"en-GB\",\"potentialAction\":[{\"@type\":\"ReadAction\",\"target\":[\"https:\\\/\\\/kath-akademie-bayern.de\\\/veranstaltung\\\/akademiegespraech-am-mittag\\\/\"]}]},{\"@type\":\"ImageObject\",\"inLanguage\":\"en-GB\",\"@id\":\"https:\\\/\\\/kath-akademie-bayern.de\\\/veranstaltung\\\/akademiegespraech-am-mittag\\\/#primaryimage\",\"url\":\"https:\\\/\\\/kath-akademie-bayern.de\\\/wp-content\\\/uploads\\\/2025-06-25.jpg\",\"contentUrl\":\"https:\\\/\\\/kath-akademie-bayern.de\\\/wp-content\\\/uploads\\\/2025-06-25.jpg\",\"width\":800,\"height\":450},{\"@type\":\"BreadcrumbList\",\"@id\":\"https:\\\/\\\/kath-akademie-bayern.de\\\/veranstaltung\\\/akademiegespraech-am-mittag\\\/#breadcrumb\",\"itemListElement\":[{\"@type\":\"ListItem\",\"position\":1,\"name\":\"Startseite\",\"item\":\"https:\\\/\\\/kath-akademie-bayern.de\\\/\"},{\"@type\":\"ListItem\",\"position\":2,\"name\":\"Akademiegespr\u00e4ch am Mittag\"}]},{\"@type\":\"WebSite\",\"@id\":\"https:\\\/\\\/kath-akademie-bayern.de\\\/#website\",\"url\":\"https:\\\/\\\/kath-akademie-bayern.de\\\/\",\"name\":\"Katholische Akademie in Bayern\",\"description\":\"Kirche braucht Debatte: \u201ekatholisch\u201c mit Blick auf das Ganze \u2013 und \u201eakademisch\u201c im Vertrauen auf die Kraft der Argumente\",\"publisher\":{\"@id\":\"https:\\\/\\\/kath-akademie-bayern.de\\\/#organization\"},\"potentialAction\":[{\"@type\":\"SearchAction\",\"target\":{\"@type\":\"EntryPoint\",\"urlTemplate\":\"https:\\\/\\\/kath-akademie-bayern.de\\\/?s={search_term_string}\"},\"query-input\":{\"@type\":\"PropertyValueSpecification\",\"valueRequired\":true,\"valueName\":\"search_term_string\"}}],\"inLanguage\":\"en-GB\"},{\"@type\":\"Organization\",\"@id\":\"https:\\\/\\\/kath-akademie-bayern.de\\\/#organization\",\"name\":\"Katholische Akademie in Bayern\",\"url\":\"https:\\\/\\\/kath-akademie-bayern.de\\\/\",\"logo\":{\"@type\":\"ImageObject\",\"inLanguage\":\"en-GB\",\"@id\":\"https:\\\/\\\/kath-akademie-bayern.de\\\/#\\\/schema\\\/logo\\\/image\\\/\",\"url\":\"https:\\\/\\\/kath-akademie-bayern.de\\\/wp-content\\\/uploads\\\/Menue-Logo-Home@2x.png\",\"contentUrl\":\"https:\\\/\\\/kath-akademie-bayern.de\\\/wp-content\\\/uploads\\\/Menue-Logo-Home@2x.png\",\"width\":496,\"height\":216,\"caption\":\"Katholische Akademie in Bayern\"},\"image\":{\"@id\":\"https:\\\/\\\/kath-akademie-bayern.de\\\/#\\\/schema\\\/logo\\\/image\\\/\"},\"sameAs\":[\"https:\\\/\\\/www.facebook.com\\\/katholische.akademie.bayern\\\/\"]}]}<\/script>\n<!-- \/ Yoast SEO plugin. -->","yoast_head_json":{"title":"Akademiegespr\u00e4ch am Mittag - Katholische Akademie in Bayern","robots":{"index":"index","follow":"follow","max-snippet":"max-snippet:-1","max-image-preview":"max-image-preview:large","max-video-preview":"max-video-preview:-1"},"canonical":"https:\/\/kath-akademie-bayern.de\/en\/veranstaltung\/akademiegespraech-am-mittag\/","og_locale":"en_GB","og_type":"article","og_title":"Akademiegespr\u00e4ch am Mittag - Katholische Akademie in Bayern","og_description":"1700 Jahre Niz\u00e4a: Christologische Perspektiven","og_url":"https:\/\/kath-akademie-bayern.de\/en\/veranstaltung\/akademiegespraech-am-mittag\/","og_site_name":"Katholische Akademie in Bayern","article_publisher":"https:\/\/www.facebook.com\/katholische.akademie.bayern\/","article_modified_time":"2025-11-13T07:48:50+00:00","og_image":[{"width":800,"height":450,"url":"https:\/\/kath-akademie-bayern.de\/wp-content\/uploads\/2025-06-25.jpg","type":"image\/jpeg"}],"twitter_card":"summary_large_image","twitter_misc":{"Estimated reading time":"1 minute"},"schema":{"@context":"https:\/\/schema.org","@graph":[{"@type":"WebPage","@id":"https:\/\/kath-akademie-bayern.de\/veranstaltung\/akademiegespraech-am-mittag\/","url":"https:\/\/kath-akademie-bayern.de\/veranstaltung\/akademiegespraech-am-mittag\/","name":"Akademiegespr\u00e4ch am Mittag - Katholische Akademie in Bayern","isPartOf":{"@id":"https:\/\/kath-akademie-bayern.de\/#website"},"primaryImageOfPage":{"@id":"https:\/\/kath-akademie-bayern.de\/veranstaltung\/akademiegespraech-am-mittag\/#primaryimage"},"image":{"@id":"https:\/\/kath-akademie-bayern.de\/veranstaltung\/akademiegespraech-am-mittag\/#primaryimage"},"thumbnailUrl":"https:\/\/kath-akademie-bayern.de\/wp-content\/uploads\/2025-06-25.jpg","datePublished":"2025-06-11T11:00:35+00:00","dateModified":"2025-11-13T07:48:50+00:00","breadcrumb":{"@id":"https:\/\/kath-akademie-bayern.de\/veranstaltung\/akademiegespraech-am-mittag\/#breadcrumb"},"inLanguage":"en-GB","potentialAction":[{"@type":"ReadAction","target":["https:\/\/kath-akademie-bayern.de\/veranstaltung\/akademiegespraech-am-mittag\/"]}]},{"@type":"ImageObject","inLanguage":"en-GB","@id":"https:\/\/kath-akademie-bayern.de\/veranstaltung\/akademiegespraech-am-mittag\/#primaryimage","url":"https:\/\/kath-akademie-bayern.de\/wp-content\/uploads\/2025-06-25.jpg","contentUrl":"https:\/\/kath-akademie-bayern.de\/wp-content\/uploads\/2025-06-25.jpg","width":800,"height":450},{"@type":"BreadcrumbList","@id":"https:\/\/kath-akademie-bayern.de\/veranstaltung\/akademiegespraech-am-mittag\/#breadcrumb","itemListElement":[{"@type":"ListItem","position":1,"name":"Startseite","item":"https:\/\/kath-akademie-bayern.de\/"},{"@type":"ListItem","position":2,"name":"Akademiegespr\u00e4ch am Mittag"}]},{"@type":"WebSite","@id":"https:\/\/kath-akademie-bayern.de\/#website","url":"https:\/\/kath-akademie-bayern.de\/","name":"Catholic Academy in Bavaria","description":"Church needs debate: \"catholic\" looking at the whole - and \"academic\" trusting in the power of arguments","publisher":{"@id":"https:\/\/kath-akademie-bayern.de\/#organization"},"potentialAction":[{"@type":"SearchAction","target":{"@type":"EntryPoint","urlTemplate":"https:\/\/kath-akademie-bayern.de\/?s={search_term_string}"},"query-input":{"@type":"PropertyValueSpecification","valueRequired":true,"valueName":"search_term_string"}}],"inLanguage":"en-GB"},{"@type":"Organization","@id":"https:\/\/kath-akademie-bayern.de\/#organization","name":"Catholic Academy in Bavaria","url":"https:\/\/kath-akademie-bayern.de\/","logo":{"@type":"ImageObject","inLanguage":"en-GB","@id":"https:\/\/kath-akademie-bayern.de\/#\/schema\/logo\/image\/","url":"https:\/\/kath-akademie-bayern.de\/wp-content\/uploads\/Menue-Logo-Home@2x.png","contentUrl":"https:\/\/kath-akademie-bayern.de\/wp-content\/uploads\/Menue-Logo-Home@2x.png","width":496,"height":216,"caption":"Katholische Akademie in Bayern"},"image":{"@id":"https:\/\/kath-akademie-bayern.de\/#\/schema\/logo\/image\/"},"sameAs":["https:\/\/www.facebook.com\/katholische.akademie.bayern\/"]}]}},"_links":{"self":[{"href":"https:\/\/kath-akademie-bayern.de\/en\/wp-json\/wp\/v2\/event\/106838","targetHints":{"allow":["GET"]}}],"collection":[{"href":"https:\/\/kath-akademie-bayern.de\/en\/wp-json\/wp\/v2\/event"}],"about":[{"href":"https:\/\/kath-akademie-bayern.de\/en\/wp-json\/wp\/v2\/types\/event"}],"author":[{"embeddable":true,"href":"https:\/\/kath-akademie-bayern.de\/en\/wp-json\/wp\/v2\/users\/5"}],"version-history":[{"count":1,"href":"https:\/\/kath-akademie-bayern.de\/en\/wp-json\/wp\/v2\/event\/106838\/revisions"}],"predecessor-version":[{"id":106841,"href":"https:\/\/kath-akademie-bayern.de\/en\/wp-json\/wp\/v2\/event\/106838\/revisions\/106841"}],"wp:featuredmedia":[{"embeddable":true,"href":"https:\/\/kath-akademie-bayern.de\/en\/wp-json\/wp\/v2\/media\/106847"}],"wp:attachment":[{"href":"https:\/\/kath-akademie-bayern.de\/en\/wp-json\/wp\/v2\/media?parent=106838"}],"curies":[{"name":"wp","href":"https:\/\/api.w.org\/{rel}","templated":true}]}}

Akademiegespräch am Mittag

<p>In diesem Jahr steht ein besonderes Jubiläum an: 325, vor 1700 Jahren, fand das Erste Ökumenische Konzil in Nizäa statt. Damals trafen sich, auf Einladung von Kaiser Konstantin, Bischöfe aus aller Welt, um wichtige Glaubensfragen zu diskutieren. Es ging um ein gemeinsames Osterdatum der verschiedenen christlichen Richtungen oder, am wichtigsten, um die Gottheit von Jesus Christus.<br />
Über das Konzil, seine bis heute reichenden Auswirkungen und speziell die christologischen Aspekte sprechen P. Dr. Andreas Batlogg SJ, der vor kurzem dazu das Buch &#8222;Jesus glauben&#8220; veröffentlich hat, sowie Prof. Dr. Hans-Georg Gradl, Neutestamentler an der Universität Trier, der an der Katholischen Akademie bei den Biblischen Tagen 2026 (30. März bis 1. April) das Thema &#8222;Jesus (Christus)&#8220; aufgreifen wird.</p>

<p>1700 Jahre Nizäa: Christologische Perspektiven</p>

<!-- This site is optimized with the Yoast SEO plugin v27.4 - https://yoast.com/product/yoast-seo-wordpress/ -->
<title>Akademiegespräch am Mittag - Katholische Akademie in Bayern</title>
<meta name="robots" content="index, follow, max-snippet:-1, max-image-preview:large, max-video-preview:-1" />
<link rel="canonical" href="https://kath-akademie-bayern.de/en/veranstaltung/akademiegespraech-am-mittag/" />
<meta property="og:locale" content="en_GB" />
<meta property="og:type" content="article" />
<meta property="og:title" content="Akademiegespräch am Mittag - Katholische Akademie in Bayern" />
<meta property="og:description" content="1700 Jahre Nizäa: Christologische Perspektiven" />
<meta property="og:url" content="https://kath-akademie-bayern.de/en/veranstaltung/akademiegespraech-am-mittag/" />
<meta property="og:site_name" content="Katholische Akademie in Bayern" />
<meta property="article:publisher" content="https://www.facebook.com/katholische.akademie.bayern/" />
<meta property="article:modified_time" content="2025-11-13T07:48:50+00:00" />
<meta property="og:image" content="https://kath-akademie-bayern.de/wp-content/uploads/2025-06-25.jpg" />
	<meta property="og:image:width" content="800" />
	<meta property="og:image:height" content="450" />
	<meta property="og:image:type" content="image/jpeg" />
<meta name="twitter:card" content="summary_large_image" />
<meta name="twitter:label1" content="Estimated reading time" />
	<meta name="twitter:data1" content="1 minute" />
<script type="application/ld+json" class="yoast-schema-graph">{"@context":"https:\/\/schema.org","@graph":[{"@type":"WebPage","@id":"https:\/\/kath-akademie-bayern.de\/veranstaltung\/akademiegespraech-am-mittag\/","url":"https:\/\/kath-akademie-bayern.de\/veranstaltung\/akademiegespraech-am-mittag\/","name":"Akademiegespräch am Mittag - Katholische Akademie in Bayern","isPartOf":{"@id":"https:\/\/kath-akademie-bayern.de\/#website"},"primaryImageOfPage":{"@id":"https:\/\/kath-akademie-bayern.de\/veranstaltung\/akademiegespraech-am-mittag\/#primaryimage"},"image":{"@id":"https:\/\/kath-akademie-bayern.de\/veranstaltung\/akademiegespraech-am-mittag\/#primaryimage"},"thumbnailUrl":"https:\/\/kath-akademie-bayern.de\/wp-content\/uploads\/2025-06-25.jpg","datePublished":"2025-06-11T11:00:35+00:00","dateModified":"2025-11-13T07:48:50+00:00","breadcrumb":{"@id":"https:\/\/kath-akademie-bayern.de\/veranstaltung\/akademiegespraech-am-mittag\/#breadcrumb"},"inLanguage":"en-GB","potentialAction":[{"@type":"ReadAction","target":["https:\/\/kath-akademie-bayern.de\/veranstaltung\/akademiegespraech-am-mittag\/"]}]},{"@type":"ImageObject","inLanguage":"en-GB","@id":"https:\/\/kath-akademie-bayern.de\/veranstaltung\/akademiegespraech-am-mittag\/#primaryimage","url":"https:\/\/kath-akademie-bayern.de\/wp-content\/uploads\/2025-06-25.jpg","contentUrl":"https:\/\/kath-akademie-bayern.de\/wp-content\/uploads\/2025-06-25.jpg","width":800,"height":450},{"@type":"BreadcrumbList","@id":"https:\/\/kath-akademie-bayern.de\/veranstaltung\/akademiegespraech-am-mittag\/#breadcrumb","itemListElement":[{"@type":"ListItem","position":1,"name":"Startseite","item":"https:\/\/kath-akademie-bayern.de\/"},{"@type":"ListItem","position":2,"name":"Akademiegespräch am Mittag"}]},{"@type":"WebSite","@id":"https:\/\/kath-akademie-bayern.de\/#website","url":"https:\/\/kath-akademie-bayern.de\/","name":"Katholische Akademie in Bayern","description":"Kirche braucht Debatte: „katholisch“ mit Blick auf das Ganze – und „akademisch“ im Vertrauen auf die Kraft der Argumente","publisher":{"@id":"https:\/\/kath-akademie-bayern.de\/#organization"},"potentialAction":[{"@type":"SearchAction","target":{"@type":"EntryPoint","urlTemplate":"https:\/\/kath-akademie-bayern.de\/?s={search_term_string}"},"query-input":{"@type":"PropertyValueSpecification","valueRequired":true,"valueName":"search_term_string"}}],"inLanguage":"en-GB"},{"@type":"Organization","@id":"https:\/\/kath-akademie-bayern.de\/#organization","name":"Katholische Akademie in Bayern","url":"https:\/\/kath-akademie-bayern.de\/","logo":{"@type":"ImageObject","inLanguage":"en-GB","@id":"https:\/\/kath-akademie-bayern.de\/#\/schema\/logo\/image\/","url":"https:\/\/kath-akademie-bayern.de\/wp-content\/uploads\/Menue-Logo-Home@2x.png","contentUrl":"https:\/\/kath-akademie-bayern.de\/wp-content\/uploads\/Menue-Logo-Home@2x.png","width":496,"height":216,"caption":"Katholische Akademie in Bayern"},"image":{"@id":"https:\/\/kath-akademie-bayern.de\/#\/schema\/logo\/image\/"},"sameAs":["https:\/\/www.facebook.com\/katholische.akademie.bayern\/"]}]}</script>
<!-- / Yoast SEO plugin. -->

Akademiegespräch am Mittag - Katholische Akademie in Bayern

1700 Jahre Nizäa: Christologische Perspektiven
