{"id":114521,"date":"2025-12-01T15:08:01","date_gmt":"2025-12-01T14:08:01","guid":{"rendered":"https:\/\/kath-akademie-bayern.de\/veranstaltung\/der-theopoet-gottfried-bachl\/"},"modified":"2026-04-28T19:02:16","modified_gmt":"2026-04-28T17:02:16","slug":"der-theopoet-gottfried-bachl","status":"publish","type":"event","link":"https:\/\/kath-akademie-bayern.de\/en\/veranstaltung\/der-theopoet-gottfried-bachl\/","title":{"rendered":"Der Theopoet Gottfried Bachl"},"content":{"rendered":"<p>Der Theologe und Schriftsteller Gottfried Bachl (1932-2020) war \u00fcberzeugt, dass ihn der \u201eschwierige Jesus\u201c befreit hat: zum Leben, zu sich selbst, zu den Mitmenschen, zu Gott. Aus diesem Befreit-sein erkl\u00e4rt sich der frische, unverkrampfte, unvoreingenommene und gro\u00dfz\u00fcgige Blick, mit dem Bachl alles wahrnahm: das Menschliche, das Abgr\u00fcndige, Gott, zugleich das Entsetzliche, Sinnlose, Leidvolle. Kaum jemand konnte \u00fcber den Holocaust so sprechen wie er, nur wenige vermochten so ihre Finger in die Wunden der Kirche zu legen.<\/p>\n<p>So wurde Bachl zum inspirierenden, aber auch aneckenden und irritierenden Zeitgenossen. Was er am \u201eschwierigen Jesus\u201c wahrnahm, traf zugleich auf ihn zu: das gelegentlich Schroffe, Abweisende, mitunter Erratische. Dies alles neben einer einf\u00fchlsamen Empathie sondergleichen. Nicht von ungef\u00e4hr seine N\u00e4he zur Literatur, die ihn zum Schriftsteller werden lie\u00df. An diesem Abend wird der Theologe und Theopoet zum Klingen kommen.<\/p>","protected":false},"excerpt":{"rendered":"<p>Das Jesuslibretto in aller Freiheit auff\u00fchren<\/p>","protected":false},"author":5,"featured_media":113615,"menu_order":36,"template":"","meta":{"_relevanssi_hide_post":"","_relevanssi_hide_content":"","_relevanssi_pin_for_all":"","_relevanssi_pin_keywords":"","_relevanssi_unpin_keywords":"","_relevanssi_related_keywords":"","_relevanssi_related_include_ids":"","_relevanssi_related_exclude_ids":"","_relevanssi_related_no_append":"","_relevanssi_related_not_related":"","_relevanssi_related_posts":"","_relevanssi_noindex_reason":"","footnotes":""},"class_list":["post-114521","event","type-event","status-publish","has-post-thumbnail","hentry","event-category-kunst-kultur","event-tags-theologie","event-tags-garhammer","event-tags-bachl","event-tags-theopoesie","event-tags-schmidinger"],"yoast_head":"<!-- This site is optimized with the Yoast SEO plugin v27.4 - https:\/\/yoast.com\/product\/yoast-seo-wordpress\/ -->\n<title>Der Theopoet Gottfried Bachl - Katholische Akademie in Bayern<\/title>\n<meta name=\"robots\" content=\"index, follow, max-snippet:-1, max-image-preview:large, max-video-preview:-1\" \/>\n<link rel=\"canonical\" href=\"https:\/\/kath-akademie-bayern.de\/en\/veranstaltung\/der-theopoet-gottfried-bachl\/\" \/>\n<meta property=\"og:locale\" content=\"en_GB\" \/>\n<meta property=\"og:type\" content=\"article\" \/>\n<meta property=\"og:title\" content=\"Der Theopoet Gottfried Bachl - Katholische Akademie in Bayern\" \/>\n<meta property=\"og:description\" content=\"Das Jesuslibretto in aller Freiheit auff\u00fchren\" \/>\n<meta property=\"og:url\" content=\"https:\/\/kath-akademie-bayern.de\/en\/veranstaltung\/der-theopoet-gottfried-bachl\/\" \/>\n<meta property=\"og:site_name\" content=\"Katholische Akademie in Bayern\" \/>\n<meta property=\"article:publisher\" content=\"https:\/\/www.facebook.com\/katholische.akademie.bayern\/\" \/>\n<meta property=\"article:modified_time\" content=\"2026-04-28T17:02:16+00:00\" \/>\n<meta property=\"og:image\" content=\"https:\/\/kath-akademie-bayern.de\/wp-content\/uploads\/2026-04-23.jpg\" \/>\n\t<meta property=\"og:image:width\" content=\"461\" \/>\n\t<meta property=\"og:image:height\" content=\"260\" \/>\n\t<meta property=\"og:image:type\" content=\"image\/jpeg\" \/>\n<meta name=\"twitter:card\" content=\"summary_large_image\" \/>\n<meta name=\"twitter:label1\" content=\"Estimated reading time\" \/>\n\t<meta name=\"twitter:data1\" content=\"1 minute\" \/>\n<script type=\"application\/ld+json\" class=\"yoast-schema-graph\">{\"@context\":\"https:\\\/\\\/schema.org\",\"@graph\":[{\"@type\":\"WebPage\",\"@id\":\"https:\\\/\\\/kath-akademie-bayern.de\\\/veranstaltung\\\/der-theopoet-gottfried-bachl\\\/\",\"url\":\"https:\\\/\\\/kath-akademie-bayern.de\\\/veranstaltung\\\/der-theopoet-gottfried-bachl\\\/\",\"name\":\"Der Theopoet Gottfried Bachl - Katholische Akademie in Bayern\",\"isPartOf\":{\"@id\":\"https:\\\/\\\/kath-akademie-bayern.de\\\/#website\"},\"primaryImageOfPage\":{\"@id\":\"https:\\\/\\\/kath-akademie-bayern.de\\\/veranstaltung\\\/der-theopoet-gottfried-bachl\\\/#primaryimage\"},\"image\":{\"@id\":\"https:\\\/\\\/kath-akademie-bayern.de\\\/veranstaltung\\\/der-theopoet-gottfried-bachl\\\/#primaryimage\"},\"thumbnailUrl\":\"https:\\\/\\\/kath-akademie-bayern.de\\\/wp-content\\\/uploads\\\/2026-04-23.jpg\",\"datePublished\":\"2025-12-01T14:08:01+00:00\",\"dateModified\":\"2026-04-28T17:02:16+00:00\",\"breadcrumb\":{\"@id\":\"https:\\\/\\\/kath-akademie-bayern.de\\\/veranstaltung\\\/der-theopoet-gottfried-bachl\\\/#breadcrumb\"},\"inLanguage\":\"en-GB\",\"potentialAction\":[{\"@type\":\"ReadAction\",\"target\":[\"https:\\\/\\\/kath-akademie-bayern.de\\\/veranstaltung\\\/der-theopoet-gottfried-bachl\\\/\"]}]},{\"@type\":\"ImageObject\",\"inLanguage\":\"en-GB\",\"@id\":\"https:\\\/\\\/kath-akademie-bayern.de\\\/veranstaltung\\\/der-theopoet-gottfried-bachl\\\/#primaryimage\",\"url\":\"https:\\\/\\\/kath-akademie-bayern.de\\\/wp-content\\\/uploads\\\/2026-04-23.jpg\",\"contentUrl\":\"https:\\\/\\\/kath-akademie-bayern.de\\\/wp-content\\\/uploads\\\/2026-04-23.jpg\",\"width\":461,\"height\":260},{\"@type\":\"BreadcrumbList\",\"@id\":\"https:\\\/\\\/kath-akademie-bayern.de\\\/veranstaltung\\\/der-theopoet-gottfried-bachl\\\/#breadcrumb\",\"itemListElement\":[{\"@type\":\"ListItem\",\"position\":1,\"name\":\"Startseite\",\"item\":\"https:\\\/\\\/kath-akademie-bayern.de\\\/\"},{\"@type\":\"ListItem\",\"position\":2,\"name\":\"Der Theopoet Gottfried Bachl\"}]},{\"@type\":\"WebSite\",\"@id\":\"https:\\\/\\\/kath-akademie-bayern.de\\\/#website\",\"url\":\"https:\\\/\\\/kath-akademie-bayern.de\\\/\",\"name\":\"Katholische Akademie in Bayern\",\"description\":\"Kirche braucht Debatte: \u201ekatholisch\u201c mit Blick auf das Ganze \u2013 und \u201eakademisch\u201c im Vertrauen auf die Kraft der Argumente\",\"publisher\":{\"@id\":\"https:\\\/\\\/kath-akademie-bayern.de\\\/#organization\"},\"potentialAction\":[{\"@type\":\"SearchAction\",\"target\":{\"@type\":\"EntryPoint\",\"urlTemplate\":\"https:\\\/\\\/kath-akademie-bayern.de\\\/?s={search_term_string}\"},\"query-input\":{\"@type\":\"PropertyValueSpecification\",\"valueRequired\":true,\"valueName\":\"search_term_string\"}}],\"inLanguage\":\"en-GB\"},{\"@type\":\"Organization\",\"@id\":\"https:\\\/\\\/kath-akademie-bayern.de\\\/#organization\",\"name\":\"Katholische Akademie in Bayern\",\"url\":\"https:\\\/\\\/kath-akademie-bayern.de\\\/\",\"logo\":{\"@type\":\"ImageObject\",\"inLanguage\":\"en-GB\",\"@id\":\"https:\\\/\\\/kath-akademie-bayern.de\\\/#\\\/schema\\\/logo\\\/image\\\/\",\"url\":\"https:\\\/\\\/kath-akademie-bayern.de\\\/wp-content\\\/uploads\\\/Menue-Logo-Home@2x.png\",\"contentUrl\":\"https:\\\/\\\/kath-akademie-bayern.de\\\/wp-content\\\/uploads\\\/Menue-Logo-Home@2x.png\",\"width\":496,\"height\":216,\"caption\":\"Katholische Akademie in Bayern\"},\"image\":{\"@id\":\"https:\\\/\\\/kath-akademie-bayern.de\\\/#\\\/schema\\\/logo\\\/image\\\/\"},\"sameAs\":[\"https:\\\/\\\/www.facebook.com\\\/katholische.akademie.bayern\\\/\"]}]}<\/script>\n<!-- \/ Yoast SEO plugin. -->","yoast_head_json":{"title":"Der Theopoet Gottfried Bachl - Katholische Akademie in Bayern","robots":{"index":"index","follow":"follow","max-snippet":"max-snippet:-1","max-image-preview":"max-image-preview:large","max-video-preview":"max-video-preview:-1"},"canonical":"https:\/\/kath-akademie-bayern.de\/en\/veranstaltung\/der-theopoet-gottfried-bachl\/","og_locale":"en_GB","og_type":"article","og_title":"Der Theopoet Gottfried Bachl - Katholische Akademie in Bayern","og_description":"Das Jesuslibretto in aller Freiheit auff\u00fchren","og_url":"https:\/\/kath-akademie-bayern.de\/en\/veranstaltung\/der-theopoet-gottfried-bachl\/","og_site_name":"Katholische Akademie in Bayern","article_publisher":"https:\/\/www.facebook.com\/katholische.akademie.bayern\/","article_modified_time":"2026-04-28T17:02:16+00:00","og_image":[{"width":461,"height":260,"url":"https:\/\/kath-akademie-bayern.de\/wp-content\/uploads\/2026-04-23.jpg","type":"image\/jpeg"}],"twitter_card":"summary_large_image","twitter_misc":{"Estimated reading time":"1 minute"},"schema":{"@context":"https:\/\/schema.org","@graph":[{"@type":"WebPage","@id":"https:\/\/kath-akademie-bayern.de\/veranstaltung\/der-theopoet-gottfried-bachl\/","url":"https:\/\/kath-akademie-bayern.de\/veranstaltung\/der-theopoet-gottfried-bachl\/","name":"Der Theopoet Gottfried Bachl - Katholische Akademie in Bayern","isPartOf":{"@id":"https:\/\/kath-akademie-bayern.de\/#website"},"primaryImageOfPage":{"@id":"https:\/\/kath-akademie-bayern.de\/veranstaltung\/der-theopoet-gottfried-bachl\/#primaryimage"},"image":{"@id":"https:\/\/kath-akademie-bayern.de\/veranstaltung\/der-theopoet-gottfried-bachl\/#primaryimage"},"thumbnailUrl":"https:\/\/kath-akademie-bayern.de\/wp-content\/uploads\/2026-04-23.jpg","datePublished":"2025-12-01T14:08:01+00:00","dateModified":"2026-04-28T17:02:16+00:00","breadcrumb":{"@id":"https:\/\/kath-akademie-bayern.de\/veranstaltung\/der-theopoet-gottfried-bachl\/#breadcrumb"},"inLanguage":"en-GB","potentialAction":[{"@type":"ReadAction","target":["https:\/\/kath-akademie-bayern.de\/veranstaltung\/der-theopoet-gottfried-bachl\/"]}]},{"@type":"ImageObject","inLanguage":"en-GB","@id":"https:\/\/kath-akademie-bayern.de\/veranstaltung\/der-theopoet-gottfried-bachl\/#primaryimage","url":"https:\/\/kath-akademie-bayern.de\/wp-content\/uploads\/2026-04-23.jpg","contentUrl":"https:\/\/kath-akademie-bayern.de\/wp-content\/uploads\/2026-04-23.jpg","width":461,"height":260},{"@type":"BreadcrumbList","@id":"https:\/\/kath-akademie-bayern.de\/veranstaltung\/der-theopoet-gottfried-bachl\/#breadcrumb","itemListElement":[{"@type":"ListItem","position":1,"name":"Startseite","item":"https:\/\/kath-akademie-bayern.de\/"},{"@type":"ListItem","position":2,"name":"Der Theopoet Gottfried Bachl"}]},{"@type":"WebSite","@id":"https:\/\/kath-akademie-bayern.de\/#website","url":"https:\/\/kath-akademie-bayern.de\/","name":"Catholic Academy in Bavaria","description":"Church needs debate: \"catholic\" looking at the whole - and \"academic\" trusting in the power of arguments","publisher":{"@id":"https:\/\/kath-akademie-bayern.de\/#organization"},"potentialAction":[{"@type":"SearchAction","target":{"@type":"EntryPoint","urlTemplate":"https:\/\/kath-akademie-bayern.de\/?s={search_term_string}"},"query-input":{"@type":"PropertyValueSpecification","valueRequired":true,"valueName":"search_term_string"}}],"inLanguage":"en-GB"},{"@type":"Organization","@id":"https:\/\/kath-akademie-bayern.de\/#organization","name":"Catholic Academy in Bavaria","url":"https:\/\/kath-akademie-bayern.de\/","logo":{"@type":"ImageObject","inLanguage":"en-GB","@id":"https:\/\/kath-akademie-bayern.de\/#\/schema\/logo\/image\/","url":"https:\/\/kath-akademie-bayern.de\/wp-content\/uploads\/Menue-Logo-Home@2x.png","contentUrl":"https:\/\/kath-akademie-bayern.de\/wp-content\/uploads\/Menue-Logo-Home@2x.png","width":496,"height":216,"caption":"Katholische Akademie in Bayern"},"image":{"@id":"https:\/\/kath-akademie-bayern.de\/#\/schema\/logo\/image\/"},"sameAs":["https:\/\/www.facebook.com\/katholische.akademie.bayern\/"]}]}},"_links":{"self":[{"href":"https:\/\/kath-akademie-bayern.de\/en\/wp-json\/wp\/v2\/event\/114521","targetHints":{"allow":["GET"]}}],"collection":[{"href":"https:\/\/kath-akademie-bayern.de\/en\/wp-json\/wp\/v2\/event"}],"about":[{"href":"https:\/\/kath-akademie-bayern.de\/en\/wp-json\/wp\/v2\/types\/event"}],"author":[{"embeddable":true,"href":"https:\/\/kath-akademie-bayern.de\/en\/wp-json\/wp\/v2\/users\/5"}],"version-history":[{"count":1,"href":"https:\/\/kath-akademie-bayern.de\/en\/wp-json\/wp\/v2\/event\/114521\/revisions"}],"predecessor-version":[{"id":114529,"href":"https:\/\/kath-akademie-bayern.de\/en\/wp-json\/wp\/v2\/event\/114521\/revisions\/114529"}],"wp:featuredmedia":[{"embeddable":true,"href":"https:\/\/kath-akademie-bayern.de\/en\/wp-json\/wp\/v2\/media\/113615"}],"wp:attachment":[{"href":"https:\/\/kath-akademie-bayern.de\/en\/wp-json\/wp\/v2\/media?parent=114521"}],"curies":[{"name":"wp","href":"https:\/\/api.w.org\/{rel}","templated":true}]}}

<p>Der Theologe und Schriftsteller Gottfried Bachl (1932-2020) war überzeugt, dass ihn der „schwierige Jesus“ befreit hat: zum Leben, zu sich selbst, zu den Mitmenschen, zu Gott. Aus diesem Befreit-sein erklärt sich der frische, unverkrampfte, unvoreingenommene und großzügige Blick, mit dem Bachl alles wahrnahm: das Menschliche, das Abgründige, Gott, zugleich das Entsetzliche, Sinnlose, Leidvolle. Kaum jemand konnte über den Holocaust so sprechen wie er, nur wenige vermochten so ihre Finger in die Wunden der Kirche zu legen.</p>
<p>So wurde Bachl zum inspirierenden, aber auch aneckenden und irritierenden Zeitgenossen. Was er am „schwierigen Jesus“ wahrnahm, traf zugleich auf ihn zu: das gelegentlich Schroffe, Abweisende, mitunter Erratische. Dies alles neben einer einfühlsamen Empathie sondergleichen. Nicht von ungefähr seine Nähe zur Literatur, die ihn zum Schriftsteller werden ließ. An diesem Abend wird der Theologe und Theopoet zum Klingen kommen.</p>

<p>Das Jesuslibretto in aller Freiheit aufführen</p>

<!-- This site is optimized with the Yoast SEO plugin v27.4 - https://yoast.com/product/yoast-seo-wordpress/ -->
<title>Der Theopoet Gottfried Bachl - Katholische Akademie in Bayern</title>
<meta name="robots" content="index, follow, max-snippet:-1, max-image-preview:large, max-video-preview:-1" />
<link rel="canonical" href="https://kath-akademie-bayern.de/en/veranstaltung/der-theopoet-gottfried-bachl/" />
<meta property="og:locale" content="en_GB" />
<meta property="og:type" content="article" />
<meta property="og:title" content="Der Theopoet Gottfried Bachl - Katholische Akademie in Bayern" />
<meta property="og:description" content="Das Jesuslibretto in aller Freiheit aufführen" />
<meta property="og:url" content="https://kath-akademie-bayern.de/en/veranstaltung/der-theopoet-gottfried-bachl/" />
<meta property="og:site_name" content="Katholische Akademie in Bayern" />
<meta property="article:publisher" content="https://www.facebook.com/katholische.akademie.bayern/" />
<meta property="article:modified_time" content="2026-04-28T17:02:16+00:00" />
<meta property="og:image" content="https://kath-akademie-bayern.de/wp-content/uploads/2026-04-23.jpg" />
	<meta property="og:image:width" content="461" />
	<meta property="og:image:height" content="260" />
	<meta property="og:image:type" content="image/jpeg" />
<meta name="twitter:card" content="summary_large_image" />
<meta name="twitter:label1" content="Estimated reading time" />
	<meta name="twitter:data1" content="1 minute" />
<script type="application/ld+json" class="yoast-schema-graph">{"@context":"https:\/\/schema.org","@graph":[{"@type":"WebPage","@id":"https:\/\/kath-akademie-bayern.de\/veranstaltung\/der-theopoet-gottfried-bachl\/","url":"https:\/\/kath-akademie-bayern.de\/veranstaltung\/der-theopoet-gottfried-bachl\/","name":"Der Theopoet Gottfried Bachl - Katholische Akademie in Bayern","isPartOf":{"@id":"https:\/\/kath-akademie-bayern.de\/#website"},"primaryImageOfPage":{"@id":"https:\/\/kath-akademie-bayern.de\/veranstaltung\/der-theopoet-gottfried-bachl\/#primaryimage"},"image":{"@id":"https:\/\/kath-akademie-bayern.de\/veranstaltung\/der-theopoet-gottfried-bachl\/#primaryimage"},"thumbnailUrl":"https:\/\/kath-akademie-bayern.de\/wp-content\/uploads\/2026-04-23.jpg","datePublished":"2025-12-01T14:08:01+00:00","dateModified":"2026-04-28T17:02:16+00:00","breadcrumb":{"@id":"https:\/\/kath-akademie-bayern.de\/veranstaltung\/der-theopoet-gottfried-bachl\/#breadcrumb"},"inLanguage":"en-GB","potentialAction":[{"@type":"ReadAction","target":["https:\/\/kath-akademie-bayern.de\/veranstaltung\/der-theopoet-gottfried-bachl\/"]}]},{"@type":"ImageObject","inLanguage":"en-GB","@id":"https:\/\/kath-akademie-bayern.de\/veranstaltung\/der-theopoet-gottfried-bachl\/#primaryimage","url":"https:\/\/kath-akademie-bayern.de\/wp-content\/uploads\/2026-04-23.jpg","contentUrl":"https:\/\/kath-akademie-bayern.de\/wp-content\/uploads\/2026-04-23.jpg","width":461,"height":260},{"@type":"BreadcrumbList","@id":"https:\/\/kath-akademie-bayern.de\/veranstaltung\/der-theopoet-gottfried-bachl\/#breadcrumb","itemListElement":[{"@type":"ListItem","position":1,"name":"Startseite","item":"https:\/\/kath-akademie-bayern.de\/"},{"@type":"ListItem","position":2,"name":"Der Theopoet Gottfried Bachl"}]},{"@type":"WebSite","@id":"https:\/\/kath-akademie-bayern.de\/#website","url":"https:\/\/kath-akademie-bayern.de\/","name":"Katholische Akademie in Bayern","description":"Kirche braucht Debatte: „katholisch“ mit Blick auf das Ganze – und „akademisch“ im Vertrauen auf die Kraft der Argumente","publisher":{"@id":"https:\/\/kath-akademie-bayern.de\/#organization"},"potentialAction":[{"@type":"SearchAction","target":{"@type":"EntryPoint","urlTemplate":"https:\/\/kath-akademie-bayern.de\/?s={search_term_string}"},"query-input":{"@type":"PropertyValueSpecification","valueRequired":true,"valueName":"search_term_string"}}],"inLanguage":"en-GB"},{"@type":"Organization","@id":"https:\/\/kath-akademie-bayern.de\/#organization","name":"Katholische Akademie in Bayern","url":"https:\/\/kath-akademie-bayern.de\/","logo":{"@type":"ImageObject","inLanguage":"en-GB","@id":"https:\/\/kath-akademie-bayern.de\/#\/schema\/logo\/image\/","url":"https:\/\/kath-akademie-bayern.de\/wp-content\/uploads\/Menue-Logo-Home@2x.png","contentUrl":"https:\/\/kath-akademie-bayern.de\/wp-content\/uploads\/Menue-Logo-Home@2x.png","width":496,"height":216,"caption":"Katholische Akademie in Bayern"},"image":{"@id":"https:\/\/kath-akademie-bayern.de\/#\/schema\/logo\/image\/"},"sameAs":["https:\/\/www.facebook.com\/katholische.akademie.bayern\/"]}]}</script>
<!-- / Yoast SEO plugin. -->

Das Jesuslibretto in aller Freiheit aufführen
