{"id":117813,"date":"2026-01-16T10:03:13","date_gmt":"2026-01-16T09:03:13","guid":{"rendered":"https:\/\/kath-akademie-bayern.de\/veranstaltung\/wertorientierte-entwicklungszusammenarbeit-und-wirtschaftliche-interessen\/"},"modified":"2026-04-30T20:02:15","modified_gmt":"2026-04-30T18:02:15","slug":"wertorientierte-entwicklungszusammenarbeit-und-wirtschaftliche-interessen","status":"publish","type":"event","link":"https:\/\/kath-akademie-bayern.de\/en\/veranstaltung\/wertorientierte-entwicklungszusammenarbeit-und-wirtschaftliche-interessen\/","title":{"rendered":"Wertorientierte Entwicklungszusammenarbeit und wirtschaftliche Interessen"},"content":{"rendered":"<p>Geopolitischer Wandel, wirtschaftliche Abh\u00e4ngigkeitsverh\u00e4ltnisse und neue Technologien machen eine Neuordnung der Entwicklungszusammenarbeit unabdingbar. Zwischen diesen Bewegungen drohen nachhaltige Entwicklungsziele und das Streben nach globaler und sozialer Gerechtigkeit zerrieben zu werden. Die Anfang 2026 ver\u00f6ffentlichte Strategie zur Neuorientierung der deutschen Entwicklungspolitik zielt vor allem darauf, Partnerschaften an den eigenen geopolitischen und wirtschaftlichen Interessen auszurichten. <\/p>\n<p>Gleichzeitig er\u00f6ffnen die dynamischen wirtschaftlichen und technologischen Entwicklungen einen Handlungsraum, der das Verh\u00e4ltnis von Wertorientierung und \u00f6konomischen Interessen neu verhandelt:<br \/>\n&#8211; Wie lassen sich wirtschaftliche Kooperationen fair gestalten?<br \/>\n&#8211; Wo k\u00f6nnen neue Allianzen \u2013 etwa mit Unternehmen oder entlang globaler Lieferketten \u2013 zu mehr Stabilit\u00e4t beitragen?<br \/>\n&#8211; Was kann die strategische Neuausrichtung des Entwicklungsministeriums zu einer solidarischen, wertorientierten und nachhaltigen Entwicklungszusammenarbeit beitragen?<\/p>\n<p>Das Podiumsgespr\u00e4ch bringt Expertinnen und Experten aus Wissenschaft, Wirtschaft und Politik zusammen, um die Thematik aus unterschiedlichen Perspektiven zu analysieren und zu diskutieren.<\/p>","protected":false},"excerpt":{"rendered":"<p>Widerspruch oder Synergiepotenzial?<\/p>","protected":false},"author":5,"featured_media":117834,"menu_order":30,"template":"","meta":{"_relevanssi_hide_post":"","_relevanssi_hide_content":"","_relevanssi_pin_for_all":"","_relevanssi_pin_keywords":"","_relevanssi_unpin_keywords":"","_relevanssi_related_keywords":"","_relevanssi_related_include_ids":"","_relevanssi_related_exclude_ids":"","_relevanssi_related_no_append":"","_relevanssi_related_not_related":"","_relevanssi_related_posts":"","_relevanssi_noindex_reason":"","footnotes":""},"class_list":["post-117813","event","type-event","status-publish","has-post-thumbnail","hentry","event-category-gesellschaft-wirtschaft-politik","event-tags-sozial-oekologische-transformation","event-tags-soziale-marktwirtschaft","event-tags-wirtschaftsethik","event-tags-zukunftsvisionen","event-tags-sozialethik","focus-area-globalisierung"],"yoast_head":"<!-- This site is optimized with the Yoast SEO plugin v27.4 - https:\/\/yoast.com\/product\/yoast-seo-wordpress\/ -->\n<title>Wertorientierte Entwicklungszusammenarbeit und wirtschaftliche Interessen - Katholische Akademie in Bayern<\/title>\n<meta name=\"robots\" content=\"index, follow, max-snippet:-1, max-image-preview:large, max-video-preview:-1\" \/>\n<link rel=\"canonical\" href=\"https:\/\/kath-akademie-bayern.de\/en\/veranstaltung\/wertorientierte-entwicklungszusammenarbeit-und-wirtschaftliche-interessen\/\" \/>\n<meta property=\"og:locale\" content=\"en_GB\" \/>\n<meta property=\"og:type\" content=\"article\" \/>\n<meta property=\"og:title\" content=\"Wertorientierte Entwicklungszusammenarbeit und wirtschaftliche Interessen - Katholische Akademie in Bayern\" \/>\n<meta property=\"og:description\" content=\"Widerspruch oder Synergiepotenzial?\" \/>\n<meta property=\"og:url\" content=\"https:\/\/kath-akademie-bayern.de\/en\/veranstaltung\/wertorientierte-entwicklungszusammenarbeit-und-wirtschaftliche-interessen\/\" \/>\n<meta property=\"og:site_name\" content=\"Katholische Akademie in Bayern\" \/>\n<meta property=\"article:publisher\" content=\"https:\/\/www.facebook.com\/katholische.akademie.bayern\/\" \/>\n<meta property=\"article:modified_time\" content=\"2026-04-30T18:02:15+00:00\" \/>\n<meta property=\"og:image\" content=\"https:\/\/kath-akademie-bayern.de\/wp-content\/uploads\/2026-04-29.jpg\" \/>\n\t<meta property=\"og:image:width\" content=\"1080\" \/>\n\t<meta property=\"og:image:height\" content=\"608\" \/>\n\t<meta property=\"og:image:type\" content=\"image\/jpeg\" \/>\n<meta name=\"twitter:card\" content=\"summary_large_image\" \/>\n<meta name=\"twitter:label1\" content=\"Estimated reading time\" \/>\n\t<meta name=\"twitter:data1\" content=\"1 minute\" \/>\n<script type=\"application\/ld+json\" class=\"yoast-schema-graph\">{\"@context\":\"https:\\\/\\\/schema.org\",\"@graph\":[{\"@type\":\"WebPage\",\"@id\":\"https:\\\/\\\/kath-akademie-bayern.de\\\/veranstaltung\\\/wertorientierte-entwicklungszusammenarbeit-und-wirtschaftliche-interessen\\\/\",\"url\":\"https:\\\/\\\/kath-akademie-bayern.de\\\/veranstaltung\\\/wertorientierte-entwicklungszusammenarbeit-und-wirtschaftliche-interessen\\\/\",\"name\":\"Wertorientierte Entwicklungszusammenarbeit und wirtschaftliche Interessen - Katholische Akademie in Bayern\",\"isPartOf\":{\"@id\":\"https:\\\/\\\/kath-akademie-bayern.de\\\/#website\"},\"primaryImageOfPage\":{\"@id\":\"https:\\\/\\\/kath-akademie-bayern.de\\\/veranstaltung\\\/wertorientierte-entwicklungszusammenarbeit-und-wirtschaftliche-interessen\\\/#primaryimage\"},\"image\":{\"@id\":\"https:\\\/\\\/kath-akademie-bayern.de\\\/veranstaltung\\\/wertorientierte-entwicklungszusammenarbeit-und-wirtschaftliche-interessen\\\/#primaryimage\"},\"thumbnailUrl\":\"https:\\\/\\\/kath-akademie-bayern.de\\\/wp-content\\\/uploads\\\/2026-04-29.jpg\",\"datePublished\":\"2026-01-16T09:03:13+00:00\",\"dateModified\":\"2026-04-30T18:02:15+00:00\",\"breadcrumb\":{\"@id\":\"https:\\\/\\\/kath-akademie-bayern.de\\\/veranstaltung\\\/wertorientierte-entwicklungszusammenarbeit-und-wirtschaftliche-interessen\\\/#breadcrumb\"},\"inLanguage\":\"en-GB\",\"potentialAction\":[{\"@type\":\"ReadAction\",\"target\":[\"https:\\\/\\\/kath-akademie-bayern.de\\\/veranstaltung\\\/wertorientierte-entwicklungszusammenarbeit-und-wirtschaftliche-interessen\\\/\"]}]},{\"@type\":\"ImageObject\",\"inLanguage\":\"en-GB\",\"@id\":\"https:\\\/\\\/kath-akademie-bayern.de\\\/veranstaltung\\\/wertorientierte-entwicklungszusammenarbeit-und-wirtschaftliche-interessen\\\/#primaryimage\",\"url\":\"https:\\\/\\\/kath-akademie-bayern.de\\\/wp-content\\\/uploads\\\/2026-04-29.jpg\",\"contentUrl\":\"https:\\\/\\\/kath-akademie-bayern.de\\\/wp-content\\\/uploads\\\/2026-04-29.jpg\",\"width\":1080,\"height\":608},{\"@type\":\"BreadcrumbList\",\"@id\":\"https:\\\/\\\/kath-akademie-bayern.de\\\/veranstaltung\\\/wertorientierte-entwicklungszusammenarbeit-und-wirtschaftliche-interessen\\\/#breadcrumb\",\"itemListElement\":[{\"@type\":\"ListItem\",\"position\":1,\"name\":\"Startseite\",\"item\":\"https:\\\/\\\/kath-akademie-bayern.de\\\/\"},{\"@type\":\"ListItem\",\"position\":2,\"name\":\"Wertorientierte Entwicklungszusammenarbeit und wirtschaftliche Interessen\"}]},{\"@type\":\"WebSite\",\"@id\":\"https:\\\/\\\/kath-akademie-bayern.de\\\/#website\",\"url\":\"https:\\\/\\\/kath-akademie-bayern.de\\\/\",\"name\":\"Katholische Akademie in Bayern\",\"description\":\"Kirche braucht Debatte: \u201ekatholisch\u201c mit Blick auf das Ganze \u2013 und \u201eakademisch\u201c im Vertrauen auf die Kraft der Argumente\",\"publisher\":{\"@id\":\"https:\\\/\\\/kath-akademie-bayern.de\\\/#organization\"},\"potentialAction\":[{\"@type\":\"SearchAction\",\"target\":{\"@type\":\"EntryPoint\",\"urlTemplate\":\"https:\\\/\\\/kath-akademie-bayern.de\\\/?s={search_term_string}\"},\"query-input\":{\"@type\":\"PropertyValueSpecification\",\"valueRequired\":true,\"valueName\":\"search_term_string\"}}],\"inLanguage\":\"en-GB\"},{\"@type\":\"Organization\",\"@id\":\"https:\\\/\\\/kath-akademie-bayern.de\\\/#organization\",\"name\":\"Katholische Akademie in Bayern\",\"url\":\"https:\\\/\\\/kath-akademie-bayern.de\\\/\",\"logo\":{\"@type\":\"ImageObject\",\"inLanguage\":\"en-GB\",\"@id\":\"https:\\\/\\\/kath-akademie-bayern.de\\\/#\\\/schema\\\/logo\\\/image\\\/\",\"url\":\"https:\\\/\\\/kath-akademie-bayern.de\\\/wp-content\\\/uploads\\\/Menue-Logo-Home@2x.png\",\"contentUrl\":\"https:\\\/\\\/kath-akademie-bayern.de\\\/wp-content\\\/uploads\\\/Menue-Logo-Home@2x.png\",\"width\":496,\"height\":216,\"caption\":\"Katholische Akademie in Bayern\"},\"image\":{\"@id\":\"https:\\\/\\\/kath-akademie-bayern.de\\\/#\\\/schema\\\/logo\\\/image\\\/\"},\"sameAs\":[\"https:\\\/\\\/www.facebook.com\\\/katholische.akademie.bayern\\\/\"]}]}<\/script>\n<!-- \/ Yoast SEO plugin. -->","yoast_head_json":{"title":"Wertorientierte Entwicklungszusammenarbeit und wirtschaftliche Interessen - Katholische Akademie in Bayern","robots":{"index":"index","follow":"follow","max-snippet":"max-snippet:-1","max-image-preview":"max-image-preview:large","max-video-preview":"max-video-preview:-1"},"canonical":"https:\/\/kath-akademie-bayern.de\/en\/veranstaltung\/wertorientierte-entwicklungszusammenarbeit-und-wirtschaftliche-interessen\/","og_locale":"en_GB","og_type":"article","og_title":"Wertorientierte Entwicklungszusammenarbeit und wirtschaftliche Interessen - Katholische Akademie in Bayern","og_description":"Widerspruch oder Synergiepotenzial?","og_url":"https:\/\/kath-akademie-bayern.de\/en\/veranstaltung\/wertorientierte-entwicklungszusammenarbeit-und-wirtschaftliche-interessen\/","og_site_name":"Katholische Akademie in Bayern","article_publisher":"https:\/\/www.facebook.com\/katholische.akademie.bayern\/","article_modified_time":"2026-04-30T18:02:15+00:00","og_image":[{"width":1080,"height":608,"url":"https:\/\/kath-akademie-bayern.de\/wp-content\/uploads\/2026-04-29.jpg","type":"image\/jpeg"}],"twitter_card":"summary_large_image","twitter_misc":{"Estimated reading time":"1 minute"},"schema":{"@context":"https:\/\/schema.org","@graph":[{"@type":"WebPage","@id":"https:\/\/kath-akademie-bayern.de\/veranstaltung\/wertorientierte-entwicklungszusammenarbeit-und-wirtschaftliche-interessen\/","url":"https:\/\/kath-akademie-bayern.de\/veranstaltung\/wertorientierte-entwicklungszusammenarbeit-und-wirtschaftliche-interessen\/","name":"Wertorientierte Entwicklungszusammenarbeit und wirtschaftliche Interessen - Katholische Akademie in Bayern","isPartOf":{"@id":"https:\/\/kath-akademie-bayern.de\/#website"},"primaryImageOfPage":{"@id":"https:\/\/kath-akademie-bayern.de\/veranstaltung\/wertorientierte-entwicklungszusammenarbeit-und-wirtschaftliche-interessen\/#primaryimage"},"image":{"@id":"https:\/\/kath-akademie-bayern.de\/veranstaltung\/wertorientierte-entwicklungszusammenarbeit-und-wirtschaftliche-interessen\/#primaryimage"},"thumbnailUrl":"https:\/\/kath-akademie-bayern.de\/wp-content\/uploads\/2026-04-29.jpg","datePublished":"2026-01-16T09:03:13+00:00","dateModified":"2026-04-30T18:02:15+00:00","breadcrumb":{"@id":"https:\/\/kath-akademie-bayern.de\/veranstaltung\/wertorientierte-entwicklungszusammenarbeit-und-wirtschaftliche-interessen\/#breadcrumb"},"inLanguage":"en-GB","potentialAction":[{"@type":"ReadAction","target":["https:\/\/kath-akademie-bayern.de\/veranstaltung\/wertorientierte-entwicklungszusammenarbeit-und-wirtschaftliche-interessen\/"]}]},{"@type":"ImageObject","inLanguage":"en-GB","@id":"https:\/\/kath-akademie-bayern.de\/veranstaltung\/wertorientierte-entwicklungszusammenarbeit-und-wirtschaftliche-interessen\/#primaryimage","url":"https:\/\/kath-akademie-bayern.de\/wp-content\/uploads\/2026-04-29.jpg","contentUrl":"https:\/\/kath-akademie-bayern.de\/wp-content\/uploads\/2026-04-29.jpg","width":1080,"height":608},{"@type":"BreadcrumbList","@id":"https:\/\/kath-akademie-bayern.de\/veranstaltung\/wertorientierte-entwicklungszusammenarbeit-und-wirtschaftliche-interessen\/#breadcrumb","itemListElement":[{"@type":"ListItem","position":1,"name":"Startseite","item":"https:\/\/kath-akademie-bayern.de\/"},{"@type":"ListItem","position":2,"name":"Wertorientierte Entwicklungszusammenarbeit und wirtschaftliche Interessen"}]},{"@type":"WebSite","@id":"https:\/\/kath-akademie-bayern.de\/#website","url":"https:\/\/kath-akademie-bayern.de\/","name":"Catholic Academy in Bavaria","description":"Church needs debate: \"catholic\" looking at the whole - and \"academic\" trusting in the power of arguments","publisher":{"@id":"https:\/\/kath-akademie-bayern.de\/#organization"},"potentialAction":[{"@type":"SearchAction","target":{"@type":"EntryPoint","urlTemplate":"https:\/\/kath-akademie-bayern.de\/?s={search_term_string}"},"query-input":{"@type":"PropertyValueSpecification","valueRequired":true,"valueName":"search_term_string"}}],"inLanguage":"en-GB"},{"@type":"Organization","@id":"https:\/\/kath-akademie-bayern.de\/#organization","name":"Catholic Academy in Bavaria","url":"https:\/\/kath-akademie-bayern.de\/","logo":{"@type":"ImageObject","inLanguage":"en-GB","@id":"https:\/\/kath-akademie-bayern.de\/#\/schema\/logo\/image\/","url":"https:\/\/kath-akademie-bayern.de\/wp-content\/uploads\/Menue-Logo-Home@2x.png","contentUrl":"https:\/\/kath-akademie-bayern.de\/wp-content\/uploads\/Menue-Logo-Home@2x.png","width":496,"height":216,"caption":"Katholische Akademie in Bayern"},"image":{"@id":"https:\/\/kath-akademie-bayern.de\/#\/schema\/logo\/image\/"},"sameAs":["https:\/\/www.facebook.com\/katholische.akademie.bayern\/"]}]}},"_links":{"self":[{"href":"https:\/\/kath-akademie-bayern.de\/en\/wp-json\/wp\/v2\/event\/117813","targetHints":{"allow":["GET"]}}],"collection":[{"href":"https:\/\/kath-akademie-bayern.de\/en\/wp-json\/wp\/v2\/event"}],"about":[{"href":"https:\/\/kath-akademie-bayern.de\/en\/wp-json\/wp\/v2\/types\/event"}],"author":[{"embeddable":true,"href":"https:\/\/kath-akademie-bayern.de\/en\/wp-json\/wp\/v2\/users\/5"}],"version-history":[{"count":3,"href":"https:\/\/kath-akademie-bayern.de\/en\/wp-json\/wp\/v2\/event\/117813\/revisions"}],"predecessor-version":[{"id":117844,"href":"https:\/\/kath-akademie-bayern.de\/en\/wp-json\/wp\/v2\/event\/117813\/revisions\/117844"}],"wp:featuredmedia":[{"embeddable":true,"href":"https:\/\/kath-akademie-bayern.de\/en\/wp-json\/wp\/v2\/media\/117834"}],"wp:attachment":[{"href":"https:\/\/kath-akademie-bayern.de\/en\/wp-json\/wp\/v2\/media?parent=117813"}],"curies":[{"name":"wp","href":"https:\/\/api.w.org\/{rel}","templated":true}]}}

<p>Geopolitischer Wandel, wirtschaftliche Abhängigkeitsverhältnisse und neue Technologien machen eine Neuordnung der Entwicklungszusammenarbeit unabdingbar. Zwischen diesen Bewegungen drohen nachhaltige Entwicklungsziele und das Streben nach globaler und sozialer Gerechtigkeit zerrieben zu werden. Die Anfang 2026 veröffentlichte Strategie zur Neuorientierung der deutschen Entwicklungspolitik zielt vor allem darauf, Partnerschaften an den eigenen geopolitischen und wirtschaftlichen Interessen auszurichten. </p>
<p>Gleichzeitig eröffnen die dynamischen wirtschaftlichen und technologischen Entwicklungen einen Handlungsraum, der das Verhältnis von Wertorientierung und ökonomischen Interessen neu verhandelt:<br />
&#8211; Wie lassen sich wirtschaftliche Kooperationen fair gestalten?<br />
&#8211; Wo können neue Allianzen – etwa mit Unternehmen oder entlang globaler Lieferketten – zu mehr Stabilität beitragen?<br />
&#8211; Was kann die strategische Neuausrichtung des Entwicklungsministeriums zu einer solidarischen, wertorientierten und nachhaltigen Entwicklungszusammenarbeit beitragen?</p>
<p>Das Podiumsgespräch bringt Expertinnen und Experten aus Wissenschaft, Wirtschaft und Politik zusammen, um die Thematik aus unterschiedlichen Perspektiven zu analysieren und zu diskutieren.</p>
