{"id":118066,"date":"2026-01-20T11:00:50","date_gmt":"2026-01-20T10:00:50","guid":{"rendered":"https:\/\/kath-akademie-bayern.de\/veranstaltung\/gotteshaus-denkmal-kostenfaktor\/"},"modified":"2026-04-11T14:02:17","modified_gmt":"2026-04-11T12:02:17","slug":"gotteshaus-denkmal-kostenfaktor","status":"publish","type":"event","link":"https:\/\/kath-akademie-bayern.de\/en\/veranstaltung\/gotteshaus-denkmal-kostenfaktor\/","title":{"rendered":"Gotteshaus, Denkmal, Kostenfaktor"},"content":{"rendered":"<p>Nach zahlreichen Tagungen zur Zukunft von Gottesh\u00e4usern melden sich nun die beiden gro\u00dfen Kirchen Bayerns zu Wort. Die evangelische und katholische Kirche sind zusammen die gr\u00f6\u00dften Denkmalbesitzer in Bayern. Doch wie sollen Kirchenbauten, die nicht mehr f\u00fcr den Gottesdienst ben\u00f6tigt und nicht mehr finanziert werden k\u00f6nnen, in Zukunft erhalten und unterhalten werden? Die Tagung bietet nicht nur Blicke hinter die Kulissen der Finanz-, Bau- und Denkmalpflegeabteilungen der beiden gro\u00dfen Kirchen, sondern spiegelt auch den intensiven Dialog mit dem Bayerischen Landesamt f\u00fcr Denkmalpflege und den Gemeinden vor Ort.<\/p>\n<p>Die Situation der Kirchen in Bayern und die rechtlichen, pastoralen und wirtschaftlichen Herausforderungen mit Blick auf Umnutzung oder Verkauf von denkmalgesch\u00fctzten Kirchenimmobilien und deren k\u00fcnstlerischen Ausstattung sollen transparent aufgezeigt werden. Dazu werden F\u00fchrungsverantwortliche der beiden gro\u00dfen Kirchen, Entscheidungstr\u00e4ger in Pfarr- und Kirchengemeinden, Vertreter des Denkmalschutzes, der Heimatpflege, Pastoraltheologen und auch betriebswirtschaftlich denkende Menschen w\u00e4hrend unserer dreit\u00e4gigen Veranstaltung miteinander ins Gespr\u00e4ch kommen. Ziel ist es, gemeinsam L\u00f6sungen zu entwickeln, die alle Bed\u00fcrfnisse in den Blick nehmen. <\/p>\n<p>Erg\u00e4nzt werden die Referate und Podiumsgespr\u00e4che durch Best-Practice-Beispiele \u2013 wir haben uns auch au\u00dferhalb Bayerns umgeschaut \u2013 sowie Exkursionen zu Kirchen in M\u00fcnchen, die bereits eine Umgestaltung erfahren haben oder ihrer harren.<\/p>\n<p>Die Tagung richtet sich an Hauptamtliche in den Kirchen und in staatlichen Beh\u00f6rden, die mit Denkmalschutz zu tun haben, aber genauso an alle, die sich um die Zukunft der Kirchenbauten Gedanken machen, Zusammenh\u00e4nge verstehen und Anregungen suchen wollen.<\/p>","protected":false},"excerpt":{"rendered":"<p>Wer und was bestimmt wirklich \u00fcber die Zukunft der Kirchen?<\/p>","protected":false},"author":13,"featured_media":117670,"menu_order":26,"template":"","meta":{"_relevanssi_hide_post":"","_relevanssi_hide_content":"","_relevanssi_pin_for_all":"","_relevanssi_pin_keywords":"","_relevanssi_unpin_keywords":"","_relevanssi_related_keywords":"","_relevanssi_related_include_ids":"","_relevanssi_related_exclude_ids":"","_relevanssi_related_no_append":"","_relevanssi_related_not_related":"","_relevanssi_related_posts":"","_relevanssi_noindex_reason":"","footnotes":""},"class_list":["post-118066","event","type-event","status-publish","has-post-thumbnail","hentry","event-category-theologie-kirche-spiritualitaet","event-tags-kirche-denkmalschutz"],"yoast_head":"<!-- This site is optimized with the Yoast SEO plugin v27.4 - https:\/\/yoast.com\/product\/yoast-seo-wordpress\/ -->\n<title>Gotteshaus, Denkmal, Kostenfaktor - Katholische Akademie in Bayern<\/title>\n<meta name=\"robots\" content=\"index, follow, max-snippet:-1, max-image-preview:large, max-video-preview:-1\" \/>\n<link rel=\"canonical\" href=\"https:\/\/kath-akademie-bayern.de\/en\/veranstaltung\/gotteshaus-denkmal-kostenfaktor\/\" \/>\n<meta property=\"og:locale\" content=\"en_GB\" \/>\n<meta property=\"og:type\" content=\"article\" \/>\n<meta property=\"og:title\" content=\"Gotteshaus, Denkmal, Kostenfaktor - Katholische Akademie in Bayern\" \/>\n<meta property=\"og:description\" content=\"Wer und was bestimmt wirklich \u00fcber die Zukunft der Kirchen?\" \/>\n<meta property=\"og:url\" content=\"https:\/\/kath-akademie-bayern.de\/en\/veranstaltung\/gotteshaus-denkmal-kostenfaktor\/\" \/>\n<meta property=\"og:site_name\" content=\"Katholische Akademie in Bayern\" \/>\n<meta property=\"article:publisher\" content=\"https:\/\/www.facebook.com\/katholische.akademie.bayern\/\" \/>\n<meta property=\"article:modified_time\" content=\"2026-04-11T12:02:17+00:00\" \/>\n<meta property=\"og:image\" content=\"https:\/\/kath-akademie-bayern.de\/wp-content\/uploads\/2026-03-12.jpg\" \/>\n\t<meta property=\"og:image:width\" content=\"788\" \/>\n\t<meta property=\"og:image:height\" content=\"443\" \/>\n\t<meta property=\"og:image:type\" content=\"image\/jpeg\" \/>\n<meta name=\"twitter:card\" content=\"summary_large_image\" \/>\n<meta name=\"twitter:label1\" content=\"Estimated reading time\" \/>\n\t<meta name=\"twitter:data1\" content=\"1 minute\" \/>\n<script type=\"application\/ld+json\" class=\"yoast-schema-graph\">{\"@context\":\"https:\\\/\\\/schema.org\",\"@graph\":[{\"@type\":\"WebPage\",\"@id\":\"https:\\\/\\\/kath-akademie-bayern.de\\\/veranstaltung\\\/gotteshaus-denkmal-kostenfaktor\\\/\",\"url\":\"https:\\\/\\\/kath-akademie-bayern.de\\\/veranstaltung\\\/gotteshaus-denkmal-kostenfaktor\\\/\",\"name\":\"Gotteshaus, Denkmal, Kostenfaktor - Katholische Akademie in Bayern\",\"isPartOf\":{\"@id\":\"https:\\\/\\\/kath-akademie-bayern.de\\\/#website\"},\"primaryImageOfPage\":{\"@id\":\"https:\\\/\\\/kath-akademie-bayern.de\\\/veranstaltung\\\/gotteshaus-denkmal-kostenfaktor\\\/#primaryimage\"},\"image\":{\"@id\":\"https:\\\/\\\/kath-akademie-bayern.de\\\/veranstaltung\\\/gotteshaus-denkmal-kostenfaktor\\\/#primaryimage\"},\"thumbnailUrl\":\"https:\\\/\\\/kath-akademie-bayern.de\\\/wp-content\\\/uploads\\\/2026-03-12.jpg\",\"datePublished\":\"2026-01-20T10:00:50+00:00\",\"dateModified\":\"2026-04-11T12:02:17+00:00\",\"breadcrumb\":{\"@id\":\"https:\\\/\\\/kath-akademie-bayern.de\\\/veranstaltung\\\/gotteshaus-denkmal-kostenfaktor\\\/#breadcrumb\"},\"inLanguage\":\"en-GB\",\"potentialAction\":[{\"@type\":\"ReadAction\",\"target\":[\"https:\\\/\\\/kath-akademie-bayern.de\\\/veranstaltung\\\/gotteshaus-denkmal-kostenfaktor\\\/\"]}]},{\"@type\":\"ImageObject\",\"inLanguage\":\"en-GB\",\"@id\":\"https:\\\/\\\/kath-akademie-bayern.de\\\/veranstaltung\\\/gotteshaus-denkmal-kostenfaktor\\\/#primaryimage\",\"url\":\"https:\\\/\\\/kath-akademie-bayern.de\\\/wp-content\\\/uploads\\\/2026-03-12.jpg\",\"contentUrl\":\"https:\\\/\\\/kath-akademie-bayern.de\\\/wp-content\\\/uploads\\\/2026-03-12.jpg\",\"width\":788,\"height\":443},{\"@type\":\"BreadcrumbList\",\"@id\":\"https:\\\/\\\/kath-akademie-bayern.de\\\/veranstaltung\\\/gotteshaus-denkmal-kostenfaktor\\\/#breadcrumb\",\"itemListElement\":[{\"@type\":\"ListItem\",\"position\":1,\"name\":\"Startseite\",\"item\":\"https:\\\/\\\/kath-akademie-bayern.de\\\/\"},{\"@type\":\"ListItem\",\"position\":2,\"name\":\"Gotteshaus, Denkmal, Kostenfaktor\"}]},{\"@type\":\"WebSite\",\"@id\":\"https:\\\/\\\/kath-akademie-bayern.de\\\/#website\",\"url\":\"https:\\\/\\\/kath-akademie-bayern.de\\\/\",\"name\":\"Katholische Akademie in Bayern\",\"description\":\"Kirche braucht Debatte: \u201ekatholisch\u201c mit Blick auf das Ganze \u2013 und \u201eakademisch\u201c im Vertrauen auf die Kraft der Argumente\",\"publisher\":{\"@id\":\"https:\\\/\\\/kath-akademie-bayern.de\\\/#organization\"},\"potentialAction\":[{\"@type\":\"SearchAction\",\"target\":{\"@type\":\"EntryPoint\",\"urlTemplate\":\"https:\\\/\\\/kath-akademie-bayern.de\\\/?s={search_term_string}\"},\"query-input\":{\"@type\":\"PropertyValueSpecification\",\"valueRequired\":true,\"valueName\":\"search_term_string\"}}],\"inLanguage\":\"en-GB\"},{\"@type\":\"Organization\",\"@id\":\"https:\\\/\\\/kath-akademie-bayern.de\\\/#organization\",\"name\":\"Katholische Akademie in Bayern\",\"url\":\"https:\\\/\\\/kath-akademie-bayern.de\\\/\",\"logo\":{\"@type\":\"ImageObject\",\"inLanguage\":\"en-GB\",\"@id\":\"https:\\\/\\\/kath-akademie-bayern.de\\\/#\\\/schema\\\/logo\\\/image\\\/\",\"url\":\"https:\\\/\\\/kath-akademie-bayern.de\\\/wp-content\\\/uploads\\\/Menue-Logo-Home@2x.png\",\"contentUrl\":\"https:\\\/\\\/kath-akademie-bayern.de\\\/wp-content\\\/uploads\\\/Menue-Logo-Home@2x.png\",\"width\":496,\"height\":216,\"caption\":\"Katholische Akademie in Bayern\"},\"image\":{\"@id\":\"https:\\\/\\\/kath-akademie-bayern.de\\\/#\\\/schema\\\/logo\\\/image\\\/\"},\"sameAs\":[\"https:\\\/\\\/www.facebook.com\\\/katholische.akademie.bayern\\\/\"]}]}<\/script>\n<!-- \/ Yoast SEO plugin. -->","yoast_head_json":{"title":"Gotteshaus, Denkmal, Kostenfaktor - Katholische Akademie in Bayern","robots":{"index":"index","follow":"follow","max-snippet":"max-snippet:-1","max-image-preview":"max-image-preview:large","max-video-preview":"max-video-preview:-1"},"canonical":"https:\/\/kath-akademie-bayern.de\/en\/veranstaltung\/gotteshaus-denkmal-kostenfaktor\/","og_locale":"en_GB","og_type":"article","og_title":"Gotteshaus, Denkmal, Kostenfaktor - Katholische Akademie in Bayern","og_description":"Wer und was bestimmt wirklich \u00fcber die Zukunft der Kirchen?","og_url":"https:\/\/kath-akademie-bayern.de\/en\/veranstaltung\/gotteshaus-denkmal-kostenfaktor\/","og_site_name":"Katholische Akademie in Bayern","article_publisher":"https:\/\/www.facebook.com\/katholische.akademie.bayern\/","article_modified_time":"2026-04-11T12:02:17+00:00","og_image":[{"width":788,"height":443,"url":"https:\/\/kath-akademie-bayern.de\/wp-content\/uploads\/2026-03-12.jpg","type":"image\/jpeg"}],"twitter_card":"summary_large_image","twitter_misc":{"Estimated reading time":"1 minute"},"schema":{"@context":"https:\/\/schema.org","@graph":[{"@type":"WebPage","@id":"https:\/\/kath-akademie-bayern.de\/veranstaltung\/gotteshaus-denkmal-kostenfaktor\/","url":"https:\/\/kath-akademie-bayern.de\/veranstaltung\/gotteshaus-denkmal-kostenfaktor\/","name":"Gotteshaus, Denkmal, Kostenfaktor - Katholische Akademie in Bayern","isPartOf":{"@id":"https:\/\/kath-akademie-bayern.de\/#website"},"primaryImageOfPage":{"@id":"https:\/\/kath-akademie-bayern.de\/veranstaltung\/gotteshaus-denkmal-kostenfaktor\/#primaryimage"},"image":{"@id":"https:\/\/kath-akademie-bayern.de\/veranstaltung\/gotteshaus-denkmal-kostenfaktor\/#primaryimage"},"thumbnailUrl":"https:\/\/kath-akademie-bayern.de\/wp-content\/uploads\/2026-03-12.jpg","datePublished":"2026-01-20T10:00:50+00:00","dateModified":"2026-04-11T12:02:17+00:00","breadcrumb":{"@id":"https:\/\/kath-akademie-bayern.de\/veranstaltung\/gotteshaus-denkmal-kostenfaktor\/#breadcrumb"},"inLanguage":"en-GB","potentialAction":[{"@type":"ReadAction","target":["https:\/\/kath-akademie-bayern.de\/veranstaltung\/gotteshaus-denkmal-kostenfaktor\/"]}]},{"@type":"ImageObject","inLanguage":"en-GB","@id":"https:\/\/kath-akademie-bayern.de\/veranstaltung\/gotteshaus-denkmal-kostenfaktor\/#primaryimage","url":"https:\/\/kath-akademie-bayern.de\/wp-content\/uploads\/2026-03-12.jpg","contentUrl":"https:\/\/kath-akademie-bayern.de\/wp-content\/uploads\/2026-03-12.jpg","width":788,"height":443},{"@type":"BreadcrumbList","@id":"https:\/\/kath-akademie-bayern.de\/veranstaltung\/gotteshaus-denkmal-kostenfaktor\/#breadcrumb","itemListElement":[{"@type":"ListItem","position":1,"name":"Startseite","item":"https:\/\/kath-akademie-bayern.de\/"},{"@type":"ListItem","position":2,"name":"Gotteshaus, Denkmal, Kostenfaktor"}]},{"@type":"WebSite","@id":"https:\/\/kath-akademie-bayern.de\/#website","url":"https:\/\/kath-akademie-bayern.de\/","name":"Catholic Academy in Bavaria","description":"Church needs debate: \"catholic\" looking at the whole - and \"academic\" trusting in the power of arguments","publisher":{"@id":"https:\/\/kath-akademie-bayern.de\/#organization"},"potentialAction":[{"@type":"SearchAction","target":{"@type":"EntryPoint","urlTemplate":"https:\/\/kath-akademie-bayern.de\/?s={search_term_string}"},"query-input":{"@type":"PropertyValueSpecification","valueRequired":true,"valueName":"search_term_string"}}],"inLanguage":"en-GB"},{"@type":"Organization","@id":"https:\/\/kath-akademie-bayern.de\/#organization","name":"Catholic Academy in Bavaria","url":"https:\/\/kath-akademie-bayern.de\/","logo":{"@type":"ImageObject","inLanguage":"en-GB","@id":"https:\/\/kath-akademie-bayern.de\/#\/schema\/logo\/image\/","url":"https:\/\/kath-akademie-bayern.de\/wp-content\/uploads\/Menue-Logo-Home@2x.png","contentUrl":"https:\/\/kath-akademie-bayern.de\/wp-content\/uploads\/Menue-Logo-Home@2x.png","width":496,"height":216,"caption":"Katholische Akademie in Bayern"},"image":{"@id":"https:\/\/kath-akademie-bayern.de\/#\/schema\/logo\/image\/"},"sameAs":["https:\/\/www.facebook.com\/katholische.akademie.bayern\/"]}]}},"_links":{"self":[{"href":"https:\/\/kath-akademie-bayern.de\/en\/wp-json\/wp\/v2\/event\/118066","targetHints":{"allow":["GET"]}}],"collection":[{"href":"https:\/\/kath-akademie-bayern.de\/en\/wp-json\/wp\/v2\/event"}],"about":[{"href":"https:\/\/kath-akademie-bayern.de\/en\/wp-json\/wp\/v2\/types\/event"}],"author":[{"embeddable":true,"href":"https:\/\/kath-akademie-bayern.de\/en\/wp-json\/wp\/v2\/users\/13"}],"version-history":[{"count":4,"href":"https:\/\/kath-akademie-bayern.de\/en\/wp-json\/wp\/v2\/event\/118066\/revisions"}],"predecessor-version":[{"id":118192,"href":"https:\/\/kath-akademie-bayern.de\/en\/wp-json\/wp\/v2\/event\/118066\/revisions\/118192"}],"wp:featuredmedia":[{"embeddable":true,"href":"https:\/\/kath-akademie-bayern.de\/en\/wp-json\/wp\/v2\/media\/117670"}],"wp:attachment":[{"href":"https:\/\/kath-akademie-bayern.de\/en\/wp-json\/wp\/v2\/media?parent=118066"}],"curies":[{"name":"wp","href":"https:\/\/api.w.org\/{rel}","templated":true}]}}

<p>Nach zahlreichen Tagungen zur Zukunft von Gotteshäusern melden sich nun die beiden großen Kirchen Bayerns zu Wort. Die evangelische und katholische Kirche sind zusammen die größten Denkmalbesitzer in Bayern. Doch wie sollen Kirchenbauten, die nicht mehr für den Gottesdienst benötigt und nicht mehr finanziert werden können, in Zukunft erhalten und unterhalten werden? Die Tagung bietet nicht nur Blicke hinter die Kulissen der Finanz-, Bau- und Denkmalpflegeabteilungen der beiden großen Kirchen, sondern spiegelt auch den intensiven Dialog mit dem Bayerischen Landesamt für Denkmalpflege und den Gemeinden vor Ort.</p>
<p>Die Situation der Kirchen in Bayern und die rechtlichen, pastoralen und wirtschaftlichen Herausforderungen mit Blick auf Umnutzung oder Verkauf von denkmalgeschützten Kirchenimmobilien und deren künstlerischen Ausstattung sollen transparent aufgezeigt werden. Dazu werden Führungsverantwortliche der beiden großen Kirchen, Entscheidungsträger in Pfarr- und Kirchengemeinden, Vertreter des Denkmalschutzes, der Heimatpflege, Pastoraltheologen und auch betriebswirtschaftlich denkende Menschen während unserer dreitägigen Veranstaltung miteinander ins Gespräch kommen. Ziel ist es, gemeinsam Lösungen zu entwickeln, die alle Bedürfnisse in den Blick nehmen. </p>
<p>Ergänzt werden die Referate und Podiumsgespräche durch Best-Practice-Beispiele – wir haben uns auch außerhalb Bayerns umgeschaut – sowie Exkursionen zu Kirchen in München, die bereits eine Umgestaltung erfahren haben oder ihrer harren.</p>
<p>Die Tagung richtet sich an Hauptamtliche in den Kirchen und in staatlichen Behörden, die mit Denkmalschutz zu tun haben, aber genauso an alle, die sich um die Zukunft der Kirchenbauten Gedanken machen, Zusammenhänge verstehen und Anregungen suchen wollen.</p>

<p>Wer und was bestimmt wirklich über die Zukunft der Kirchen?</p>

<!-- This site is optimized with the Yoast SEO plugin v27.4 - https://yoast.com/product/yoast-seo-wordpress/ -->
<title>Gotteshaus, Denkmal, Kostenfaktor - Katholische Akademie in Bayern</title>
<meta name="robots" content="index, follow, max-snippet:-1, max-image-preview:large, max-video-preview:-1" />
<link rel="canonical" href="https://kath-akademie-bayern.de/en/veranstaltung/gotteshaus-denkmal-kostenfaktor/" />
<meta property="og:locale" content="en_GB" />
<meta property="og:type" content="article" />
<meta property="og:title" content="Gotteshaus, Denkmal, Kostenfaktor - Katholische Akademie in Bayern" />
<meta property="og:description" content="Wer und was bestimmt wirklich über die Zukunft der Kirchen?" />
<meta property="og:url" content="https://kath-akademie-bayern.de/en/veranstaltung/gotteshaus-denkmal-kostenfaktor/" />
<meta property="og:site_name" content="Katholische Akademie in Bayern" />
<meta property="article:publisher" content="https://www.facebook.com/katholische.akademie.bayern/" />
<meta property="article:modified_time" content="2026-04-11T12:02:17+00:00" />
<meta property="og:image" content="https://kath-akademie-bayern.de/wp-content/uploads/2026-03-12.jpg" />
	<meta property="og:image:width" content="788" />
	<meta property="og:image:height" content="443" />
	<meta property="og:image:type" content="image/jpeg" />
<meta name="twitter:card" content="summary_large_image" />
<meta name="twitter:label1" content="Estimated reading time" />
	<meta name="twitter:data1" content="1 minute" />
<script type="application/ld+json" class="yoast-schema-graph">{"@context":"https:\/\/schema.org","@graph":[{"@type":"WebPage","@id":"https:\/\/kath-akademie-bayern.de\/veranstaltung\/gotteshaus-denkmal-kostenfaktor\/","url":"https:\/\/kath-akademie-bayern.de\/veranstaltung\/gotteshaus-denkmal-kostenfaktor\/","name":"Gotteshaus, Denkmal, Kostenfaktor - Katholische Akademie in Bayern","isPartOf":{"@id":"https:\/\/kath-akademie-bayern.de\/#website"},"primaryImageOfPage":{"@id":"https:\/\/kath-akademie-bayern.de\/veranstaltung\/gotteshaus-denkmal-kostenfaktor\/#primaryimage"},"image":{"@id":"https:\/\/kath-akademie-bayern.de\/veranstaltung\/gotteshaus-denkmal-kostenfaktor\/#primaryimage"},"thumbnailUrl":"https:\/\/kath-akademie-bayern.de\/wp-content\/uploads\/2026-03-12.jpg","datePublished":"2026-01-20T10:00:50+00:00","dateModified":"2026-04-11T12:02:17+00:00","breadcrumb":{"@id":"https:\/\/kath-akademie-bayern.de\/veranstaltung\/gotteshaus-denkmal-kostenfaktor\/#breadcrumb"},"inLanguage":"en-GB","potentialAction":[{"@type":"ReadAction","target":["https:\/\/kath-akademie-bayern.de\/veranstaltung\/gotteshaus-denkmal-kostenfaktor\/"]}]},{"@type":"ImageObject","inLanguage":"en-GB","@id":"https:\/\/kath-akademie-bayern.de\/veranstaltung\/gotteshaus-denkmal-kostenfaktor\/#primaryimage","url":"https:\/\/kath-akademie-bayern.de\/wp-content\/uploads\/2026-03-12.jpg","contentUrl":"https:\/\/kath-akademie-bayern.de\/wp-content\/uploads\/2026-03-12.jpg","width":788,"height":443},{"@type":"BreadcrumbList","@id":"https:\/\/kath-akademie-bayern.de\/veranstaltung\/gotteshaus-denkmal-kostenfaktor\/#breadcrumb","itemListElement":[{"@type":"ListItem","position":1,"name":"Startseite","item":"https:\/\/kath-akademie-bayern.de\/"},{"@type":"ListItem","position":2,"name":"Gotteshaus, Denkmal, Kostenfaktor"}]},{"@type":"WebSite","@id":"https:\/\/kath-akademie-bayern.de\/#website","url":"https:\/\/kath-akademie-bayern.de\/","name":"Katholische Akademie in Bayern","description":"Kirche braucht Debatte: „katholisch“ mit Blick auf das Ganze – und „akademisch“ im Vertrauen auf die Kraft der Argumente","publisher":{"@id":"https:\/\/kath-akademie-bayern.de\/#organization"},"potentialAction":[{"@type":"SearchAction","target":{"@type":"EntryPoint","urlTemplate":"https:\/\/kath-akademie-bayern.de\/?s={search_term_string}"},"query-input":{"@type":"PropertyValueSpecification","valueRequired":true,"valueName":"search_term_string"}}],"inLanguage":"en-GB"},{"@type":"Organization","@id":"https:\/\/kath-akademie-bayern.de\/#organization","name":"Katholische Akademie in Bayern","url":"https:\/\/kath-akademie-bayern.de\/","logo":{"@type":"ImageObject","inLanguage":"en-GB","@id":"https:\/\/kath-akademie-bayern.de\/#\/schema\/logo\/image\/","url":"https:\/\/kath-akademie-bayern.de\/wp-content\/uploads\/Menue-Logo-Home@2x.png","contentUrl":"https:\/\/kath-akademie-bayern.de\/wp-content\/uploads\/Menue-Logo-Home@2x.png","width":496,"height":216,"caption":"Katholische Akademie in Bayern"},"image":{"@id":"https:\/\/kath-akademie-bayern.de\/#\/schema\/logo\/image\/"},"sameAs":["https:\/\/www.facebook.com\/katholische.akademie.bayern\/"]}]}</script>
<!-- / Yoast SEO plugin. -->

Wer und was bestimmt wirklich über die Zukunft der Kirchen?
