{"id":118647,"date":"2026-02-10T09:34:23","date_gmt":"2026-02-10T08:34:23","guid":{"rendered":"https:\/\/kath-akademie-bayern.de\/veranstaltung\/social-media-verbot-fuer-jugendliche\/"},"modified":"2026-03-27T11:01:54","modified_gmt":"2026-03-27T10:01:54","slug":"social-media-verbot-fuer-jugendliche","status":"publish","type":"event","link":"https:\/\/kath-akademie-bayern.de\/en\/veranstaltung\/social-media-verbot-fuer-jugendliche\/","title":{"rendered":"Social-Media-Verbot f\u00fcr Jugendliche?"},"content":{"rendered":"<p>Probleme und Risiken der Social-Media-Nutzung werden breit diskutiert. Aber was hilft? Dass ein pauschales Verbot f\u00fcr Jugendliche die Probleme l\u00f6sen k\u00f6nnte, l\u00e4sst sich wissenschaftlich nicht erh\u00e4rten. Aber welche pr\u00e4ziseren Instrumente helfen weiter?<br \/>\nWir wollen uns auf der H\u00f6he der Forschung informieren: Welche Regelungen und Gesetze gelten bereits, und welche Wirkung zeigen sie? Wo liegt die Grenze zwischen Kundenbindung und Sucht? G\u00e4be es Alternativen zu den eingesetzten Algorithmen? Was will die Europ\u00e4ische Union und welche Handlungsoptionen h\u00e4tte sie? Welche p\u00e4dagogischen Methoden k\u00f6nnen die Kinder und Jugendlichen f\u00fcr einen verantwortungsvollen Umgang r\u00fcsten? Wie weit und um welcher Vorteile willen darf Teilhabe eingeschr\u00e4nkt werden? Wie m\u00fcsste das Handeln von Staat, Eltern, Schule, Konzernen und den Kindern und Jugendlichen selbst zusammenspielen? <\/p>\n<p>Heute zu Gast:<br \/>\n<b>Dr. Stephan Dreyer<\/b> ist Senior Researcher f\u00fcr Medienrecht und Media Governance am Hamburger &#8222;Leibniz-Institut f\u00fcr Medienforschung | Hans-Bredow-Institut (HBI)&#8220;. Er befasst sich vor allem mit den rechtlichen Fragen rund um die Regulierung von Social Media im Schnittfeld von Jugendschutz und Datenschutz und kann eine fundierte Einsch\u00e4tzung geben, welche L\u00f6sungsans\u00e4tze angesichts neuer Technologien, Angebotsstrukturen und Nutzungspraktiken Erfolg versprechen.<\/p>\n<p><b>Kerstin Heinemann<\/b> vertritt das &#8222;JFF &#8211; Institut f\u00fcr Medienp\u00e4dagogik in Forschung und Praxis&#8220;, das seit 77 Jahren in einer besonderen Verbindung aus Theorie, Forschung und Praxis die Medienaneignung kleiner und gro\u00dfer Menschen begleitet. Ihre medienp\u00e4dagogische Arbeit ist gepr\u00e4gt von dem Anliegen, das Handlungsrepertoire der Jugendlichen zu erweitern und die Gr\u00f6\u00dfen Schutz, Kompetenz und Teilhabe in ein ausgewogenes Verh\u00e4ltnis zu bringen.<\/p>","protected":false},"excerpt":{"rendered":"<p>Akademiegespr\u00e4ch am Mittag mit Kerstin Heinemann und Dr. Stephan Dreyer (NUR ONLINE)<\/p>","protected":false},"author":5,"featured_media":118556,"menu_order":21,"template":"","meta":{"_relevanssi_hide_post":"","_relevanssi_hide_content":"","_relevanssi_pin_for_all":"","_relevanssi_pin_keywords":"","_relevanssi_unpin_keywords":"","_relevanssi_related_keywords":"","_relevanssi_related_include_ids":"","_relevanssi_related_exclude_ids":"","_relevanssi_related_no_append":"","_relevanssi_related_not_related":"","_relevanssi_related_posts":"","_relevanssi_noindex_reason":"","footnotes":""},"class_list":["post-118647","event","type-event","status-publish","has-post-thumbnail","hentry","event-category-gesellschaft-wirtschaft-politik","focus-area-akademiegespraech-am-mittag"],"yoast_head":"<!-- This site is optimized with the Yoast SEO plugin v27.4 - https:\/\/yoast.com\/product\/yoast-seo-wordpress\/ -->\n<title>Social-Media-Verbot f\u00fcr Jugendliche? - Katholische Akademie in Bayern<\/title>\n<meta name=\"robots\" content=\"index, follow, max-snippet:-1, max-image-preview:large, max-video-preview:-1\" \/>\n<link rel=\"canonical\" href=\"https:\/\/kath-akademie-bayern.de\/en\/veranstaltung\/social-media-verbot-fuer-jugendliche\/\" \/>\n<meta property=\"og:locale\" content=\"en_GB\" \/>\n<meta property=\"og:type\" content=\"article\" \/>\n<meta property=\"og:title\" content=\"Social-Media-Verbot f\u00fcr Jugendliche? - Katholische Akademie in Bayern\" \/>\n<meta property=\"og:description\" content=\"Akademiegespr\u00e4ch am Mittag mit Kerstin Heinemann und Dr. Stephan Dreyer (NUR ONLINE)\" \/>\n<meta property=\"og:url\" content=\"https:\/\/kath-akademie-bayern.de\/en\/veranstaltung\/social-media-verbot-fuer-jugendliche\/\" \/>\n<meta property=\"og:site_name\" content=\"Katholische Akademie in Bayern\" \/>\n<meta property=\"article:publisher\" content=\"https:\/\/www.facebook.com\/katholische.akademie.bayern\/\" \/>\n<meta property=\"article:modified_time\" content=\"2026-03-27T10:01:54+00:00\" \/>\n<meta property=\"og:image\" content=\"https:\/\/kath-akademie-bayern.de\/wp-content\/uploads\/2026-02-25.jpg\" \/>\n\t<meta property=\"og:image:width\" content=\"1800\" \/>\n\t<meta property=\"og:image:height\" content=\"1013\" \/>\n\t<meta property=\"og:image:type\" content=\"image\/jpeg\" \/>\n<meta name=\"twitter:card\" content=\"summary_large_image\" \/>\n<meta name=\"twitter:label1\" content=\"Estimated reading time\" \/>\n\t<meta name=\"twitter:data1\" content=\"2 minutes\" \/>\n<script type=\"application\/ld+json\" class=\"yoast-schema-graph\">{\"@context\":\"https:\\\/\\\/schema.org\",\"@graph\":[{\"@type\":\"WebPage\",\"@id\":\"https:\\\/\\\/kath-akademie-bayern.de\\\/veranstaltung\\\/social-media-verbot-fuer-jugendliche\\\/\",\"url\":\"https:\\\/\\\/kath-akademie-bayern.de\\\/veranstaltung\\\/social-media-verbot-fuer-jugendliche\\\/\",\"name\":\"Social-Media-Verbot f\u00fcr Jugendliche? - Katholische Akademie in Bayern\",\"isPartOf\":{\"@id\":\"https:\\\/\\\/kath-akademie-bayern.de\\\/#website\"},\"primaryImageOfPage\":{\"@id\":\"https:\\\/\\\/kath-akademie-bayern.de\\\/veranstaltung\\\/social-media-verbot-fuer-jugendliche\\\/#primaryimage\"},\"image\":{\"@id\":\"https:\\\/\\\/kath-akademie-bayern.de\\\/veranstaltung\\\/social-media-verbot-fuer-jugendliche\\\/#primaryimage\"},\"thumbnailUrl\":\"https:\\\/\\\/kath-akademie-bayern.de\\\/wp-content\\\/uploads\\\/2026-02-25.jpg\",\"datePublished\":\"2026-02-10T08:34:23+00:00\",\"dateModified\":\"2026-03-27T10:01:54+00:00\",\"breadcrumb\":{\"@id\":\"https:\\\/\\\/kath-akademie-bayern.de\\\/veranstaltung\\\/social-media-verbot-fuer-jugendliche\\\/#breadcrumb\"},\"inLanguage\":\"en-GB\",\"potentialAction\":[{\"@type\":\"ReadAction\",\"target\":[\"https:\\\/\\\/kath-akademie-bayern.de\\\/veranstaltung\\\/social-media-verbot-fuer-jugendliche\\\/\"]}]},{\"@type\":\"ImageObject\",\"inLanguage\":\"en-GB\",\"@id\":\"https:\\\/\\\/kath-akademie-bayern.de\\\/veranstaltung\\\/social-media-verbot-fuer-jugendliche\\\/#primaryimage\",\"url\":\"https:\\\/\\\/kath-akademie-bayern.de\\\/wp-content\\\/uploads\\\/2026-02-25.jpg\",\"contentUrl\":\"https:\\\/\\\/kath-akademie-bayern.de\\\/wp-content\\\/uploads\\\/2026-02-25.jpg\",\"width\":1800,\"height\":1013},{\"@type\":\"BreadcrumbList\",\"@id\":\"https:\\\/\\\/kath-akademie-bayern.de\\\/veranstaltung\\\/social-media-verbot-fuer-jugendliche\\\/#breadcrumb\",\"itemListElement\":[{\"@type\":\"ListItem\",\"position\":1,\"name\":\"Startseite\",\"item\":\"https:\\\/\\\/kath-akademie-bayern.de\\\/\"},{\"@type\":\"ListItem\",\"position\":2,\"name\":\"Social-Media-Verbot f\u00fcr Jugendliche?\"}]},{\"@type\":\"WebSite\",\"@id\":\"https:\\\/\\\/kath-akademie-bayern.de\\\/#website\",\"url\":\"https:\\\/\\\/kath-akademie-bayern.de\\\/\",\"name\":\"Katholische Akademie in Bayern\",\"description\":\"Kirche braucht Debatte: \u201ekatholisch\u201c mit Blick auf das Ganze \u2013 und \u201eakademisch\u201c im Vertrauen auf die Kraft der Argumente\",\"publisher\":{\"@id\":\"https:\\\/\\\/kath-akademie-bayern.de\\\/#organization\"},\"potentialAction\":[{\"@type\":\"SearchAction\",\"target\":{\"@type\":\"EntryPoint\",\"urlTemplate\":\"https:\\\/\\\/kath-akademie-bayern.de\\\/?s={search_term_string}\"},\"query-input\":{\"@type\":\"PropertyValueSpecification\",\"valueRequired\":true,\"valueName\":\"search_term_string\"}}],\"inLanguage\":\"en-GB\"},{\"@type\":\"Organization\",\"@id\":\"https:\\\/\\\/kath-akademie-bayern.de\\\/#organization\",\"name\":\"Katholische Akademie in Bayern\",\"url\":\"https:\\\/\\\/kath-akademie-bayern.de\\\/\",\"logo\":{\"@type\":\"ImageObject\",\"inLanguage\":\"en-GB\",\"@id\":\"https:\\\/\\\/kath-akademie-bayern.de\\\/#\\\/schema\\\/logo\\\/image\\\/\",\"url\":\"https:\\\/\\\/kath-akademie-bayern.de\\\/wp-content\\\/uploads\\\/Menue-Logo-Home@2x.png\",\"contentUrl\":\"https:\\\/\\\/kath-akademie-bayern.de\\\/wp-content\\\/uploads\\\/Menue-Logo-Home@2x.png\",\"width\":496,\"height\":216,\"caption\":\"Katholische Akademie in Bayern\"},\"image\":{\"@id\":\"https:\\\/\\\/kath-akademie-bayern.de\\\/#\\\/schema\\\/logo\\\/image\\\/\"},\"sameAs\":[\"https:\\\/\\\/www.facebook.com\\\/katholische.akademie.bayern\\\/\"]}]}<\/script>\n<!-- \/ Yoast SEO plugin. -->","yoast_head_json":{"title":"Social-Media-Verbot f\u00fcr Jugendliche? - Katholische Akademie in Bayern","robots":{"index":"index","follow":"follow","max-snippet":"max-snippet:-1","max-image-preview":"max-image-preview:large","max-video-preview":"max-video-preview:-1"},"canonical":"https:\/\/kath-akademie-bayern.de\/en\/veranstaltung\/social-media-verbot-fuer-jugendliche\/","og_locale":"en_GB","og_type":"article","og_title":"Social-Media-Verbot f\u00fcr Jugendliche? - Katholische Akademie in Bayern","og_description":"Akademiegespr\u00e4ch am Mittag mit Kerstin Heinemann und Dr. Stephan Dreyer (NUR ONLINE)","og_url":"https:\/\/kath-akademie-bayern.de\/en\/veranstaltung\/social-media-verbot-fuer-jugendliche\/","og_site_name":"Katholische Akademie in Bayern","article_publisher":"https:\/\/www.facebook.com\/katholische.akademie.bayern\/","article_modified_time":"2026-03-27T10:01:54+00:00","og_image":[{"width":1800,"height":1013,"url":"https:\/\/kath-akademie-bayern.de\/wp-content\/uploads\/2026-02-25.jpg","type":"image\/jpeg"}],"twitter_card":"summary_large_image","twitter_misc":{"Estimated reading time":"2 minutes"},"schema":{"@context":"https:\/\/schema.org","@graph":[{"@type":"WebPage","@id":"https:\/\/kath-akademie-bayern.de\/veranstaltung\/social-media-verbot-fuer-jugendliche\/","url":"https:\/\/kath-akademie-bayern.de\/veranstaltung\/social-media-verbot-fuer-jugendliche\/","name":"Social-Media-Verbot f\u00fcr Jugendliche? - Katholische Akademie in Bayern","isPartOf":{"@id":"https:\/\/kath-akademie-bayern.de\/#website"},"primaryImageOfPage":{"@id":"https:\/\/kath-akademie-bayern.de\/veranstaltung\/social-media-verbot-fuer-jugendliche\/#primaryimage"},"image":{"@id":"https:\/\/kath-akademie-bayern.de\/veranstaltung\/social-media-verbot-fuer-jugendliche\/#primaryimage"},"thumbnailUrl":"https:\/\/kath-akademie-bayern.de\/wp-content\/uploads\/2026-02-25.jpg","datePublished":"2026-02-10T08:34:23+00:00","dateModified":"2026-03-27T10:01:54+00:00","breadcrumb":{"@id":"https:\/\/kath-akademie-bayern.de\/veranstaltung\/social-media-verbot-fuer-jugendliche\/#breadcrumb"},"inLanguage":"en-GB","potentialAction":[{"@type":"ReadAction","target":["https:\/\/kath-akademie-bayern.de\/veranstaltung\/social-media-verbot-fuer-jugendliche\/"]}]},{"@type":"ImageObject","inLanguage":"en-GB","@id":"https:\/\/kath-akademie-bayern.de\/veranstaltung\/social-media-verbot-fuer-jugendliche\/#primaryimage","url":"https:\/\/kath-akademie-bayern.de\/wp-content\/uploads\/2026-02-25.jpg","contentUrl":"https:\/\/kath-akademie-bayern.de\/wp-content\/uploads\/2026-02-25.jpg","width":1800,"height":1013},{"@type":"BreadcrumbList","@id":"https:\/\/kath-akademie-bayern.de\/veranstaltung\/social-media-verbot-fuer-jugendliche\/#breadcrumb","itemListElement":[{"@type":"ListItem","position":1,"name":"Startseite","item":"https:\/\/kath-akademie-bayern.de\/"},{"@type":"ListItem","position":2,"name":"Social-Media-Verbot f\u00fcr Jugendliche?"}]},{"@type":"WebSite","@id":"https:\/\/kath-akademie-bayern.de\/#website","url":"https:\/\/kath-akademie-bayern.de\/","name":"Catholic Academy in Bavaria","description":"Church needs debate: \"catholic\" looking at the whole - and \"academic\" trusting in the power of arguments","publisher":{"@id":"https:\/\/kath-akademie-bayern.de\/#organization"},"potentialAction":[{"@type":"SearchAction","target":{"@type":"EntryPoint","urlTemplate":"https:\/\/kath-akademie-bayern.de\/?s={search_term_string}"},"query-input":{"@type":"PropertyValueSpecification","valueRequired":true,"valueName":"search_term_string"}}],"inLanguage":"en-GB"},{"@type":"Organization","@id":"https:\/\/kath-akademie-bayern.de\/#organization","name":"Catholic Academy in Bavaria","url":"https:\/\/kath-akademie-bayern.de\/","logo":{"@type":"ImageObject","inLanguage":"en-GB","@id":"https:\/\/kath-akademie-bayern.de\/#\/schema\/logo\/image\/","url":"https:\/\/kath-akademie-bayern.de\/wp-content\/uploads\/Menue-Logo-Home@2x.png","contentUrl":"https:\/\/kath-akademie-bayern.de\/wp-content\/uploads\/Menue-Logo-Home@2x.png","width":496,"height":216,"caption":"Katholische Akademie in Bayern"},"image":{"@id":"https:\/\/kath-akademie-bayern.de\/#\/schema\/logo\/image\/"},"sameAs":["https:\/\/www.facebook.com\/katholische.akademie.bayern\/"]}]}},"_links":{"self":[{"href":"https:\/\/kath-akademie-bayern.de\/en\/wp-json\/wp\/v2\/event\/118647","targetHints":{"allow":["GET"]}}],"collection":[{"href":"https:\/\/kath-akademie-bayern.de\/en\/wp-json\/wp\/v2\/event"}],"about":[{"href":"https:\/\/kath-akademie-bayern.de\/en\/wp-json\/wp\/v2\/types\/event"}],"author":[{"embeddable":true,"href":"https:\/\/kath-akademie-bayern.de\/en\/wp-json\/wp\/v2\/users\/5"}],"version-history":[{"count":10,"href":"https:\/\/kath-akademie-bayern.de\/en\/wp-json\/wp\/v2\/event\/118647\/revisions"}],"predecessor-version":[{"id":119779,"href":"https:\/\/kath-akademie-bayern.de\/en\/wp-json\/wp\/v2\/event\/118647\/revisions\/119779"}],"wp:featuredmedia":[{"embeddable":true,"href":"https:\/\/kath-akademie-bayern.de\/en\/wp-json\/wp\/v2\/media\/118556"}],"wp:attachment":[{"href":"https:\/\/kath-akademie-bayern.de\/en\/wp-json\/wp\/v2\/media?parent=118647"}],"curies":[{"name":"wp","href":"https:\/\/api.w.org\/{rel}","templated":true}]}}

Social-Media-Verbot für Jugendliche?

<p>Probleme und Risiken der Social-Media-Nutzung werden breit diskutiert. Aber was hilft? Dass ein pauschales Verbot für Jugendliche die Probleme lösen könnte, lässt sich wissenschaftlich nicht erhärten. Aber welche präziseren Instrumente helfen weiter?<br />
Wir wollen uns auf der Höhe der Forschung informieren: Welche Regelungen und Gesetze gelten bereits, und welche Wirkung zeigen sie? Wo liegt die Grenze zwischen Kundenbindung und Sucht? Gäbe es Alternativen zu den eingesetzten Algorithmen? Was will die Europäische Union und welche Handlungsoptionen hätte sie? Welche pädagogischen Methoden können die Kinder und Jugendlichen für einen verantwortungsvollen Umgang rüsten? Wie weit und um welcher Vorteile willen darf Teilhabe eingeschränkt werden? Wie müsste das Handeln von Staat, Eltern, Schule, Konzernen und den Kindern und Jugendlichen selbst zusammenspielen? </p>
<p>Heute zu Gast:<br />
<b>Dr. Stephan Dreyer</b> ist Senior Researcher für Medienrecht und Media Governance am Hamburger &#8222;Leibniz-Institut für Medienforschung | Hans-Bredow-Institut (HBI)&#8220;. Er befasst sich vor allem mit den rechtlichen Fragen rund um die Regulierung von Social Media im Schnittfeld von Jugendschutz und Datenschutz und kann eine fundierte Einschätzung geben, welche Lösungsansätze angesichts neuer Technologien, Angebotsstrukturen und Nutzungspraktiken Erfolg versprechen.</p>
<p><b>Kerstin Heinemann</b> vertritt das &#8222;JFF &#8211; Institut für Medienpädagogik in Forschung und Praxis&#8220;, das seit 77 Jahren in einer besonderen Verbindung aus Theorie, Forschung und Praxis die Medienaneignung kleiner und großer Menschen begleitet. Ihre medienpädagogische Arbeit ist geprägt von dem Anliegen, das Handlungsrepertoire der Jugendlichen zu erweitern und die Größen Schutz, Kompetenz und Teilhabe in ein ausgewogenes Verhältnis zu bringen.</p>

<p>Akademiegespräch am Mittag mit Kerstin Heinemann und Dr. Stephan Dreyer (NUR ONLINE)</p>

<!-- This site is optimized with the Yoast SEO plugin v27.4 - https://yoast.com/product/yoast-seo-wordpress/ -->
<title>Social-Media-Verbot für Jugendliche? - Katholische Akademie in Bayern</title>
<meta name="robots" content="index, follow, max-snippet:-1, max-image-preview:large, max-video-preview:-1" />
<link rel="canonical" href="https://kath-akademie-bayern.de/en/veranstaltung/social-media-verbot-fuer-jugendliche/" />
<meta property="og:locale" content="en_GB" />
<meta property="og:type" content="article" />
<meta property="og:title" content="Social-Media-Verbot für Jugendliche? - Katholische Akademie in Bayern" />
<meta property="og:description" content="Akademiegespräch am Mittag mit Kerstin Heinemann und Dr. Stephan Dreyer (NUR ONLINE)" />
<meta property="og:url" content="https://kath-akademie-bayern.de/en/veranstaltung/social-media-verbot-fuer-jugendliche/" />
<meta property="og:site_name" content="Katholische Akademie in Bayern" />
<meta property="article:publisher" content="https://www.facebook.com/katholische.akademie.bayern/" />
<meta property="article:modified_time" content="2026-03-27T10:01:54+00:00" />
<meta property="og:image" content="https://kath-akademie-bayern.de/wp-content/uploads/2026-02-25.jpg" />
	<meta property="og:image:width" content="1800" />
	<meta property="og:image:height" content="1013" />
	<meta property="og:image:type" content="image/jpeg" />
<meta name="twitter:card" content="summary_large_image" />
<meta name="twitter:label1" content="Estimated reading time" />
	<meta name="twitter:data1" content="2 minutes" />
<script type="application/ld+json" class="yoast-schema-graph">{"@context":"https:\/\/schema.org","@graph":[{"@type":"WebPage","@id":"https:\/\/kath-akademie-bayern.de\/veranstaltung\/social-media-verbot-fuer-jugendliche\/","url":"https:\/\/kath-akademie-bayern.de\/veranstaltung\/social-media-verbot-fuer-jugendliche\/","name":"Social-Media-Verbot für Jugendliche? - Katholische Akademie in Bayern","isPartOf":{"@id":"https:\/\/kath-akademie-bayern.de\/#website"},"primaryImageOfPage":{"@id":"https:\/\/kath-akademie-bayern.de\/veranstaltung\/social-media-verbot-fuer-jugendliche\/#primaryimage"},"image":{"@id":"https:\/\/kath-akademie-bayern.de\/veranstaltung\/social-media-verbot-fuer-jugendliche\/#primaryimage"},"thumbnailUrl":"https:\/\/kath-akademie-bayern.de\/wp-content\/uploads\/2026-02-25.jpg","datePublished":"2026-02-10T08:34:23+00:00","dateModified":"2026-03-27T10:01:54+00:00","breadcrumb":{"@id":"https:\/\/kath-akademie-bayern.de\/veranstaltung\/social-media-verbot-fuer-jugendliche\/#breadcrumb"},"inLanguage":"en-GB","potentialAction":[{"@type":"ReadAction","target":["https:\/\/kath-akademie-bayern.de\/veranstaltung\/social-media-verbot-fuer-jugendliche\/"]}]},{"@type":"ImageObject","inLanguage":"en-GB","@id":"https:\/\/kath-akademie-bayern.de\/veranstaltung\/social-media-verbot-fuer-jugendliche\/#primaryimage","url":"https:\/\/kath-akademie-bayern.de\/wp-content\/uploads\/2026-02-25.jpg","contentUrl":"https:\/\/kath-akademie-bayern.de\/wp-content\/uploads\/2026-02-25.jpg","width":1800,"height":1013},{"@type":"BreadcrumbList","@id":"https:\/\/kath-akademie-bayern.de\/veranstaltung\/social-media-verbot-fuer-jugendliche\/#breadcrumb","itemListElement":[{"@type":"ListItem","position":1,"name":"Startseite","item":"https:\/\/kath-akademie-bayern.de\/"},{"@type":"ListItem","position":2,"name":"Social-Media-Verbot für Jugendliche?"}]},{"@type":"WebSite","@id":"https:\/\/kath-akademie-bayern.de\/#website","url":"https:\/\/kath-akademie-bayern.de\/","name":"Katholische Akademie in Bayern","description":"Kirche braucht Debatte: „katholisch“ mit Blick auf das Ganze – und „akademisch“ im Vertrauen auf die Kraft der Argumente","publisher":{"@id":"https:\/\/kath-akademie-bayern.de\/#organization"},"potentialAction":[{"@type":"SearchAction","target":{"@type":"EntryPoint","urlTemplate":"https:\/\/kath-akademie-bayern.de\/?s={search_term_string}"},"query-input":{"@type":"PropertyValueSpecification","valueRequired":true,"valueName":"search_term_string"}}],"inLanguage":"en-GB"},{"@type":"Organization","@id":"https:\/\/kath-akademie-bayern.de\/#organization","name":"Katholische Akademie in Bayern","url":"https:\/\/kath-akademie-bayern.de\/","logo":{"@type":"ImageObject","inLanguage":"en-GB","@id":"https:\/\/kath-akademie-bayern.de\/#\/schema\/logo\/image\/","url":"https:\/\/kath-akademie-bayern.de\/wp-content\/uploads\/Menue-Logo-Home@2x.png","contentUrl":"https:\/\/kath-akademie-bayern.de\/wp-content\/uploads\/Menue-Logo-Home@2x.png","width":496,"height":216,"caption":"Katholische Akademie in Bayern"},"image":{"@id":"https:\/\/kath-akademie-bayern.de\/#\/schema\/logo\/image\/"},"sameAs":["https:\/\/www.facebook.com\/katholische.akademie.bayern\/"]}]}</script>
<!-- / Yoast SEO plugin. -->

Social-Media-Verbot für Jugendliche? - Katholische Akademie in Bayern

Akademiegespräch am Mittag mit Kerstin Heinemann und Dr. Stephan Dreyer (NUR ONLINE)
