{"id":121717,"date":"2026-04-10T16:04:28","date_gmt":"2026-04-10T14:04:28","guid":{"rendered":"https:\/\/kath-akademie-bayern.de\/veranstaltung\/die-deutsch-franzoesische-freundschaft\/"},"modified":"2026-04-30T16:02:36","modified_gmt":"2026-04-30T14:02:36","slug":"die-deutsch-franzoesische-freundschaft","status":"publish","type":"event","link":"https:\/\/kath-akademie-bayern.de\/en\/veranstaltung\/die-deutsch-franzoesische-freundschaft\/","title":{"rendered":"Die deutsch-franz\u00f6sische Freundschaft"},"content":{"rendered":"<p>Von der \u201eErbfeindschaft\u201c zu nachhaltiger Freundschaft? Die deutsch-franz\u00f6sischen Beziehungen im 20. und 21. Jahrhundert.<\/p>\n<p>Mit dem deutsch-franz\u00f6sischen Krieg und der Bismarck\u2019schen Reichsgr\u00fcndung 1870\/71 entwickelten sich die politischen Beziehungen zwischen Frankreich und Deutschland zu einem h\u00e4ufig \u201eErbfeindschaft\u201c genannten Gegensatz. Im Zeitalter der Weltkriege steigerte sich dieser noch einmal, ehe seit den 1950er Jahren eine allm\u00e4hliche Vers\u00f6hnung gelang. Eine wichtige Rolle spielte dabei die europ\u00e4ische Integration zwischen nationalem Interesse und supranationalem Prinzip. Heute wird h\u00e4ufig von der deutsch-franz\u00f6sischen \u201eFreundschaft\u201c gesprochen, ohne dass immer ganz klar ist, worin diese genau besteht.<\/p>\n<p>Der Vortrag schl\u00e4gt einen Bogen vom historischen Gegenstand bis in die Gegenwart. Dabei geht er auch auf die aktuellen Problemstellungen innerhalb eines sich wandelnden Europas und einer \u201eturbulenten\u201c Welt ein.<\/p>\n<p>Der Rotary-Club M\u00fcnchen-Schwabing und die Katholische Akademie in Bayern laden Sie herzlich ein in die stimmungsvollen Salons des nach franz\u00f6sischem Vorbild erbauten Schwabinger Schlosses Suresnes.<\/p>","protected":false},"excerpt":{"rendered":"<p>Aus der Vortragsreihe &#8222;Gegenwart im Spiegel&#8220; des RC M\u00fcnchen-Schwabing<\/p>","protected":false},"author":13,"featured_media":121705,"menu_order":7,"template":"","meta":{"_relevanssi_hide_post":"","_relevanssi_hide_content":"","_relevanssi_pin_for_all":"","_relevanssi_pin_keywords":"","_relevanssi_unpin_keywords":"","_relevanssi_related_keywords":"","_relevanssi_related_include_ids":"","_relevanssi_related_exclude_ids":"","_relevanssi_related_no_append":"","_relevanssi_related_not_related":"","_relevanssi_related_posts":"","_relevanssi_noindex_reason":"","footnotes":""},"class_list":["post-121717","event","type-event","status-publish","has-post-thumbnail","hentry","event-category-geschichte"],"yoast_head":"<!-- This site is optimized with the Yoast SEO plugin v27.4 - https:\/\/yoast.com\/product\/yoast-seo-wordpress\/ -->\n<title>Die deutsch-franz\u00f6sische Freundschaft - Katholische Akademie in Bayern<\/title>\n<meta name=\"robots\" content=\"index, follow, max-snippet:-1, max-image-preview:large, max-video-preview:-1\" \/>\n<link rel=\"canonical\" href=\"https:\/\/kath-akademie-bayern.de\/en\/veranstaltung\/die-deutsch-franzoesische-freundschaft\/\" \/>\n<meta property=\"og:locale\" content=\"en_GB\" \/>\n<meta property=\"og:type\" content=\"article\" \/>\n<meta property=\"og:title\" content=\"Die deutsch-franz\u00f6sische Freundschaft - Katholische Akademie in Bayern\" \/>\n<meta property=\"og:description\" content=\"Aus der Vortragsreihe &quot;Gegenwart im Spiegel&quot; des RC M\u00fcnchen-Schwabing\" \/>\n<meta property=\"og:url\" content=\"https:\/\/kath-akademie-bayern.de\/en\/veranstaltung\/die-deutsch-franzoesische-freundschaft\/\" \/>\n<meta property=\"og:site_name\" content=\"Katholische Akademie in Bayern\" \/>\n<meta property=\"article:publisher\" content=\"https:\/\/www.facebook.com\/katholische.akademie.bayern\/\" \/>\n<meta property=\"article:modified_time\" content=\"2026-04-30T14:02:36+00:00\" \/>\n<meta property=\"og:image\" content=\"https:\/\/kath-akademie-bayern.de\/wp-content\/uploads\/2026-05-21.jpg\" \/>\n\t<meta property=\"og:image:width\" content=\"1867\" \/>\n\t<meta property=\"og:image:height\" content=\"1050\" \/>\n\t<meta property=\"og:image:type\" content=\"image\/jpeg\" \/>\n<meta name=\"twitter:card\" content=\"summary_large_image\" \/>\n<meta name=\"twitter:label1\" content=\"Estimated reading time\" \/>\n\t<meta name=\"twitter:data1\" content=\"1 minute\" \/>\n<script type=\"application\/ld+json\" class=\"yoast-schema-graph\">{\"@context\":\"https:\\\/\\\/schema.org\",\"@graph\":[{\"@type\":\"WebPage\",\"@id\":\"https:\\\/\\\/kath-akademie-bayern.de\\\/veranstaltung\\\/die-deutsch-franzoesische-freundschaft\\\/\",\"url\":\"https:\\\/\\\/kath-akademie-bayern.de\\\/veranstaltung\\\/die-deutsch-franzoesische-freundschaft\\\/\",\"name\":\"Die deutsch-franz\u00f6sische Freundschaft - Katholische Akademie in Bayern\",\"isPartOf\":{\"@id\":\"https:\\\/\\\/kath-akademie-bayern.de\\\/#website\"},\"primaryImageOfPage\":{\"@id\":\"https:\\\/\\\/kath-akademie-bayern.de\\\/veranstaltung\\\/die-deutsch-franzoesische-freundschaft\\\/#primaryimage\"},\"image\":{\"@id\":\"https:\\\/\\\/kath-akademie-bayern.de\\\/veranstaltung\\\/die-deutsch-franzoesische-freundschaft\\\/#primaryimage\"},\"thumbnailUrl\":\"https:\\\/\\\/kath-akademie-bayern.de\\\/wp-content\\\/uploads\\\/2026-05-21.jpg\",\"datePublished\":\"2026-04-10T14:04:28+00:00\",\"dateModified\":\"2026-04-30T14:02:36+00:00\",\"breadcrumb\":{\"@id\":\"https:\\\/\\\/kath-akademie-bayern.de\\\/veranstaltung\\\/die-deutsch-franzoesische-freundschaft\\\/#breadcrumb\"},\"inLanguage\":\"en-GB\",\"potentialAction\":[{\"@type\":\"ReadAction\",\"target\":[\"https:\\\/\\\/kath-akademie-bayern.de\\\/veranstaltung\\\/die-deutsch-franzoesische-freundschaft\\\/\"]}]},{\"@type\":\"ImageObject\",\"inLanguage\":\"en-GB\",\"@id\":\"https:\\\/\\\/kath-akademie-bayern.de\\\/veranstaltung\\\/die-deutsch-franzoesische-freundschaft\\\/#primaryimage\",\"url\":\"https:\\\/\\\/kath-akademie-bayern.de\\\/wp-content\\\/uploads\\\/2026-05-21.jpg\",\"contentUrl\":\"https:\\\/\\\/kath-akademie-bayern.de\\\/wp-content\\\/uploads\\\/2026-05-21.jpg\",\"width\":1867,\"height\":1050,\"caption\":\"5. Juli 1963 Bundeskanzler Konrad Adenauer (rechts) und der franz\u00f6sische Staatspr\u00e4sident Charles de Gaulle im Garten der Residenz des franz\u00f6sischen Botschafters in Bonn (Schlo\u00df Ernich)\"},{\"@type\":\"BreadcrumbList\",\"@id\":\"https:\\\/\\\/kath-akademie-bayern.de\\\/veranstaltung\\\/die-deutsch-franzoesische-freundschaft\\\/#breadcrumb\",\"itemListElement\":[{\"@type\":\"ListItem\",\"position\":1,\"name\":\"Startseite\",\"item\":\"https:\\\/\\\/kath-akademie-bayern.de\\\/\"},{\"@type\":\"ListItem\",\"position\":2,\"name\":\"Die deutsch-franz\u00f6sische Freundschaft\"}]},{\"@type\":\"WebSite\",\"@id\":\"https:\\\/\\\/kath-akademie-bayern.de\\\/#website\",\"url\":\"https:\\\/\\\/kath-akademie-bayern.de\\\/\",\"name\":\"Katholische Akademie in Bayern\",\"description\":\"Kirche braucht Debatte: \u201ekatholisch\u201c mit Blick auf das Ganze \u2013 und \u201eakademisch\u201c im Vertrauen auf die Kraft der Argumente\",\"publisher\":{\"@id\":\"https:\\\/\\\/kath-akademie-bayern.de\\\/#organization\"},\"potentialAction\":[{\"@type\":\"SearchAction\",\"target\":{\"@type\":\"EntryPoint\",\"urlTemplate\":\"https:\\\/\\\/kath-akademie-bayern.de\\\/?s={search_term_string}\"},\"query-input\":{\"@type\":\"PropertyValueSpecification\",\"valueRequired\":true,\"valueName\":\"search_term_string\"}}],\"inLanguage\":\"en-GB\"},{\"@type\":\"Organization\",\"@id\":\"https:\\\/\\\/kath-akademie-bayern.de\\\/#organization\",\"name\":\"Katholische Akademie in Bayern\",\"url\":\"https:\\\/\\\/kath-akademie-bayern.de\\\/\",\"logo\":{\"@type\":\"ImageObject\",\"inLanguage\":\"en-GB\",\"@id\":\"https:\\\/\\\/kath-akademie-bayern.de\\\/#\\\/schema\\\/logo\\\/image\\\/\",\"url\":\"https:\\\/\\\/kath-akademie-bayern.de\\\/wp-content\\\/uploads\\\/Menue-Logo-Home@2x.png\",\"contentUrl\":\"https:\\\/\\\/kath-akademie-bayern.de\\\/wp-content\\\/uploads\\\/Menue-Logo-Home@2x.png\",\"width\":496,\"height\":216,\"caption\":\"Katholische Akademie in Bayern\"},\"image\":{\"@id\":\"https:\\\/\\\/kath-akademie-bayern.de\\\/#\\\/schema\\\/logo\\\/image\\\/\"},\"sameAs\":[\"https:\\\/\\\/www.facebook.com\\\/katholische.akademie.bayern\\\/\"]}]}<\/script>\n<!-- \/ Yoast SEO plugin. -->","yoast_head_json":{"title":"Die deutsch-franz\u00f6sische Freundschaft - Katholische Akademie in Bayern","robots":{"index":"index","follow":"follow","max-snippet":"max-snippet:-1","max-image-preview":"max-image-preview:large","max-video-preview":"max-video-preview:-1"},"canonical":"https:\/\/kath-akademie-bayern.de\/en\/veranstaltung\/die-deutsch-franzoesische-freundschaft\/","og_locale":"en_GB","og_type":"article","og_title":"Die deutsch-franz\u00f6sische Freundschaft - Katholische Akademie in Bayern","og_description":"Aus der Vortragsreihe \"Gegenwart im Spiegel\" des RC M\u00fcnchen-Schwabing","og_url":"https:\/\/kath-akademie-bayern.de\/en\/veranstaltung\/die-deutsch-franzoesische-freundschaft\/","og_site_name":"Katholische Akademie in Bayern","article_publisher":"https:\/\/www.facebook.com\/katholische.akademie.bayern\/","article_modified_time":"2026-04-30T14:02:36+00:00","og_image":[{"width":1867,"height":1050,"url":"https:\/\/kath-akademie-bayern.de\/wp-content\/uploads\/2026-05-21.jpg","type":"image\/jpeg"}],"twitter_card":"summary_large_image","twitter_misc":{"Estimated reading time":"1 minute"},"schema":{"@context":"https:\/\/schema.org","@graph":[{"@type":"WebPage","@id":"https:\/\/kath-akademie-bayern.de\/veranstaltung\/die-deutsch-franzoesische-freundschaft\/","url":"https:\/\/kath-akademie-bayern.de\/veranstaltung\/die-deutsch-franzoesische-freundschaft\/","name":"Die deutsch-franz\u00f6sische Freundschaft - Katholische Akademie in Bayern","isPartOf":{"@id":"https:\/\/kath-akademie-bayern.de\/#website"},"primaryImageOfPage":{"@id":"https:\/\/kath-akademie-bayern.de\/veranstaltung\/die-deutsch-franzoesische-freundschaft\/#primaryimage"},"image":{"@id":"https:\/\/kath-akademie-bayern.de\/veranstaltung\/die-deutsch-franzoesische-freundschaft\/#primaryimage"},"thumbnailUrl":"https:\/\/kath-akademie-bayern.de\/wp-content\/uploads\/2026-05-21.jpg","datePublished":"2026-04-10T14:04:28+00:00","dateModified":"2026-04-30T14:02:36+00:00","breadcrumb":{"@id":"https:\/\/kath-akademie-bayern.de\/veranstaltung\/die-deutsch-franzoesische-freundschaft\/#breadcrumb"},"inLanguage":"en-GB","potentialAction":[{"@type":"ReadAction","target":["https:\/\/kath-akademie-bayern.de\/veranstaltung\/die-deutsch-franzoesische-freundschaft\/"]}]},{"@type":"ImageObject","inLanguage":"en-GB","@id":"https:\/\/kath-akademie-bayern.de\/veranstaltung\/die-deutsch-franzoesische-freundschaft\/#primaryimage","url":"https:\/\/kath-akademie-bayern.de\/wp-content\/uploads\/2026-05-21.jpg","contentUrl":"https:\/\/kath-akademie-bayern.de\/wp-content\/uploads\/2026-05-21.jpg","width":1867,"height":1050,"caption":"5. Juli 1963 Bundeskanzler Konrad Adenauer (rechts) und der franz\u00f6sische Staatspr\u00e4sident Charles de Gaulle im Garten der Residenz des franz\u00f6sischen Botschafters in Bonn (Schlo\u00df Ernich)"},{"@type":"BreadcrumbList","@id":"https:\/\/kath-akademie-bayern.de\/veranstaltung\/die-deutsch-franzoesische-freundschaft\/#breadcrumb","itemListElement":[{"@type":"ListItem","position":1,"name":"Startseite","item":"https:\/\/kath-akademie-bayern.de\/"},{"@type":"ListItem","position":2,"name":"Die deutsch-franz\u00f6sische Freundschaft"}]},{"@type":"WebSite","@id":"https:\/\/kath-akademie-bayern.de\/#website","url":"https:\/\/kath-akademie-bayern.de\/","name":"Catholic Academy in Bavaria","description":"Church needs debate: \"catholic\" looking at the whole - and \"academic\" trusting in the power of arguments","publisher":{"@id":"https:\/\/kath-akademie-bayern.de\/#organization"},"potentialAction":[{"@type":"SearchAction","target":{"@type":"EntryPoint","urlTemplate":"https:\/\/kath-akademie-bayern.de\/?s={search_term_string}"},"query-input":{"@type":"PropertyValueSpecification","valueRequired":true,"valueName":"search_term_string"}}],"inLanguage":"en-GB"},{"@type":"Organization","@id":"https:\/\/kath-akademie-bayern.de\/#organization","name":"Catholic Academy in Bavaria","url":"https:\/\/kath-akademie-bayern.de\/","logo":{"@type":"ImageObject","inLanguage":"en-GB","@id":"https:\/\/kath-akademie-bayern.de\/#\/schema\/logo\/image\/","url":"https:\/\/kath-akademie-bayern.de\/wp-content\/uploads\/Menue-Logo-Home@2x.png","contentUrl":"https:\/\/kath-akademie-bayern.de\/wp-content\/uploads\/Menue-Logo-Home@2x.png","width":496,"height":216,"caption":"Katholische Akademie in Bayern"},"image":{"@id":"https:\/\/kath-akademie-bayern.de\/#\/schema\/logo\/image\/"},"sameAs":["https:\/\/www.facebook.com\/katholische.akademie.bayern\/"]}]}},"_links":{"self":[{"href":"https:\/\/kath-akademie-bayern.de\/en\/wp-json\/wp\/v2\/event\/121717","targetHints":{"allow":["GET"]}}],"collection":[{"href":"https:\/\/kath-akademie-bayern.de\/en\/wp-json\/wp\/v2\/event"}],"about":[{"href":"https:\/\/kath-akademie-bayern.de\/en\/wp-json\/wp\/v2\/types\/event"}],"author":[{"embeddable":true,"href":"https:\/\/kath-akademie-bayern.de\/en\/wp-json\/wp\/v2\/users\/13"}],"version-history":[{"count":1,"href":"https:\/\/kath-akademie-bayern.de\/en\/wp-json\/wp\/v2\/event\/121717\/revisions"}],"predecessor-version":[{"id":121720,"href":"https:\/\/kath-akademie-bayern.de\/en\/wp-json\/wp\/v2\/event\/121717\/revisions\/121720"}],"wp:featuredmedia":[{"embeddable":true,"href":"https:\/\/kath-akademie-bayern.de\/en\/wp-json\/wp\/v2\/media\/121705"}],"wp:attachment":[{"href":"https:\/\/kath-akademie-bayern.de\/en\/wp-json\/wp\/v2\/media?parent=121717"}],"curies":[{"name":"wp","href":"https:\/\/api.w.org\/{rel}","templated":true}]}}

Die deutsch-französische Freundschaft

<p>Von der „Erbfeindschaft“ zu nachhaltiger Freundschaft? Die deutsch-französischen Beziehungen im 20. und 21. Jahrhundert.</p>
<p>Mit dem deutsch-französischen Krieg und der Bismarck’schen Reichsgründung 1870/71 entwickelten sich die politischen Beziehungen zwischen Frankreich und Deutschland zu einem häufig „Erbfeindschaft“ genannten Gegensatz. Im Zeitalter der Weltkriege steigerte sich dieser noch einmal, ehe seit den 1950er Jahren eine allmähliche Versöhnung gelang. Eine wichtige Rolle spielte dabei die europäische Integration zwischen nationalem Interesse und supranationalem Prinzip. Heute wird häufig von der deutsch-französischen „Freundschaft“ gesprochen, ohne dass immer ganz klar ist, worin diese genau besteht.</p>
<p>Der Vortrag schlägt einen Bogen vom historischen Gegenstand bis in die Gegenwart. Dabei geht er auch auf die aktuellen Problemstellungen innerhalb eines sich wandelnden Europas und einer „turbulenten“ Welt ein.</p>
<p>Der Rotary-Club München-Schwabing und die Katholische Akademie in Bayern laden Sie herzlich ein in die stimmungsvollen Salons des nach französischem Vorbild erbauten Schwabinger Schlosses Suresnes.</p>

<p>Aus der Vortragsreihe &#8222;Gegenwart im Spiegel&#8220; des RC München-Schwabing</p>

<!-- This site is optimized with the Yoast SEO plugin v27.4 - https://yoast.com/product/yoast-seo-wordpress/ -->
<title>Die deutsch-französische Freundschaft - Katholische Akademie in Bayern</title>
<meta name="robots" content="index, follow, max-snippet:-1, max-image-preview:large, max-video-preview:-1" />
<link rel="canonical" href="https://kath-akademie-bayern.de/en/veranstaltung/die-deutsch-franzoesische-freundschaft/" />
<meta property="og:locale" content="en_GB" />
<meta property="og:type" content="article" />
<meta property="og:title" content="Die deutsch-französische Freundschaft - Katholische Akademie in Bayern" />
<meta property="og:description" content="Aus der Vortragsreihe &quot;Gegenwart im Spiegel&quot; des RC München-Schwabing" />
<meta property="og:url" content="https://kath-akademie-bayern.de/en/veranstaltung/die-deutsch-franzoesische-freundschaft/" />
<meta property="og:site_name" content="Katholische Akademie in Bayern" />
<meta property="article:publisher" content="https://www.facebook.com/katholische.akademie.bayern/" />
<meta property="article:modified_time" content="2026-04-30T14:02:36+00:00" />
<meta property="og:image" content="https://kath-akademie-bayern.de/wp-content/uploads/2026-05-21.jpg" />
	<meta property="og:image:width" content="1867" />
	<meta property="og:image:height" content="1050" />
	<meta property="og:image:type" content="image/jpeg" />
<meta name="twitter:card" content="summary_large_image" />
<meta name="twitter:label1" content="Estimated reading time" />
	<meta name="twitter:data1" content="1 minute" />
<script type="application/ld+json" class="yoast-schema-graph">{"@context":"https:\/\/schema.org","@graph":[{"@type":"WebPage","@id":"https:\/\/kath-akademie-bayern.de\/veranstaltung\/die-deutsch-franzoesische-freundschaft\/","url":"https:\/\/kath-akademie-bayern.de\/veranstaltung\/die-deutsch-franzoesische-freundschaft\/","name":"Die deutsch-französische Freundschaft - Katholische Akademie in Bayern","isPartOf":{"@id":"https:\/\/kath-akademie-bayern.de\/#website"},"primaryImageOfPage":{"@id":"https:\/\/kath-akademie-bayern.de\/veranstaltung\/die-deutsch-franzoesische-freundschaft\/#primaryimage"},"image":{"@id":"https:\/\/kath-akademie-bayern.de\/veranstaltung\/die-deutsch-franzoesische-freundschaft\/#primaryimage"},"thumbnailUrl":"https:\/\/kath-akademie-bayern.de\/wp-content\/uploads\/2026-05-21.jpg","datePublished":"2026-04-10T14:04:28+00:00","dateModified":"2026-04-30T14:02:36+00:00","breadcrumb":{"@id":"https:\/\/kath-akademie-bayern.de\/veranstaltung\/die-deutsch-franzoesische-freundschaft\/#breadcrumb"},"inLanguage":"en-GB","potentialAction":[{"@type":"ReadAction","target":["https:\/\/kath-akademie-bayern.de\/veranstaltung\/die-deutsch-franzoesische-freundschaft\/"]}]},{"@type":"ImageObject","inLanguage":"en-GB","@id":"https:\/\/kath-akademie-bayern.de\/veranstaltung\/die-deutsch-franzoesische-freundschaft\/#primaryimage","url":"https:\/\/kath-akademie-bayern.de\/wp-content\/uploads\/2026-05-21.jpg","contentUrl":"https:\/\/kath-akademie-bayern.de\/wp-content\/uploads\/2026-05-21.jpg","width":1867,"height":1050,"caption":"5. Juli 1963 Bundeskanzler Konrad Adenauer (rechts) und der französische Staatspräsident Charles de Gaulle im Garten der Residenz des französischen Botschafters in Bonn (Schloß Ernich)"},{"@type":"BreadcrumbList","@id":"https:\/\/kath-akademie-bayern.de\/veranstaltung\/die-deutsch-franzoesische-freundschaft\/#breadcrumb","itemListElement":[{"@type":"ListItem","position":1,"name":"Startseite","item":"https:\/\/kath-akademie-bayern.de\/"},{"@type":"ListItem","position":2,"name":"Die deutsch-französische Freundschaft"}]},{"@type":"WebSite","@id":"https:\/\/kath-akademie-bayern.de\/#website","url":"https:\/\/kath-akademie-bayern.de\/","name":"Katholische Akademie in Bayern","description":"Kirche braucht Debatte: „katholisch“ mit Blick auf das Ganze – und „akademisch“ im Vertrauen auf die Kraft der Argumente","publisher":{"@id":"https:\/\/kath-akademie-bayern.de\/#organization"},"potentialAction":[{"@type":"SearchAction","target":{"@type":"EntryPoint","urlTemplate":"https:\/\/kath-akademie-bayern.de\/?s={search_term_string}"},"query-input":{"@type":"PropertyValueSpecification","valueRequired":true,"valueName":"search_term_string"}}],"inLanguage":"en-GB"},{"@type":"Organization","@id":"https:\/\/kath-akademie-bayern.de\/#organization","name":"Katholische Akademie in Bayern","url":"https:\/\/kath-akademie-bayern.de\/","logo":{"@type":"ImageObject","inLanguage":"en-GB","@id":"https:\/\/kath-akademie-bayern.de\/#\/schema\/logo\/image\/","url":"https:\/\/kath-akademie-bayern.de\/wp-content\/uploads\/Menue-Logo-Home@2x.png","contentUrl":"https:\/\/kath-akademie-bayern.de\/wp-content\/uploads\/Menue-Logo-Home@2x.png","width":496,"height":216,"caption":"Katholische Akademie in Bayern"},"image":{"@id":"https:\/\/kath-akademie-bayern.de\/#\/schema\/logo\/image\/"},"sameAs":["https:\/\/www.facebook.com\/katholische.akademie.bayern\/"]}]}</script>
<!-- / Yoast SEO plugin. -->

Die deutsch-französische Freundschaft - Katholische Akademie in Bayern

Aus der Vortragsreihe "Gegenwart im Spiegel" des RC München-Schwabing

5. Juli 1963 Bundeskanzler Konrad Adenauer (rechts) und der französische Staatspräsident Charles de Gaulle im Garten der Residenz des französischen Botschafters in Bonn (Schloß Ernich)
