{"id":121841,"date":"2026-04-20T13:27:42","date_gmt":"2026-04-20T11:27:42","guid":{"rendered":"https:\/\/kath-akademie-bayern.de\/veranstaltung\/tiktok-x-und-co\/"},"modified":"2026-04-30T11:03:21","modified_gmt":"2026-04-30T09:03:21","slug":"tiktok-x-und-co","status":"publish","type":"event","link":"https:\/\/kath-akademie-bayern.de\/en\/veranstaltung\/tiktok-x-und-co\/","title":{"rendered":"TikTok, X und Co."},"content":{"rendered":"<p>Seit Jahren ist die Nutzung von Social Media Plattformen aus der Arbeitswelt und dem privaten Leben vieler Menschen nicht mehr wegzudenken. Social Media l\u00f6st zunehmend die klassischen Medien wie Zeitungen, Radio und Fernsehen als Informationsquelle ab. Doch sind diese Informationen genauso verl\u00e4sslich, wie die Informationen aus den herk\u00f6mmlichen Medien? Algorithmen und K\u00fcnstliche Intelligenz bestimmen die Inhalte, die die Nutzerinnen und Nutzer der Plattformen zu sehen bekommen. <\/p>\n<p>Weltweit nutzen Staaten, Parteien und Personen in Regierungsverantwortung diese Netzwerke, um zu kommunizieren und ihre Politik und Programme zu erkl\u00e4ren. Insbesondere populistischen und extremistischen Akteuren bieten Social Media Plattformen eine B\u00fchne, um ihre Inhalte und auch Fake News zu verbreiten. F\u00fcr Verwenderinnen und Verwender der Social Media Apps wird es aufgrund der (vorausgew\u00e4hlten) Informationsf\u00fclle zusehends schwieriger, wahre von falschen Informationen zu unterscheiden. Eine weitere Gefahr liegt darin, dass der Besitz der Plattformen mittlerweile in den H\u00e4nden einiger weniger Milliard\u00e4re liegt. Vor allem \u00f6konomische Interessen bestimmen, wie die Algorithmen der Plattformen programmiert werden und ob Inhalte auf ihren Wahrheitsgehalt \u00fcberpr\u00fcft werden.  <\/p>\n<p>Stellen Social Media Plattformen inzwischen eine Gefahr f\u00fcr die Demokratie dar? Muss die \u201eMeinungsfreiheit\u201c auf den Plattformen begrenzt werden und welche Regulierungen sind denkbar, notwendig und sinnvoll? Und nicht zuletzt: sollte es Altersbeschr\u00e4nkungen f\u00fcr die Nutzung der verschiedenen Plattformen durch Kinder und Jugendliche geben?<\/p>","protected":false},"excerpt":{"rendered":"<p>Meinungsfreiheit vs. Manipulation<\/p>","protected":false},"author":13,"featured_media":121832,"menu_order":2,"template":"","meta":{"_relevanssi_hide_post":"","_relevanssi_hide_content":"","_relevanssi_pin_for_all":"","_relevanssi_pin_keywords":"","_relevanssi_unpin_keywords":"","_relevanssi_related_keywords":"","_relevanssi_related_include_ids":"","_relevanssi_related_exclude_ids":"","_relevanssi_related_no_append":"","_relevanssi_related_not_related":"","_relevanssi_related_posts":"","_relevanssi_noindex_reason":"","footnotes":""},"class_list":["post-121841","event","type-event","status-publish","has-post-thumbnail","hentry","event-category-gesellschaft-wirtschaft-politik","focus-area-demokratie"],"yoast_head":"<!-- This site is optimized with the Yoast SEO plugin v27.4 - https:\/\/yoast.com\/product\/yoast-seo-wordpress\/ -->\n<title>TikTok, X und Co. - Katholische Akademie in Bayern<\/title>\n<meta name=\"robots\" content=\"index, follow, max-snippet:-1, max-image-preview:large, max-video-preview:-1\" \/>\n<link rel=\"canonical\" href=\"https:\/\/kath-akademie-bayern.de\/en\/veranstaltung\/tiktok-x-und-co\/\" \/>\n<meta property=\"og:locale\" content=\"en_GB\" \/>\n<meta property=\"og:type\" content=\"article\" \/>\n<meta property=\"og:title\" content=\"TikTok, X und Co. - Katholische Akademie in Bayern\" \/>\n<meta property=\"og:description\" content=\"Meinungsfreiheit vs. Manipulation\" \/>\n<meta property=\"og:url\" content=\"https:\/\/kath-akademie-bayern.de\/en\/veranstaltung\/tiktok-x-und-co\/\" \/>\n<meta property=\"og:site_name\" content=\"Katholische Akademie in Bayern\" \/>\n<meta property=\"article:publisher\" content=\"https:\/\/www.facebook.com\/katholische.akademie.bayern\/\" \/>\n<meta property=\"article:modified_time\" content=\"2026-04-30T09:03:21+00:00\" \/>\n<meta property=\"og:image\" content=\"https:\/\/kath-akademie-bayern.de\/wp-content\/uploads\/2026-10-07.jpg\" \/>\n\t<meta property=\"og:image:width\" content=\"1200\" \/>\n\t<meta property=\"og:image:height\" content=\"675\" \/>\n\t<meta property=\"og:image:type\" content=\"image\/jpeg\" \/>\n<meta name=\"twitter:card\" content=\"summary_large_image\" \/>\n<meta name=\"twitter:label1\" content=\"Estimated reading time\" \/>\n\t<meta name=\"twitter:data1\" content=\"2 minutes\" \/>\n<script type=\"application\/ld+json\" class=\"yoast-schema-graph\">{\"@context\":\"https:\\\/\\\/schema.org\",\"@graph\":[{\"@type\":\"WebPage\",\"@id\":\"https:\\\/\\\/kath-akademie-bayern.de\\\/veranstaltung\\\/tiktok-x-und-co\\\/\",\"url\":\"https:\\\/\\\/kath-akademie-bayern.de\\\/veranstaltung\\\/tiktok-x-und-co\\\/\",\"name\":\"TikTok, X und Co. - Katholische Akademie in Bayern\",\"isPartOf\":{\"@id\":\"https:\\\/\\\/kath-akademie-bayern.de\\\/#website\"},\"primaryImageOfPage\":{\"@id\":\"https:\\\/\\\/kath-akademie-bayern.de\\\/veranstaltung\\\/tiktok-x-und-co\\\/#primaryimage\"},\"image\":{\"@id\":\"https:\\\/\\\/kath-akademie-bayern.de\\\/veranstaltung\\\/tiktok-x-und-co\\\/#primaryimage\"},\"thumbnailUrl\":\"https:\\\/\\\/kath-akademie-bayern.de\\\/wp-content\\\/uploads\\\/2026-10-07.jpg\",\"datePublished\":\"2026-04-20T11:27:42+00:00\",\"dateModified\":\"2026-04-30T09:03:21+00:00\",\"breadcrumb\":{\"@id\":\"https:\\\/\\\/kath-akademie-bayern.de\\\/veranstaltung\\\/tiktok-x-und-co\\\/#breadcrumb\"},\"inLanguage\":\"en-GB\",\"potentialAction\":[{\"@type\":\"ReadAction\",\"target\":[\"https:\\\/\\\/kath-akademie-bayern.de\\\/veranstaltung\\\/tiktok-x-und-co\\\/\"]}]},{\"@type\":\"ImageObject\",\"inLanguage\":\"en-GB\",\"@id\":\"https:\\\/\\\/kath-akademie-bayern.de\\\/veranstaltung\\\/tiktok-x-und-co\\\/#primaryimage\",\"url\":\"https:\\\/\\\/kath-akademie-bayern.de\\\/wp-content\\\/uploads\\\/2026-10-07.jpg\",\"contentUrl\":\"https:\\\/\\\/kath-akademie-bayern.de\\\/wp-content\\\/uploads\\\/2026-10-07.jpg\",\"width\":1200,\"height\":675},{\"@type\":\"BreadcrumbList\",\"@id\":\"https:\\\/\\\/kath-akademie-bayern.de\\\/veranstaltung\\\/tiktok-x-und-co\\\/#breadcrumb\",\"itemListElement\":[{\"@type\":\"ListItem\",\"position\":1,\"name\":\"Startseite\",\"item\":\"https:\\\/\\\/kath-akademie-bayern.de\\\/\"},{\"@type\":\"ListItem\",\"position\":2,\"name\":\"TikTok, X und Co.\"}]},{\"@type\":\"WebSite\",\"@id\":\"https:\\\/\\\/kath-akademie-bayern.de\\\/#website\",\"url\":\"https:\\\/\\\/kath-akademie-bayern.de\\\/\",\"name\":\"Katholische Akademie in Bayern\",\"description\":\"Kirche braucht Debatte: \u201ekatholisch\u201c mit Blick auf das Ganze \u2013 und \u201eakademisch\u201c im Vertrauen auf die Kraft der Argumente\",\"publisher\":{\"@id\":\"https:\\\/\\\/kath-akademie-bayern.de\\\/#organization\"},\"potentialAction\":[{\"@type\":\"SearchAction\",\"target\":{\"@type\":\"EntryPoint\",\"urlTemplate\":\"https:\\\/\\\/kath-akademie-bayern.de\\\/?s={search_term_string}\"},\"query-input\":{\"@type\":\"PropertyValueSpecification\",\"valueRequired\":true,\"valueName\":\"search_term_string\"}}],\"inLanguage\":\"en-GB\"},{\"@type\":\"Organization\",\"@id\":\"https:\\\/\\\/kath-akademie-bayern.de\\\/#organization\",\"name\":\"Katholische Akademie in Bayern\",\"url\":\"https:\\\/\\\/kath-akademie-bayern.de\\\/\",\"logo\":{\"@type\":\"ImageObject\",\"inLanguage\":\"en-GB\",\"@id\":\"https:\\\/\\\/kath-akademie-bayern.de\\\/#\\\/schema\\\/logo\\\/image\\\/\",\"url\":\"https:\\\/\\\/kath-akademie-bayern.de\\\/wp-content\\\/uploads\\\/Menue-Logo-Home@2x.png\",\"contentUrl\":\"https:\\\/\\\/kath-akademie-bayern.de\\\/wp-content\\\/uploads\\\/Menue-Logo-Home@2x.png\",\"width\":496,\"height\":216,\"caption\":\"Katholische Akademie in Bayern\"},\"image\":{\"@id\":\"https:\\\/\\\/kath-akademie-bayern.de\\\/#\\\/schema\\\/logo\\\/image\\\/\"},\"sameAs\":[\"https:\\\/\\\/www.facebook.com\\\/katholische.akademie.bayern\\\/\"]}]}<\/script>\n<!-- \/ Yoast SEO plugin. -->","yoast_head_json":{"title":"TikTok, X und Co. - Katholische Akademie in Bayern","robots":{"index":"index","follow":"follow","max-snippet":"max-snippet:-1","max-image-preview":"max-image-preview:large","max-video-preview":"max-video-preview:-1"},"canonical":"https:\/\/kath-akademie-bayern.de\/en\/veranstaltung\/tiktok-x-und-co\/","og_locale":"en_GB","og_type":"article","og_title":"TikTok, X und Co. - Katholische Akademie in Bayern","og_description":"Meinungsfreiheit vs. Manipulation","og_url":"https:\/\/kath-akademie-bayern.de\/en\/veranstaltung\/tiktok-x-und-co\/","og_site_name":"Katholische Akademie in Bayern","article_publisher":"https:\/\/www.facebook.com\/katholische.akademie.bayern\/","article_modified_time":"2026-04-30T09:03:21+00:00","og_image":[{"width":1200,"height":675,"url":"https:\/\/kath-akademie-bayern.de\/wp-content\/uploads\/2026-10-07.jpg","type":"image\/jpeg"}],"twitter_card":"summary_large_image","twitter_misc":{"Estimated reading time":"2 minutes"},"schema":{"@context":"https:\/\/schema.org","@graph":[{"@type":"WebPage","@id":"https:\/\/kath-akademie-bayern.de\/veranstaltung\/tiktok-x-und-co\/","url":"https:\/\/kath-akademie-bayern.de\/veranstaltung\/tiktok-x-und-co\/","name":"TikTok, X und Co. - Katholische Akademie in Bayern","isPartOf":{"@id":"https:\/\/kath-akademie-bayern.de\/#website"},"primaryImageOfPage":{"@id":"https:\/\/kath-akademie-bayern.de\/veranstaltung\/tiktok-x-und-co\/#primaryimage"},"image":{"@id":"https:\/\/kath-akademie-bayern.de\/veranstaltung\/tiktok-x-und-co\/#primaryimage"},"thumbnailUrl":"https:\/\/kath-akademie-bayern.de\/wp-content\/uploads\/2026-10-07.jpg","datePublished":"2026-04-20T11:27:42+00:00","dateModified":"2026-04-30T09:03:21+00:00","breadcrumb":{"@id":"https:\/\/kath-akademie-bayern.de\/veranstaltung\/tiktok-x-und-co\/#breadcrumb"},"inLanguage":"en-GB","potentialAction":[{"@type":"ReadAction","target":["https:\/\/kath-akademie-bayern.de\/veranstaltung\/tiktok-x-und-co\/"]}]},{"@type":"ImageObject","inLanguage":"en-GB","@id":"https:\/\/kath-akademie-bayern.de\/veranstaltung\/tiktok-x-und-co\/#primaryimage","url":"https:\/\/kath-akademie-bayern.de\/wp-content\/uploads\/2026-10-07.jpg","contentUrl":"https:\/\/kath-akademie-bayern.de\/wp-content\/uploads\/2026-10-07.jpg","width":1200,"height":675},{"@type":"BreadcrumbList","@id":"https:\/\/kath-akademie-bayern.de\/veranstaltung\/tiktok-x-und-co\/#breadcrumb","itemListElement":[{"@type":"ListItem","position":1,"name":"Startseite","item":"https:\/\/kath-akademie-bayern.de\/"},{"@type":"ListItem","position":2,"name":"TikTok, X und Co."}]},{"@type":"WebSite","@id":"https:\/\/kath-akademie-bayern.de\/#website","url":"https:\/\/kath-akademie-bayern.de\/","name":"Catholic Academy in Bavaria","description":"Church needs debate: \"catholic\" looking at the whole - and \"academic\" trusting in the power of arguments","publisher":{"@id":"https:\/\/kath-akademie-bayern.de\/#organization"},"potentialAction":[{"@type":"SearchAction","target":{"@type":"EntryPoint","urlTemplate":"https:\/\/kath-akademie-bayern.de\/?s={search_term_string}"},"query-input":{"@type":"PropertyValueSpecification","valueRequired":true,"valueName":"search_term_string"}}],"inLanguage":"en-GB"},{"@type":"Organization","@id":"https:\/\/kath-akademie-bayern.de\/#organization","name":"Catholic Academy in Bavaria","url":"https:\/\/kath-akademie-bayern.de\/","logo":{"@type":"ImageObject","inLanguage":"en-GB","@id":"https:\/\/kath-akademie-bayern.de\/#\/schema\/logo\/image\/","url":"https:\/\/kath-akademie-bayern.de\/wp-content\/uploads\/Menue-Logo-Home@2x.png","contentUrl":"https:\/\/kath-akademie-bayern.de\/wp-content\/uploads\/Menue-Logo-Home@2x.png","width":496,"height":216,"caption":"Katholische Akademie in Bayern"},"image":{"@id":"https:\/\/kath-akademie-bayern.de\/#\/schema\/logo\/image\/"},"sameAs":["https:\/\/www.facebook.com\/katholische.akademie.bayern\/"]}]}},"_links":{"self":[{"href":"https:\/\/kath-akademie-bayern.de\/en\/wp-json\/wp\/v2\/event\/121841","targetHints":{"allow":["GET"]}}],"collection":[{"href":"https:\/\/kath-akademie-bayern.de\/en\/wp-json\/wp\/v2\/event"}],"about":[{"href":"https:\/\/kath-akademie-bayern.de\/en\/wp-json\/wp\/v2\/types\/event"}],"author":[{"embeddable":true,"href":"https:\/\/kath-akademie-bayern.de\/en\/wp-json\/wp\/v2\/users\/13"}],"version-history":[{"count":2,"href":"https:\/\/kath-akademie-bayern.de\/en\/wp-json\/wp\/v2\/event\/121841\/revisions"}],"predecessor-version":[{"id":121847,"href":"https:\/\/kath-akademie-bayern.de\/en\/wp-json\/wp\/v2\/event\/121841\/revisions\/121847"}],"wp:featuredmedia":[{"embeddable":true,"href":"https:\/\/kath-akademie-bayern.de\/en\/wp-json\/wp\/v2\/media\/121832"}],"wp:attachment":[{"href":"https:\/\/kath-akademie-bayern.de\/en\/wp-json\/wp\/v2\/media?parent=121841"}],"curies":[{"name":"wp","href":"https:\/\/api.w.org\/{rel}","templated":true}]}}

<p>Seit Jahren ist die Nutzung von Social Media Plattformen aus der Arbeitswelt und dem privaten Leben vieler Menschen nicht mehr wegzudenken. Social Media löst zunehmend die klassischen Medien wie Zeitungen, Radio und Fernsehen als Informationsquelle ab. Doch sind diese Informationen genauso verlässlich, wie die Informationen aus den herkömmlichen Medien? Algorithmen und Künstliche Intelligenz bestimmen die Inhalte, die die Nutzerinnen und Nutzer der Plattformen zu sehen bekommen. </p>
<p>Weltweit nutzen Staaten, Parteien und Personen in Regierungsverantwortung diese Netzwerke, um zu kommunizieren und ihre Politik und Programme zu erklären. Insbesondere populistischen und extremistischen Akteuren bieten Social Media Plattformen eine Bühne, um ihre Inhalte und auch Fake News zu verbreiten. Für Verwenderinnen und Verwender der Social Media Apps wird es aufgrund der (vorausgewählten) Informationsfülle zusehends schwieriger, wahre von falschen Informationen zu unterscheiden. Eine weitere Gefahr liegt darin, dass der Besitz der Plattformen mittlerweile in den Händen einiger weniger Milliardäre liegt. Vor allem ökonomische Interessen bestimmen, wie die Algorithmen der Plattformen programmiert werden und ob Inhalte auf ihren Wahrheitsgehalt überprüft werden.  </p>
<p>Stellen Social Media Plattformen inzwischen eine Gefahr für die Demokratie dar? Muss die „Meinungsfreiheit“ auf den Plattformen begrenzt werden und welche Regulierungen sind denkbar, notwendig und sinnvoll? Und nicht zuletzt: sollte es Altersbeschränkungen für die Nutzung der verschiedenen Plattformen durch Kinder und Jugendliche geben?</p>
