{"id":53574,"date":"2023-12-12T11:01:11","date_gmt":"2023-12-12T10:01:11","guid":{"rendered":"https:\/\/kath-akademie-bayern.de\/veranstaltung\/meister-eckhart-und-die-kirche\/"},"modified":"2025-07-03T11:49:56","modified_gmt":"2025-07-03T09:49:56","slug":"meister-eckhart-und-die-kirche","status":"publish","type":"event","link":"https:\/\/kath-akademie-bayern.de\/en\/veranstaltung\/meister-eckhart-und-die-kirche\/","title":{"rendered":"Meister Eckhart and the church"},"content":{"rendered":"<p>The great preacher, theologian, philosopher, mystic and teacher did not have an easy time with his church. We want to clarify Meister Eckhart's relationship with his Dominican order and what role the church as an institution or space, the papacy, priesthood and dogmatics played for him.<br \/>\nAt the centre of this are questions about the relationship between the individual and the community as well as the mediating character of institutions on the one hand and the direct encounter with God on the other.<\/p>","protected":false},"excerpt":{"rendered":"<p>The great preacher, theologian, philosopher, mystic and teacher did not have an easy time with his church. We want to clarify Meister Eckhart's relationship with his Dominican order and what role the church as an institution or space, the papacy, priesthood and dogmatics played for him. At the centre of this are questions about the relationship between the individual and the community...<\/p>","protected":false},"author":5,"featured_media":34268,"menu_order":203,"template":"","meta":{"_relevanssi_hide_post":"","_relevanssi_hide_content":"","_relevanssi_pin_for_all":"","_relevanssi_pin_keywords":"","_relevanssi_unpin_keywords":"","_relevanssi_related_keywords":"","_relevanssi_related_include_ids":"","_relevanssi_related_exclude_ids":"","_relevanssi_related_no_append":"","_relevanssi_related_not_related":"","_relevanssi_related_posts":"","_relevanssi_noindex_reason":"","footnotes":""},"class_list":["post-53574","event","type-event","status-publish","has-post-thumbnail","hentry","event-category-theologie-kirche-spiritualitaet","event-tags-germanistik","event-tags-mittelalter","event-tags-kirche","event-tags-philosophie","event-tags-meister-eckhart"],"yoast_head":"<!-- This site is optimized with the Yoast SEO plugin v27.4 - https:\/\/yoast.com\/product\/yoast-seo-wordpress\/ -->\n<title>Meister Eckhart und die Kirche - Katholische Akademie in Bayern<\/title>\n<meta name=\"robots\" content=\"index, follow, max-snippet:-1, max-image-preview:large, max-video-preview:-1\" \/>\n<link rel=\"canonical\" href=\"https:\/\/kath-akademie-bayern.de\/en\/veranstaltung\/meister-eckhart-und-die-kirche\/\" \/>\n<meta property=\"og:locale\" content=\"en_GB\" \/>\n<meta property=\"og:type\" content=\"article\" \/>\n<meta property=\"og:title\" content=\"Meister Eckhart und die Kirche - Katholische Akademie in Bayern\" \/>\n<meta property=\"og:description\" content=\"Der gro\u00dfe Prediger, Theologe, Philosoph, Mystiker und Lehrer hatte es mit seiner Kirche nicht leicht. Wir wollen kl\u00e4ren, in welchem Verh\u00e4ltnis Meister Eckhart zu seinem Dominikanerorden stand und welche Rolle Kirche als Institution oder Raum, Papsttum, Priesterschaft sowie die Dogmatik f\u00fcr ihn spielten. Im Zentrum stehen dabei Fragen nach dem Verh\u00e4ltnis des Einzelnen zur Gemeinschaft&hellip;\" \/>\n<meta property=\"og:url\" content=\"https:\/\/kath-akademie-bayern.de\/en\/veranstaltung\/meister-eckhart-und-die-kirche\/\" \/>\n<meta property=\"og:site_name\" content=\"Katholische Akademie in Bayern\" \/>\n<meta property=\"article:publisher\" content=\"https:\/\/www.facebook.com\/katholische.akademie.bayern\/\" \/>\n<meta property=\"article:modified_time\" content=\"2025-07-03T09:49:56+00:00\" \/>\n<meta property=\"og:image\" content=\"https:\/\/kath-akademie-bayern.de\/wp-content\/uploads\/2024-03-15.jpg\" \/>\n\t<meta property=\"og:image:width\" content=\"960\" \/>\n\t<meta property=\"og:image:height\" content=\"540\" \/>\n\t<meta property=\"og:image:type\" content=\"image\/jpeg\" \/>\n<meta name=\"twitter:card\" content=\"summary_large_image\" \/>\n<meta name=\"twitter:label1\" content=\"Estimated reading time\" \/>\n\t<meta name=\"twitter:data1\" content=\"1 minute\" \/>\n<script type=\"application\/ld+json\" class=\"yoast-schema-graph\">{\"@context\":\"https:\\\/\\\/schema.org\",\"@graph\":[{\"@type\":\"WebPage\",\"@id\":\"https:\\\/\\\/kath-akademie-bayern.de\\\/veranstaltung\\\/meister-eckhart-und-die-kirche\\\/\",\"url\":\"https:\\\/\\\/kath-akademie-bayern.de\\\/veranstaltung\\\/meister-eckhart-und-die-kirche\\\/\",\"name\":\"Meister Eckhart und die Kirche - Katholische Akademie in Bayern\",\"isPartOf\":{\"@id\":\"https:\\\/\\\/kath-akademie-bayern.de\\\/#website\"},\"primaryImageOfPage\":{\"@id\":\"https:\\\/\\\/kath-akademie-bayern.de\\\/veranstaltung\\\/meister-eckhart-und-die-kirche\\\/#primaryimage\"},\"image\":{\"@id\":\"https:\\\/\\\/kath-akademie-bayern.de\\\/veranstaltung\\\/meister-eckhart-und-die-kirche\\\/#primaryimage\"},\"thumbnailUrl\":\"https:\\\/\\\/kath-akademie-bayern.de\\\/wp-content\\\/uploads\\\/2024-03-15.jpg\",\"datePublished\":\"2023-12-12T10:01:11+00:00\",\"dateModified\":\"2025-07-03T09:49:56+00:00\",\"breadcrumb\":{\"@id\":\"https:\\\/\\\/kath-akademie-bayern.de\\\/veranstaltung\\\/meister-eckhart-und-die-kirche\\\/#breadcrumb\"},\"inLanguage\":\"en-GB\",\"potentialAction\":[{\"@type\":\"ReadAction\",\"target\":[\"https:\\\/\\\/kath-akademie-bayern.de\\\/veranstaltung\\\/meister-eckhart-und-die-kirche\\\/\"]}]},{\"@type\":\"ImageObject\",\"inLanguage\":\"en-GB\",\"@id\":\"https:\\\/\\\/kath-akademie-bayern.de\\\/veranstaltung\\\/meister-eckhart-und-die-kirche\\\/#primaryimage\",\"url\":\"https:\\\/\\\/kath-akademie-bayern.de\\\/wp-content\\\/uploads\\\/2024-03-15.jpg\",\"contentUrl\":\"https:\\\/\\\/kath-akademie-bayern.de\\\/wp-content\\\/uploads\\\/2024-03-15.jpg\",\"width\":960,\"height\":540},{\"@type\":\"BreadcrumbList\",\"@id\":\"https:\\\/\\\/kath-akademie-bayern.de\\\/veranstaltung\\\/meister-eckhart-und-die-kirche\\\/#breadcrumb\",\"itemListElement\":[{\"@type\":\"ListItem\",\"position\":1,\"name\":\"Startseite\",\"item\":\"https:\\\/\\\/kath-akademie-bayern.de\\\/\"},{\"@type\":\"ListItem\",\"position\":2,\"name\":\"Meister Eckhart und die Kirche\"}]},{\"@type\":\"WebSite\",\"@id\":\"https:\\\/\\\/kath-akademie-bayern.de\\\/#website\",\"url\":\"https:\\\/\\\/kath-akademie-bayern.de\\\/\",\"name\":\"Katholische Akademie in Bayern\",\"description\":\"Kirche braucht Debatte: \u201ekatholisch\u201c mit Blick auf das Ganze \u2013 und \u201eakademisch\u201c im Vertrauen auf die Kraft der Argumente\",\"publisher\":{\"@id\":\"https:\\\/\\\/kath-akademie-bayern.de\\\/#organization\"},\"potentialAction\":[{\"@type\":\"SearchAction\",\"target\":{\"@type\":\"EntryPoint\",\"urlTemplate\":\"https:\\\/\\\/kath-akademie-bayern.de\\\/?s={search_term_string}\"},\"query-input\":{\"@type\":\"PropertyValueSpecification\",\"valueRequired\":true,\"valueName\":\"search_term_string\"}}],\"inLanguage\":\"en-GB\"},{\"@type\":\"Organization\",\"@id\":\"https:\\\/\\\/kath-akademie-bayern.de\\\/#organization\",\"name\":\"Katholische Akademie in Bayern\",\"url\":\"https:\\\/\\\/kath-akademie-bayern.de\\\/\",\"logo\":{\"@type\":\"ImageObject\",\"inLanguage\":\"en-GB\",\"@id\":\"https:\\\/\\\/kath-akademie-bayern.de\\\/#\\\/schema\\\/logo\\\/image\\\/\",\"url\":\"https:\\\/\\\/kath-akademie-bayern.de\\\/wp-content\\\/uploads\\\/Menue-Logo-Home@2x.png\",\"contentUrl\":\"https:\\\/\\\/kath-akademie-bayern.de\\\/wp-content\\\/uploads\\\/Menue-Logo-Home@2x.png\",\"width\":496,\"height\":216,\"caption\":\"Katholische Akademie in Bayern\"},\"image\":{\"@id\":\"https:\\\/\\\/kath-akademie-bayern.de\\\/#\\\/schema\\\/logo\\\/image\\\/\"},\"sameAs\":[\"https:\\\/\\\/www.facebook.com\\\/katholische.akademie.bayern\\\/\"]}]}<\/script>\n<!-- \/ Yoast SEO plugin. -->","yoast_head_json":{"title":"Meister Eckhart and the Church - Catholic Academy in Bavaria","robots":{"index":"index","follow":"follow","max-snippet":"max-snippet:-1","max-image-preview":"max-image-preview:large","max-video-preview":"max-video-preview:-1"},"canonical":"https:\/\/kath-akademie-bayern.de\/en\/veranstaltung\/meister-eckhart-und-die-kirche\/","og_locale":"en_GB","og_type":"article","og_title":"Meister Eckhart und die Kirche - Katholische Akademie in Bayern","og_description":"Der gro\u00dfe Prediger, Theologe, Philosoph, Mystiker und Lehrer hatte es mit seiner Kirche nicht leicht. Wir wollen kl\u00e4ren, in welchem Verh\u00e4ltnis Meister Eckhart zu seinem Dominikanerorden stand und welche Rolle Kirche als Institution oder Raum, Papsttum, Priesterschaft sowie die Dogmatik f\u00fcr ihn spielten. Im Zentrum stehen dabei Fragen nach dem Verh\u00e4ltnis des Einzelnen zur Gemeinschaft&hellip;","og_url":"https:\/\/kath-akademie-bayern.de\/en\/veranstaltung\/meister-eckhart-und-die-kirche\/","og_site_name":"Katholische Akademie in Bayern","article_publisher":"https:\/\/www.facebook.com\/katholische.akademie.bayern\/","article_modified_time":"2025-07-03T09:49:56+00:00","og_image":[{"width":960,"height":540,"url":"https:\/\/kath-akademie-bayern.de\/wp-content\/uploads\/2024-03-15.jpg","type":"image\/jpeg"}],"twitter_card":"summary_large_image","twitter_misc":{"Estimated reading time":"1 minute"},"schema":{"@context":"https:\/\/schema.org","@graph":[{"@type":"WebPage","@id":"https:\/\/kath-akademie-bayern.de\/veranstaltung\/meister-eckhart-und-die-kirche\/","url":"https:\/\/kath-akademie-bayern.de\/veranstaltung\/meister-eckhart-und-die-kirche\/","name":"Meister Eckhart and the Church - Catholic Academy in Bavaria","isPartOf":{"@id":"https:\/\/kath-akademie-bayern.de\/#website"},"primaryImageOfPage":{"@id":"https:\/\/kath-akademie-bayern.de\/veranstaltung\/meister-eckhart-und-die-kirche\/#primaryimage"},"image":{"@id":"https:\/\/kath-akademie-bayern.de\/veranstaltung\/meister-eckhart-und-die-kirche\/#primaryimage"},"thumbnailUrl":"https:\/\/kath-akademie-bayern.de\/wp-content\/uploads\/2024-03-15.jpg","datePublished":"2023-12-12T10:01:11+00:00","dateModified":"2025-07-03T09:49:56+00:00","breadcrumb":{"@id":"https:\/\/kath-akademie-bayern.de\/veranstaltung\/meister-eckhart-und-die-kirche\/#breadcrumb"},"inLanguage":"en-GB","potentialAction":[{"@type":"ReadAction","target":["https:\/\/kath-akademie-bayern.de\/veranstaltung\/meister-eckhart-und-die-kirche\/"]}]},{"@type":"ImageObject","inLanguage":"en-GB","@id":"https:\/\/kath-akademie-bayern.de\/veranstaltung\/meister-eckhart-und-die-kirche\/#primaryimage","url":"https:\/\/kath-akademie-bayern.de\/wp-content\/uploads\/2024-03-15.jpg","contentUrl":"https:\/\/kath-akademie-bayern.de\/wp-content\/uploads\/2024-03-15.jpg","width":960,"height":540},{"@type":"BreadcrumbList","@id":"https:\/\/kath-akademie-bayern.de\/veranstaltung\/meister-eckhart-und-die-kirche\/#breadcrumb","itemListElement":[{"@type":"ListItem","position":1,"name":"Startseite","item":"https:\/\/kath-akademie-bayern.de\/"},{"@type":"ListItem","position":2,"name":"Meister Eckhart und die Kirche"}]},{"@type":"WebSite","@id":"https:\/\/kath-akademie-bayern.de\/#website","url":"https:\/\/kath-akademie-bayern.de\/","name":"Catholic Academy in Bavaria","description":"Church needs debate: \"catholic\" looking at the whole - and \"academic\" trusting in the power of arguments","publisher":{"@id":"https:\/\/kath-akademie-bayern.de\/#organization"},"potentialAction":[{"@type":"SearchAction","target":{"@type":"EntryPoint","urlTemplate":"https:\/\/kath-akademie-bayern.de\/?s={search_term_string}"},"query-input":{"@type":"PropertyValueSpecification","valueRequired":true,"valueName":"search_term_string"}}],"inLanguage":"en-GB"},{"@type":"Organization","@id":"https:\/\/kath-akademie-bayern.de\/#organization","name":"Catholic Academy in Bavaria","url":"https:\/\/kath-akademie-bayern.de\/","logo":{"@type":"ImageObject","inLanguage":"en-GB","@id":"https:\/\/kath-akademie-bayern.de\/#\/schema\/logo\/image\/","url":"https:\/\/kath-akademie-bayern.de\/wp-content\/uploads\/Menue-Logo-Home@2x.png","contentUrl":"https:\/\/kath-akademie-bayern.de\/wp-content\/uploads\/Menue-Logo-Home@2x.png","width":496,"height":216,"caption":"Katholische Akademie in Bayern"},"image":{"@id":"https:\/\/kath-akademie-bayern.de\/#\/schema\/logo\/image\/"},"sameAs":["https:\/\/www.facebook.com\/katholische.akademie.bayern\/"]}]}},"_links":{"self":[{"href":"https:\/\/kath-akademie-bayern.de\/en\/wp-json\/wp\/v2\/event\/53574","targetHints":{"allow":["GET"]}}],"collection":[{"href":"https:\/\/kath-akademie-bayern.de\/en\/wp-json\/wp\/v2\/event"}],"about":[{"href":"https:\/\/kath-akademie-bayern.de\/en\/wp-json\/wp\/v2\/types\/event"}],"author":[{"embeddable":true,"href":"https:\/\/kath-akademie-bayern.de\/en\/wp-json\/wp\/v2\/users\/5"}],"version-history":[{"count":1,"href":"https:\/\/kath-akademie-bayern.de\/en\/wp-json\/wp\/v2\/event\/53574\/revisions"}],"predecessor-version":[{"id":53598,"href":"https:\/\/kath-akademie-bayern.de\/en\/wp-json\/wp\/v2\/event\/53574\/revisions\/53598"}],"wp:featuredmedia":[{"embeddable":true,"href":"https:\/\/kath-akademie-bayern.de\/en\/wp-json\/wp\/v2\/media\/34268"}],"wp:attachment":[{"href":"https:\/\/kath-akademie-bayern.de\/en\/wp-json\/wp\/v2\/media?parent=53574"}],"curies":[{"name":"wp","href":"https:\/\/api.w.org\/{rel}","templated":true}]}}

<!-- This site is optimized with the Yoast SEO plugin v27.4 - https://yoast.com/product/yoast-seo-wordpress/ -->
<title>Meister Eckhart und die Kirche - Katholische Akademie in Bayern</title>
<meta name="robots" content="index, follow, max-snippet:-1, max-image-preview:large, max-video-preview:-1" />
<link rel="canonical" href="https://kath-akademie-bayern.de/en/veranstaltung/meister-eckhart-und-die-kirche/" />
<meta property="og:locale" content="en_GB" />
<meta property="og:type" content="article" />
<meta property="og:title" content="Meister Eckhart und die Kirche - Katholische Akademie in Bayern" />
<meta property="og:description" content="Der große Prediger, Theologe, Philosoph, Mystiker und Lehrer hatte es mit seiner Kirche nicht leicht. Wir wollen klären, in welchem Verhältnis Meister Eckhart zu seinem Dominikanerorden stand und welche Rolle Kirche als Institution oder Raum, Papsttum, Priesterschaft sowie die Dogmatik für ihn spielten. Im Zentrum stehen dabei Fragen nach dem Verhältnis des Einzelnen zur Gemeinschaft&hellip;" />
<meta property="og:url" content="https://kath-akademie-bayern.de/en/veranstaltung/meister-eckhart-und-die-kirche/" />
<meta property="og:site_name" content="Katholische Akademie in Bayern" />
<meta property="article:publisher" content="https://www.facebook.com/katholische.akademie.bayern/" />
<meta property="article:modified_time" content="2025-07-03T09:49:56+00:00" />
<meta property="og:image" content="https://kath-akademie-bayern.de/wp-content/uploads/2024-03-15.jpg" />
	<meta property="og:image:width" content="960" />
	<meta property="og:image:height" content="540" />
	<meta property="og:image:type" content="image/jpeg" />
<meta name="twitter:card" content="summary_large_image" />
<meta name="twitter:label1" content="Estimated reading time" />
	<meta name="twitter:data1" content="1 minute" />
<script type="application/ld+json" class="yoast-schema-graph">{"@context":"https:\/\/schema.org","@graph":[{"@type":"WebPage","@id":"https:\/\/kath-akademie-bayern.de\/veranstaltung\/meister-eckhart-und-die-kirche\/","url":"https:\/\/kath-akademie-bayern.de\/veranstaltung\/meister-eckhart-und-die-kirche\/","name":"Meister Eckhart und die Kirche - Katholische Akademie in Bayern","isPartOf":{"@id":"https:\/\/kath-akademie-bayern.de\/#website"},"primaryImageOfPage":{"@id":"https:\/\/kath-akademie-bayern.de\/veranstaltung\/meister-eckhart-und-die-kirche\/#primaryimage"},"image":{"@id":"https:\/\/kath-akademie-bayern.de\/veranstaltung\/meister-eckhart-und-die-kirche\/#primaryimage"},"thumbnailUrl":"https:\/\/kath-akademie-bayern.de\/wp-content\/uploads\/2024-03-15.jpg","datePublished":"2023-12-12T10:01:11+00:00","dateModified":"2025-07-03T09:49:56+00:00","breadcrumb":{"@id":"https:\/\/kath-akademie-bayern.de\/veranstaltung\/meister-eckhart-und-die-kirche\/#breadcrumb"},"inLanguage":"en-GB","potentialAction":[{"@type":"ReadAction","target":["https:\/\/kath-akademie-bayern.de\/veranstaltung\/meister-eckhart-und-die-kirche\/"]}]},{"@type":"ImageObject","inLanguage":"en-GB","@id":"https:\/\/kath-akademie-bayern.de\/veranstaltung\/meister-eckhart-und-die-kirche\/#primaryimage","url":"https:\/\/kath-akademie-bayern.de\/wp-content\/uploads\/2024-03-15.jpg","contentUrl":"https:\/\/kath-akademie-bayern.de\/wp-content\/uploads\/2024-03-15.jpg","width":960,"height":540},{"@type":"BreadcrumbList","@id":"https:\/\/kath-akademie-bayern.de\/veranstaltung\/meister-eckhart-und-die-kirche\/#breadcrumb","itemListElement":[{"@type":"ListItem","position":1,"name":"Startseite","item":"https:\/\/kath-akademie-bayern.de\/"},{"@type":"ListItem","position":2,"name":"Meister Eckhart und die Kirche"}]},{"@type":"WebSite","@id":"https:\/\/kath-akademie-bayern.de\/#website","url":"https:\/\/kath-akademie-bayern.de\/","name":"Katholische Akademie in Bayern","description":"Kirche braucht Debatte: „katholisch“ mit Blick auf das Ganze – und „akademisch“ im Vertrauen auf die Kraft der Argumente","publisher":{"@id":"https:\/\/kath-akademie-bayern.de\/#organization"},"potentialAction":[{"@type":"SearchAction","target":{"@type":"EntryPoint","urlTemplate":"https:\/\/kath-akademie-bayern.de\/?s={search_term_string}"},"query-input":{"@type":"PropertyValueSpecification","valueRequired":true,"valueName":"search_term_string"}}],"inLanguage":"en-GB"},{"@type":"Organization","@id":"https:\/\/kath-akademie-bayern.de\/#organization","name":"Katholische Akademie in Bayern","url":"https:\/\/kath-akademie-bayern.de\/","logo":{"@type":"ImageObject","inLanguage":"en-GB","@id":"https:\/\/kath-akademie-bayern.de\/#\/schema\/logo\/image\/","url":"https:\/\/kath-akademie-bayern.de\/wp-content\/uploads\/Menue-Logo-Home@2x.png","contentUrl":"https:\/\/kath-akademie-bayern.de\/wp-content\/uploads\/Menue-Logo-Home@2x.png","width":496,"height":216,"caption":"Katholische Akademie in Bayern"},"image":{"@id":"https:\/\/kath-akademie-bayern.de\/#\/schema\/logo\/image\/"},"sameAs":["https:\/\/www.facebook.com\/katholische.akademie.bayern\/"]}]}</script>
<!-- / Yoast SEO plugin. -->

Der große Prediger, Theologe, Philosoph, Mystiker und Lehrer hatte es mit seiner Kirche nicht leicht. Wir wollen klären, in welchem Verhältnis Meister Eckhart zu seinem Dominikanerorden stand und welche Rolle Kirche als Institution oder Raum, Papsttum, Priesterschaft sowie die Dogmatik für ihn spielten. Im Zentrum stehen dabei Fragen nach dem Verhältnis des Einzelnen zur Gemeinschaft&hellip;
