{"id":83636,"date":"2024-07-04T17:00:40","date_gmt":"2024-07-04T15:00:40","guid":{"rendered":"https:\/\/kath-akademie-bayern.de\/veranstaltung\/der-oekologische-fussabdruck-der-digitalisierung\/"},"modified":"2025-05-12T08:53:25","modified_gmt":"2025-05-12T06:53:25","slug":"der-oekologische-fussabdruck-der-digitalisierung","status":"publish","type":"event","link":"https:\/\/kath-akademie-bayern.de\/en\/veranstaltung\/der-oekologische-fussabdruck-der-digitalisierung\/","title":{"rendered":"The ecological footprint of digitalisation"},"content":{"rendered":"<p>The \"ecological footprint of digitalisation\" refers to the environmental impact caused by the use of digital technologies. This includes the energy consumption of data centres, the production and disposal of electronic devices and data traffic on the internet. Every activity in the digital space, be it sending an email or similar, contributes to the ecological footprint.<\/p>\n<p>How much energy do digital applications need, what is the impact of the increased use of AI, and can digitalisation also save electricity?<\/p>\n<p>Diese und weitere Fragen diskutiert eine neue Ausgabe unseres &#8222;Digitalen Salons&#8220;.<\/p>","protected":false},"excerpt":{"rendered":"<p>The \"ecological footprint of digitalisation\" refers to the environmental impact caused by the use of digital technologies. This includes the energy consumption of data centres, the production and disposal of electronic devices and data traffic on the internet. Every activity in the digital space, be it sending an e-mail or similar, contributes to the ecological footprint. How much energy do digital applications need,...<\/p>","protected":false},"author":5,"featured_media":81778,"menu_order":112,"template":"","meta":{"_relevanssi_hide_post":"","_relevanssi_hide_content":"","_relevanssi_pin_for_all":"","_relevanssi_pin_keywords":"","_relevanssi_unpin_keywords":"","_relevanssi_related_keywords":"","_relevanssi_related_include_ids":"","_relevanssi_related_exclude_ids":"","_relevanssi_related_no_append":"","_relevanssi_related_not_related":"","_relevanssi_related_posts":"","_relevanssi_noindex_reason":"","footnotes":""},"class_list":["post-83636","event","type-event","status-publish","has-post-thumbnail","hentry","event-category-naturwissenschaft-medizin-technik","focus-area-digitale-transformation"],"yoast_head":"<!-- This site is optimized with the Yoast SEO plugin v27.4 - https:\/\/yoast.com\/product\/yoast-seo-wordpress\/ -->\n<title>Der \u00f6kologische Fu\u00dfabdruck der Digitalisierung - Katholische Akademie in Bayern<\/title>\n<meta name=\"robots\" content=\"index, follow, max-snippet:-1, max-image-preview:large, max-video-preview:-1\" \/>\n<link rel=\"canonical\" href=\"https:\/\/kath-akademie-bayern.de\/en\/veranstaltung\/der-oekologische-fussabdruck-der-digitalisierung\/\" \/>\n<meta property=\"og:locale\" content=\"en_GB\" \/>\n<meta property=\"og:type\" content=\"article\" \/>\n<meta property=\"og:title\" content=\"Der \u00f6kologische Fu\u00dfabdruck der Digitalisierung - Katholische Akademie in Bayern\" \/>\n<meta property=\"og:description\" content=\"Der \u201e\u00f6kologische Fu\u00dfabdruck der Digitalisierung\u201c bezeichnet die Umweltauswirkungen, die durch die Nutzung digitaler Technologien entstehen. Dazu geh\u00f6ren der Energieverbrauch von Rechenzentren, die Produktion und Entsorgung von elektronischen Ger\u00e4ten sowie der Datenverkehr im Internet. Jede Aktivit\u00e4t im digitalen Raum, sei es das Versenden einer E-Mail u.\u00e4. tr\u00e4gt zum \u00f6kologischen Fu\u00dfabdruck bei. Wieviel Energie brauchen digitale Anwendungen,&hellip;\" \/>\n<meta property=\"og:url\" content=\"https:\/\/kath-akademie-bayern.de\/en\/veranstaltung\/der-oekologische-fussabdruck-der-digitalisierung\/\" \/>\n<meta property=\"og:site_name\" content=\"Katholische Akademie in Bayern\" \/>\n<meta property=\"article:publisher\" content=\"https:\/\/www.facebook.com\/katholische.akademie.bayern\/\" \/>\n<meta property=\"article:modified_time\" content=\"2025-05-12T06:53:25+00:00\" \/>\n<meta property=\"og:image\" content=\"https:\/\/kath-akademie-bayern.de\/wp-content\/uploads\/2024-11-26-scaled.jpg\" \/>\n\t<meta property=\"og:image:width\" content=\"2560\" \/>\n\t<meta property=\"og:image:height\" content=\"1440\" \/>\n\t<meta property=\"og:image:type\" content=\"image\/jpeg\" \/>\n<meta name=\"twitter:card\" content=\"summary_large_image\" \/>\n<meta name=\"twitter:label1\" content=\"Estimated reading time\" \/>\n\t<meta name=\"twitter:data1\" content=\"1 minute\" \/>\n<script type=\"application\/ld+json\" class=\"yoast-schema-graph\">{\"@context\":\"https:\\\/\\\/schema.org\",\"@graph\":[{\"@type\":\"WebPage\",\"@id\":\"https:\\\/\\\/kath-akademie-bayern.de\\\/veranstaltung\\\/der-oekologische-fussabdruck-der-digitalisierung\\\/\",\"url\":\"https:\\\/\\\/kath-akademie-bayern.de\\\/veranstaltung\\\/der-oekologische-fussabdruck-der-digitalisierung\\\/\",\"name\":\"Der \u00f6kologische Fu\u00dfabdruck der Digitalisierung - Katholische Akademie in Bayern\",\"isPartOf\":{\"@id\":\"https:\\\/\\\/kath-akademie-bayern.de\\\/#website\"},\"primaryImageOfPage\":{\"@id\":\"https:\\\/\\\/kath-akademie-bayern.de\\\/veranstaltung\\\/der-oekologische-fussabdruck-der-digitalisierung\\\/#primaryimage\"},\"image\":{\"@id\":\"https:\\\/\\\/kath-akademie-bayern.de\\\/veranstaltung\\\/der-oekologische-fussabdruck-der-digitalisierung\\\/#primaryimage\"},\"thumbnailUrl\":\"https:\\\/\\\/kath-akademie-bayern.de\\\/wp-content\\\/uploads\\\/2024-11-26-scaled.jpg\",\"datePublished\":\"2024-07-04T15:00:40+00:00\",\"dateModified\":\"2025-05-12T06:53:25+00:00\",\"breadcrumb\":{\"@id\":\"https:\\\/\\\/kath-akademie-bayern.de\\\/veranstaltung\\\/der-oekologische-fussabdruck-der-digitalisierung\\\/#breadcrumb\"},\"inLanguage\":\"en-GB\",\"potentialAction\":[{\"@type\":\"ReadAction\",\"target\":[\"https:\\\/\\\/kath-akademie-bayern.de\\\/veranstaltung\\\/der-oekologische-fussabdruck-der-digitalisierung\\\/\"]}]},{\"@type\":\"ImageObject\",\"inLanguage\":\"en-GB\",\"@id\":\"https:\\\/\\\/kath-akademie-bayern.de\\\/veranstaltung\\\/der-oekologische-fussabdruck-der-digitalisierung\\\/#primaryimage\",\"url\":\"https:\\\/\\\/kath-akademie-bayern.de\\\/wp-content\\\/uploads\\\/2024-11-26-scaled.jpg\",\"contentUrl\":\"https:\\\/\\\/kath-akademie-bayern.de\\\/wp-content\\\/uploads\\\/2024-11-26-scaled.jpg\",\"width\":2560,\"height\":1440},{\"@type\":\"BreadcrumbList\",\"@id\":\"https:\\\/\\\/kath-akademie-bayern.de\\\/veranstaltung\\\/der-oekologische-fussabdruck-der-digitalisierung\\\/#breadcrumb\",\"itemListElement\":[{\"@type\":\"ListItem\",\"position\":1,\"name\":\"Startseite\",\"item\":\"https:\\\/\\\/kath-akademie-bayern.de\\\/\"},{\"@type\":\"ListItem\",\"position\":2,\"name\":\"Der \u00f6kologische Fu\u00dfabdruck der Digitalisierung\"}]},{\"@type\":\"WebSite\",\"@id\":\"https:\\\/\\\/kath-akademie-bayern.de\\\/#website\",\"url\":\"https:\\\/\\\/kath-akademie-bayern.de\\\/\",\"name\":\"Katholische Akademie in Bayern\",\"description\":\"Kirche braucht Debatte: \u201ekatholisch\u201c mit Blick auf das Ganze \u2013 und \u201eakademisch\u201c im Vertrauen auf die Kraft der Argumente\",\"publisher\":{\"@id\":\"https:\\\/\\\/kath-akademie-bayern.de\\\/#organization\"},\"potentialAction\":[{\"@type\":\"SearchAction\",\"target\":{\"@type\":\"EntryPoint\",\"urlTemplate\":\"https:\\\/\\\/kath-akademie-bayern.de\\\/?s={search_term_string}\"},\"query-input\":{\"@type\":\"PropertyValueSpecification\",\"valueRequired\":true,\"valueName\":\"search_term_string\"}}],\"inLanguage\":\"en-GB\"},{\"@type\":\"Organization\",\"@id\":\"https:\\\/\\\/kath-akademie-bayern.de\\\/#organization\",\"name\":\"Katholische Akademie in Bayern\",\"url\":\"https:\\\/\\\/kath-akademie-bayern.de\\\/\",\"logo\":{\"@type\":\"ImageObject\",\"inLanguage\":\"en-GB\",\"@id\":\"https:\\\/\\\/kath-akademie-bayern.de\\\/#\\\/schema\\\/logo\\\/image\\\/\",\"url\":\"https:\\\/\\\/kath-akademie-bayern.de\\\/wp-content\\\/uploads\\\/Menue-Logo-Home@2x.png\",\"contentUrl\":\"https:\\\/\\\/kath-akademie-bayern.de\\\/wp-content\\\/uploads\\\/Menue-Logo-Home@2x.png\",\"width\":496,\"height\":216,\"caption\":\"Katholische Akademie in Bayern\"},\"image\":{\"@id\":\"https:\\\/\\\/kath-akademie-bayern.de\\\/#\\\/schema\\\/logo\\\/image\\\/\"},\"sameAs\":[\"https:\\\/\\\/www.facebook.com\\\/katholische.akademie.bayern\\\/\"]}]}<\/script>\n<!-- \/ Yoast SEO plugin. -->","yoast_head_json":{"title":"The ecological footprint of digitalisation - Catholic Academy in Bavaria","robots":{"index":"index","follow":"follow","max-snippet":"max-snippet:-1","max-image-preview":"max-image-preview:large","max-video-preview":"max-video-preview:-1"},"canonical":"https:\/\/kath-akademie-bayern.de\/en\/veranstaltung\/der-oekologische-fussabdruck-der-digitalisierung\/","og_locale":"en_GB","og_type":"article","og_title":"Der \u00f6kologische Fu\u00dfabdruck der Digitalisierung - Katholische Akademie in Bayern","og_description":"Der \u201e\u00f6kologische Fu\u00dfabdruck der Digitalisierung\u201c bezeichnet die Umweltauswirkungen, die durch die Nutzung digitaler Technologien entstehen. Dazu geh\u00f6ren der Energieverbrauch von Rechenzentren, die Produktion und Entsorgung von elektronischen Ger\u00e4ten sowie der Datenverkehr im Internet. Jede Aktivit\u00e4t im digitalen Raum, sei es das Versenden einer E-Mail u.\u00e4. tr\u00e4gt zum \u00f6kologischen Fu\u00dfabdruck bei. Wieviel Energie brauchen digitale Anwendungen,&hellip;","og_url":"https:\/\/kath-akademie-bayern.de\/en\/veranstaltung\/der-oekologische-fussabdruck-der-digitalisierung\/","og_site_name":"Katholische Akademie in Bayern","article_publisher":"https:\/\/www.facebook.com\/katholische.akademie.bayern\/","article_modified_time":"2025-05-12T06:53:25+00:00","og_image":[{"width":2560,"height":1440,"url":"https:\/\/kath-akademie-bayern.de\/wp-content\/uploads\/2024-11-26-scaled.jpg","type":"image\/jpeg"}],"twitter_card":"summary_large_image","twitter_misc":{"Estimated reading time":"1 minute"},"schema":{"@context":"https:\/\/schema.org","@graph":[{"@type":"WebPage","@id":"https:\/\/kath-akademie-bayern.de\/veranstaltung\/der-oekologische-fussabdruck-der-digitalisierung\/","url":"https:\/\/kath-akademie-bayern.de\/veranstaltung\/der-oekologische-fussabdruck-der-digitalisierung\/","name":"The ecological footprint of digitalisation - Catholic Academy in Bavaria","isPartOf":{"@id":"https:\/\/kath-akademie-bayern.de\/#website"},"primaryImageOfPage":{"@id":"https:\/\/kath-akademie-bayern.de\/veranstaltung\/der-oekologische-fussabdruck-der-digitalisierung\/#primaryimage"},"image":{"@id":"https:\/\/kath-akademie-bayern.de\/veranstaltung\/der-oekologische-fussabdruck-der-digitalisierung\/#primaryimage"},"thumbnailUrl":"https:\/\/kath-akademie-bayern.de\/wp-content\/uploads\/2024-11-26-scaled.jpg","datePublished":"2024-07-04T15:00:40+00:00","dateModified":"2025-05-12T06:53:25+00:00","breadcrumb":{"@id":"https:\/\/kath-akademie-bayern.de\/veranstaltung\/der-oekologische-fussabdruck-der-digitalisierung\/#breadcrumb"},"inLanguage":"en-GB","potentialAction":[{"@type":"ReadAction","target":["https:\/\/kath-akademie-bayern.de\/veranstaltung\/der-oekologische-fussabdruck-der-digitalisierung\/"]}]},{"@type":"ImageObject","inLanguage":"en-GB","@id":"https:\/\/kath-akademie-bayern.de\/veranstaltung\/der-oekologische-fussabdruck-der-digitalisierung\/#primaryimage","url":"https:\/\/kath-akademie-bayern.de\/wp-content\/uploads\/2024-11-26-scaled.jpg","contentUrl":"https:\/\/kath-akademie-bayern.de\/wp-content\/uploads\/2024-11-26-scaled.jpg","width":2560,"height":1440},{"@type":"BreadcrumbList","@id":"https:\/\/kath-akademie-bayern.de\/veranstaltung\/der-oekologische-fussabdruck-der-digitalisierung\/#breadcrumb","itemListElement":[{"@type":"ListItem","position":1,"name":"Startseite","item":"https:\/\/kath-akademie-bayern.de\/"},{"@type":"ListItem","position":2,"name":"Der \u00f6kologische Fu\u00dfabdruck der Digitalisierung"}]},{"@type":"WebSite","@id":"https:\/\/kath-akademie-bayern.de\/#website","url":"https:\/\/kath-akademie-bayern.de\/","name":"Catholic Academy in Bavaria","description":"Church needs debate: \"catholic\" looking at the whole - and \"academic\" trusting in the power of arguments","publisher":{"@id":"https:\/\/kath-akademie-bayern.de\/#organization"},"potentialAction":[{"@type":"SearchAction","target":{"@type":"EntryPoint","urlTemplate":"https:\/\/kath-akademie-bayern.de\/?s={search_term_string}"},"query-input":{"@type":"PropertyValueSpecification","valueRequired":true,"valueName":"search_term_string"}}],"inLanguage":"en-GB"},{"@type":"Organization","@id":"https:\/\/kath-akademie-bayern.de\/#organization","name":"Catholic Academy in Bavaria","url":"https:\/\/kath-akademie-bayern.de\/","logo":{"@type":"ImageObject","inLanguage":"en-GB","@id":"https:\/\/kath-akademie-bayern.de\/#\/schema\/logo\/image\/","url":"https:\/\/kath-akademie-bayern.de\/wp-content\/uploads\/Menue-Logo-Home@2x.png","contentUrl":"https:\/\/kath-akademie-bayern.de\/wp-content\/uploads\/Menue-Logo-Home@2x.png","width":496,"height":216,"caption":"Katholische Akademie in Bayern"},"image":{"@id":"https:\/\/kath-akademie-bayern.de\/#\/schema\/logo\/image\/"},"sameAs":["https:\/\/www.facebook.com\/katholische.akademie.bayern\/"]}]}},"_links":{"self":[{"href":"https:\/\/kath-akademie-bayern.de\/en\/wp-json\/wp\/v2\/event\/83636","targetHints":{"allow":["GET"]}}],"collection":[{"href":"https:\/\/kath-akademie-bayern.de\/en\/wp-json\/wp\/v2\/event"}],"about":[{"href":"https:\/\/kath-akademie-bayern.de\/en\/wp-json\/wp\/v2\/types\/event"}],"author":[{"embeddable":true,"href":"https:\/\/kath-akademie-bayern.de\/en\/wp-json\/wp\/v2\/users\/5"}],"version-history":[{"count":6,"href":"https:\/\/kath-akademie-bayern.de\/en\/wp-json\/wp\/v2\/event\/83636\/revisions"}],"predecessor-version":[{"id":103723,"href":"https:\/\/kath-akademie-bayern.de\/en\/wp-json\/wp\/v2\/event\/83636\/revisions\/103723"}],"wp:featuredmedia":[{"embeddable":true,"href":"https:\/\/kath-akademie-bayern.de\/en\/wp-json\/wp\/v2\/media\/81778"}],"wp:attachment":[{"href":"https:\/\/kath-akademie-bayern.de\/en\/wp-json\/wp\/v2\/media?parent=83636"}],"curies":[{"name":"wp","href":"https:\/\/api.w.org\/{rel}","templated":true}]}}

<!-- This site is optimized with the Yoast SEO plugin v27.4 - https://yoast.com/product/yoast-seo-wordpress/ -->
<title>Der ökologische Fußabdruck der Digitalisierung - Katholische Akademie in Bayern</title>
<meta name="robots" content="index, follow, max-snippet:-1, max-image-preview:large, max-video-preview:-1" />
<link rel="canonical" href="https://kath-akademie-bayern.de/en/veranstaltung/der-oekologische-fussabdruck-der-digitalisierung/" />
<meta property="og:locale" content="en_GB" />
<meta property="og:type" content="article" />
<meta property="og:title" content="Der ökologische Fußabdruck der Digitalisierung - Katholische Akademie in Bayern" />
<meta property="og:description" content="Der „ökologische Fußabdruck der Digitalisierung“ bezeichnet die Umweltauswirkungen, die durch die Nutzung digitaler Technologien entstehen. Dazu gehören der Energieverbrauch von Rechenzentren, die Produktion und Entsorgung von elektronischen Geräten sowie der Datenverkehr im Internet. Jede Aktivität im digitalen Raum, sei es das Versenden einer E-Mail u.ä. trägt zum ökologischen Fußabdruck bei. Wieviel Energie brauchen digitale Anwendungen,&hellip;" />
<meta property="og:url" content="https://kath-akademie-bayern.de/en/veranstaltung/der-oekologische-fussabdruck-der-digitalisierung/" />
<meta property="og:site_name" content="Katholische Akademie in Bayern" />
<meta property="article:publisher" content="https://www.facebook.com/katholische.akademie.bayern/" />
<meta property="article:modified_time" content="2025-05-12T06:53:25+00:00" />
<meta property="og:image" content="https://kath-akademie-bayern.de/wp-content/uploads/2024-11-26-scaled.jpg" />
	<meta property="og:image:width" content="2560" />
	<meta property="og:image:height" content="1440" />
	<meta property="og:image:type" content="image/jpeg" />
<meta name="twitter:card" content="summary_large_image" />
<meta name="twitter:label1" content="Estimated reading time" />
	<meta name="twitter:data1" content="1 minute" />
<script type="application/ld+json" class="yoast-schema-graph">{"@context":"https:\/\/schema.org","@graph":[{"@type":"WebPage","@id":"https:\/\/kath-akademie-bayern.de\/veranstaltung\/der-oekologische-fussabdruck-der-digitalisierung\/","url":"https:\/\/kath-akademie-bayern.de\/veranstaltung\/der-oekologische-fussabdruck-der-digitalisierung\/","name":"Der ökologische Fußabdruck der Digitalisierung - Katholische Akademie in Bayern","isPartOf":{"@id":"https:\/\/kath-akademie-bayern.de\/#website"},"primaryImageOfPage":{"@id":"https:\/\/kath-akademie-bayern.de\/veranstaltung\/der-oekologische-fussabdruck-der-digitalisierung\/#primaryimage"},"image":{"@id":"https:\/\/kath-akademie-bayern.de\/veranstaltung\/der-oekologische-fussabdruck-der-digitalisierung\/#primaryimage"},"thumbnailUrl":"https:\/\/kath-akademie-bayern.de\/wp-content\/uploads\/2024-11-26-scaled.jpg","datePublished":"2024-07-04T15:00:40+00:00","dateModified":"2025-05-12T06:53:25+00:00","breadcrumb":{"@id":"https:\/\/kath-akademie-bayern.de\/veranstaltung\/der-oekologische-fussabdruck-der-digitalisierung\/#breadcrumb"},"inLanguage":"en-GB","potentialAction":[{"@type":"ReadAction","target":["https:\/\/kath-akademie-bayern.de\/veranstaltung\/der-oekologische-fussabdruck-der-digitalisierung\/"]}]},{"@type":"ImageObject","inLanguage":"en-GB","@id":"https:\/\/kath-akademie-bayern.de\/veranstaltung\/der-oekologische-fussabdruck-der-digitalisierung\/#primaryimage","url":"https:\/\/kath-akademie-bayern.de\/wp-content\/uploads\/2024-11-26-scaled.jpg","contentUrl":"https:\/\/kath-akademie-bayern.de\/wp-content\/uploads\/2024-11-26-scaled.jpg","width":2560,"height":1440},{"@type":"BreadcrumbList","@id":"https:\/\/kath-akademie-bayern.de\/veranstaltung\/der-oekologische-fussabdruck-der-digitalisierung\/#breadcrumb","itemListElement":[{"@type":"ListItem","position":1,"name":"Startseite","item":"https:\/\/kath-akademie-bayern.de\/"},{"@type":"ListItem","position":2,"name":"Der ökologische Fußabdruck der Digitalisierung"}]},{"@type":"WebSite","@id":"https:\/\/kath-akademie-bayern.de\/#website","url":"https:\/\/kath-akademie-bayern.de\/","name":"Katholische Akademie in Bayern","description":"Kirche braucht Debatte: „katholisch“ mit Blick auf das Ganze – und „akademisch“ im Vertrauen auf die Kraft der Argumente","publisher":{"@id":"https:\/\/kath-akademie-bayern.de\/#organization"},"potentialAction":[{"@type":"SearchAction","target":{"@type":"EntryPoint","urlTemplate":"https:\/\/kath-akademie-bayern.de\/?s={search_term_string}"},"query-input":{"@type":"PropertyValueSpecification","valueRequired":true,"valueName":"search_term_string"}}],"inLanguage":"en-GB"},{"@type":"Organization","@id":"https:\/\/kath-akademie-bayern.de\/#organization","name":"Katholische Akademie in Bayern","url":"https:\/\/kath-akademie-bayern.de\/","logo":{"@type":"ImageObject","inLanguage":"en-GB","@id":"https:\/\/kath-akademie-bayern.de\/#\/schema\/logo\/image\/","url":"https:\/\/kath-akademie-bayern.de\/wp-content\/uploads\/Menue-Logo-Home@2x.png","contentUrl":"https:\/\/kath-akademie-bayern.de\/wp-content\/uploads\/Menue-Logo-Home@2x.png","width":496,"height":216,"caption":"Katholische Akademie in Bayern"},"image":{"@id":"https:\/\/kath-akademie-bayern.de\/#\/schema\/logo\/image\/"},"sameAs":["https:\/\/www.facebook.com\/katholische.akademie.bayern\/"]}]}</script>
<!-- / Yoast SEO plugin. -->

Der ökologische Fußabdruck der Digitalisierung - Katholische Akademie in Bayern

Der „ökologische Fußabdruck der Digitalisierung“ bezeichnet die Umweltauswirkungen, die durch die Nutzung digitaler Technologien entstehen. Dazu gehören der Energieverbrauch von Rechenzentren, die Produktion und Entsorgung von elektronischen Geräten sowie der Datenverkehr im Internet. Jede Aktivität im digitalen Raum, sei es das Versenden einer E-Mail u.ä. trägt zum ökologischen Fußabdruck bei. Wieviel Energie brauchen digitale Anwendungen,&hellip;

Der ökologische Fußabdruck der Digitalisierung
