{"id":95482,"date":"2024-11-06T11:51:21","date_gmt":"2024-11-06T10:51:21","guid":{"rendered":"https:\/\/kath-akademie-bayern.de\/veranstaltung\/zwischen-shitstorm-und-pfarreifusion\/"},"modified":"2025-07-03T12:10:38","modified_gmt":"2025-07-03T10:10:38","slug":"zwischen-shitstorm-und-pfarreifusion","status":"publish","type":"event","link":"https:\/\/kath-akademie-bayern.de\/en\/veranstaltung\/zwischen-shitstorm-und-pfarreifusion\/","title":{"rendered":"Between shitstorm and parish fusion"},"content":{"rendered":"<p>Ver\u00e4nderungen sind in der heutigen Gesellschaft und vor allem in der Kirche \u00fcberall pr\u00e4sent. Pfarreifusionen, Reformen und Imagewandel sind nur einige Beispiele. Sie k\u00f6nnen den Ist-Zustand zum Positiven, aber auch zum Negativen wenden. Nur eins ist sicher: Es bleibt nichts, wie es ist. Das macht vielen Menschen Angst, kommen sie mit dem Ist-Zustand doch meist ganz gut zurecht. Darum rufen Ver\u00e4nderungen oft heftige Reaktionen hervor. Shitstorms und Beleidigungen sind nur einige Beispiele daf\u00fcr.<\/p>\n<p>Bei der Tagung \u201cKirche im Web\u201d wollen wir 2025 von Krisenkommunikation bis hin zum Change Management betrachten, wie die Kirche Ver\u00e4nderungen gekonnt bew\u00e4ltigen und kommunizieren kann. Eingeladen sind Expert:innen aus anderen Branchen und diskutiert werden Erfahrungsberichten dar\u00fcber wie man mit negativen Reaktionen digital und analog umgehen kann.<\/p>\n<p>The conference will also be streamed online. If you would like to take advantage of this offer, please register for the online price and we will send you the access link after the registration deadline.<\/p>","protected":false},"excerpt":{"rendered":"<p>Change communication in churches<\/p>","protected":false},"author":2,"featured_media":95484,"menu_order":99,"template":"","meta":{"_relevanssi_hide_post":"","_relevanssi_hide_content":"","_relevanssi_pin_for_all":"","_relevanssi_pin_keywords":"","_relevanssi_unpin_keywords":"","_relevanssi_related_keywords":"","_relevanssi_related_include_ids":"","_relevanssi_related_exclude_ids":"","_relevanssi_related_no_append":"","_relevanssi_related_not_related":"","_relevanssi_related_posts":"","_relevanssi_noindex_reason":"","footnotes":""},"class_list":["post-95482","event","type-event","status-publish","has-post-thumbnail","hentry","event-category-theologie-kirche-spiritualitaet","focus-area-zukunft-der-kirchen"],"yoast_head":"<!-- This site is optimized with the Yoast SEO plugin v27.4 - https:\/\/yoast.com\/product\/yoast-seo-wordpress\/ -->\n<title>Zwischen Shitstorm und Pfarreifusion - Katholische Akademie in Bayern<\/title>\n<meta name=\"robots\" content=\"index, follow, max-snippet:-1, max-image-preview:large, max-video-preview:-1\" \/>\n<link rel=\"canonical\" href=\"https:\/\/kath-akademie-bayern.de\/en\/veranstaltung\/zwischen-shitstorm-und-pfarreifusion\/\" \/>\n<meta property=\"og:locale\" content=\"en_GB\" \/>\n<meta property=\"og:type\" content=\"article\" \/>\n<meta property=\"og:title\" content=\"Zwischen Shitstorm und Pfarreifusion - Katholische Akademie in Bayern\" \/>\n<meta property=\"og:description\" content=\"Change-Kommunikation in Kirchen\" \/>\n<meta property=\"og:url\" content=\"https:\/\/kath-akademie-bayern.de\/en\/veranstaltung\/zwischen-shitstorm-und-pfarreifusion\/\" \/>\n<meta property=\"og:site_name\" content=\"Katholische Akademie in Bayern\" \/>\n<meta property=\"article:publisher\" content=\"https:\/\/www.facebook.com\/katholische.akademie.bayern\/\" \/>\n<meta property=\"article:modified_time\" content=\"2025-07-03T10:10:38+00:00\" \/>\n<meta property=\"og:image\" content=\"https:\/\/kath-akademie-bayern.de\/wp-content\/uploads\/2025-03-13.jpg\" \/>\n\t<meta property=\"og:image:width\" content=\"293\" \/>\n\t<meta property=\"og:image:height\" content=\"300\" \/>\n\t<meta property=\"og:image:type\" content=\"image\/jpeg\" \/>\n<meta name=\"twitter:card\" content=\"summary_large_image\" \/>\n<meta name=\"twitter:label1\" content=\"Estimated reading time\" \/>\n\t<meta name=\"twitter:data1\" content=\"2 minutes\" \/>\n<script type=\"application\/ld+json\" class=\"yoast-schema-graph\">{\"@context\":\"https:\\\/\\\/schema.org\",\"@graph\":[{\"@type\":\"WebPage\",\"@id\":\"https:\\\/\\\/kath-akademie-bayern.de\\\/veranstaltung\\\/zwischen-shitstorm-und-pfarreifusion\\\/\",\"url\":\"https:\\\/\\\/kath-akademie-bayern.de\\\/veranstaltung\\\/zwischen-shitstorm-und-pfarreifusion\\\/\",\"name\":\"Zwischen Shitstorm und Pfarreifusion - Katholische Akademie in Bayern\",\"isPartOf\":{\"@id\":\"https:\\\/\\\/kath-akademie-bayern.de\\\/#website\"},\"primaryImageOfPage\":{\"@id\":\"https:\\\/\\\/kath-akademie-bayern.de\\\/veranstaltung\\\/zwischen-shitstorm-und-pfarreifusion\\\/#primaryimage\"},\"image\":{\"@id\":\"https:\\\/\\\/kath-akademie-bayern.de\\\/veranstaltung\\\/zwischen-shitstorm-und-pfarreifusion\\\/#primaryimage\"},\"thumbnailUrl\":\"https:\\\/\\\/kath-akademie-bayern.de\\\/wp-content\\\/uploads\\\/2025-03-13.jpg\",\"datePublished\":\"2024-11-06T10:51:21+00:00\",\"dateModified\":\"2025-07-03T10:10:38+00:00\",\"breadcrumb\":{\"@id\":\"https:\\\/\\\/kath-akademie-bayern.de\\\/veranstaltung\\\/zwischen-shitstorm-und-pfarreifusion\\\/#breadcrumb\"},\"inLanguage\":\"en-GB\",\"potentialAction\":[{\"@type\":\"ReadAction\",\"target\":[\"https:\\\/\\\/kath-akademie-bayern.de\\\/veranstaltung\\\/zwischen-shitstorm-und-pfarreifusion\\\/\"]}]},{\"@type\":\"ImageObject\",\"inLanguage\":\"en-GB\",\"@id\":\"https:\\\/\\\/kath-akademie-bayern.de\\\/veranstaltung\\\/zwischen-shitstorm-und-pfarreifusion\\\/#primaryimage\",\"url\":\"https:\\\/\\\/kath-akademie-bayern.de\\\/wp-content\\\/uploads\\\/2025-03-13.jpg\",\"contentUrl\":\"https:\\\/\\\/kath-akademie-bayern.de\\\/wp-content\\\/uploads\\\/2025-03-13.jpg\",\"width\":293,\"height\":300},{\"@type\":\"BreadcrumbList\",\"@id\":\"https:\\\/\\\/kath-akademie-bayern.de\\\/veranstaltung\\\/zwischen-shitstorm-und-pfarreifusion\\\/#breadcrumb\",\"itemListElement\":[{\"@type\":\"ListItem\",\"position\":1,\"name\":\"Startseite\",\"item\":\"https:\\\/\\\/kath-akademie-bayern.de\\\/\"},{\"@type\":\"ListItem\",\"position\":2,\"name\":\"Zwischen Shitstorm und Pfarreifusion\"}]},{\"@type\":\"WebSite\",\"@id\":\"https:\\\/\\\/kath-akademie-bayern.de\\\/#website\",\"url\":\"https:\\\/\\\/kath-akademie-bayern.de\\\/\",\"name\":\"Katholische Akademie in Bayern\",\"description\":\"Kirche braucht Debatte: \u201ekatholisch\u201c mit Blick auf das Ganze \u2013 und \u201eakademisch\u201c im Vertrauen auf die Kraft der Argumente\",\"publisher\":{\"@id\":\"https:\\\/\\\/kath-akademie-bayern.de\\\/#organization\"},\"potentialAction\":[{\"@type\":\"SearchAction\",\"target\":{\"@type\":\"EntryPoint\",\"urlTemplate\":\"https:\\\/\\\/kath-akademie-bayern.de\\\/?s={search_term_string}\"},\"query-input\":{\"@type\":\"PropertyValueSpecification\",\"valueRequired\":true,\"valueName\":\"search_term_string\"}}],\"inLanguage\":\"en-GB\"},{\"@type\":\"Organization\",\"@id\":\"https:\\\/\\\/kath-akademie-bayern.de\\\/#organization\",\"name\":\"Katholische Akademie in Bayern\",\"url\":\"https:\\\/\\\/kath-akademie-bayern.de\\\/\",\"logo\":{\"@type\":\"ImageObject\",\"inLanguage\":\"en-GB\",\"@id\":\"https:\\\/\\\/kath-akademie-bayern.de\\\/#\\\/schema\\\/logo\\\/image\\\/\",\"url\":\"https:\\\/\\\/kath-akademie-bayern.de\\\/wp-content\\\/uploads\\\/Menue-Logo-Home@2x.png\",\"contentUrl\":\"https:\\\/\\\/kath-akademie-bayern.de\\\/wp-content\\\/uploads\\\/Menue-Logo-Home@2x.png\",\"width\":496,\"height\":216,\"caption\":\"Katholische Akademie in Bayern\"},\"image\":{\"@id\":\"https:\\\/\\\/kath-akademie-bayern.de\\\/#\\\/schema\\\/logo\\\/image\\\/\"},\"sameAs\":[\"https:\\\/\\\/www.facebook.com\\\/katholische.akademie.bayern\\\/\"]}]}<\/script>\n<!-- \/ Yoast SEO plugin. -->","yoast_head_json":{"title":"Between shitstorm and parish fusion - Catholic Academy in Bavaria","robots":{"index":"index","follow":"follow","max-snippet":"max-snippet:-1","max-image-preview":"max-image-preview:large","max-video-preview":"max-video-preview:-1"},"canonical":"https:\/\/kath-akademie-bayern.de\/en\/veranstaltung\/zwischen-shitstorm-und-pfarreifusion\/","og_locale":"en_GB","og_type":"article","og_title":"Zwischen Shitstorm und Pfarreifusion - Katholische Akademie in Bayern","og_description":"Change-Kommunikation in Kirchen","og_url":"https:\/\/kath-akademie-bayern.de\/en\/veranstaltung\/zwischen-shitstorm-und-pfarreifusion\/","og_site_name":"Katholische Akademie in Bayern","article_publisher":"https:\/\/www.facebook.com\/katholische.akademie.bayern\/","article_modified_time":"2025-07-03T10:10:38+00:00","og_image":[{"width":293,"height":300,"url":"https:\/\/kath-akademie-bayern.de\/wp-content\/uploads\/2025-03-13.jpg","type":"image\/jpeg"}],"twitter_card":"summary_large_image","twitter_misc":{"Estimated reading time":"2 minutes"},"schema":{"@context":"https:\/\/schema.org","@graph":[{"@type":"WebPage","@id":"https:\/\/kath-akademie-bayern.de\/veranstaltung\/zwischen-shitstorm-und-pfarreifusion\/","url":"https:\/\/kath-akademie-bayern.de\/veranstaltung\/zwischen-shitstorm-und-pfarreifusion\/","name":"Between shitstorm and parish fusion - Catholic Academy in Bavaria","isPartOf":{"@id":"https:\/\/kath-akademie-bayern.de\/#website"},"primaryImageOfPage":{"@id":"https:\/\/kath-akademie-bayern.de\/veranstaltung\/zwischen-shitstorm-und-pfarreifusion\/#primaryimage"},"image":{"@id":"https:\/\/kath-akademie-bayern.de\/veranstaltung\/zwischen-shitstorm-und-pfarreifusion\/#primaryimage"},"thumbnailUrl":"https:\/\/kath-akademie-bayern.de\/wp-content\/uploads\/2025-03-13.jpg","datePublished":"2024-11-06T10:51:21+00:00","dateModified":"2025-07-03T10:10:38+00:00","breadcrumb":{"@id":"https:\/\/kath-akademie-bayern.de\/veranstaltung\/zwischen-shitstorm-und-pfarreifusion\/#breadcrumb"},"inLanguage":"en-GB","potentialAction":[{"@type":"ReadAction","target":["https:\/\/kath-akademie-bayern.de\/veranstaltung\/zwischen-shitstorm-und-pfarreifusion\/"]}]},{"@type":"ImageObject","inLanguage":"en-GB","@id":"https:\/\/kath-akademie-bayern.de\/veranstaltung\/zwischen-shitstorm-und-pfarreifusion\/#primaryimage","url":"https:\/\/kath-akademie-bayern.de\/wp-content\/uploads\/2025-03-13.jpg","contentUrl":"https:\/\/kath-akademie-bayern.de\/wp-content\/uploads\/2025-03-13.jpg","width":293,"height":300},{"@type":"BreadcrumbList","@id":"https:\/\/kath-akademie-bayern.de\/veranstaltung\/zwischen-shitstorm-und-pfarreifusion\/#breadcrumb","itemListElement":[{"@type":"ListItem","position":1,"name":"Startseite","item":"https:\/\/kath-akademie-bayern.de\/"},{"@type":"ListItem","position":2,"name":"Zwischen Shitstorm und Pfarreifusion"}]},{"@type":"WebSite","@id":"https:\/\/kath-akademie-bayern.de\/#website","url":"https:\/\/kath-akademie-bayern.de\/","name":"Catholic Academy in Bavaria","description":"Church needs debate: \"catholic\" looking at the whole - and \"academic\" trusting in the power of arguments","publisher":{"@id":"https:\/\/kath-akademie-bayern.de\/#organization"},"potentialAction":[{"@type":"SearchAction","target":{"@type":"EntryPoint","urlTemplate":"https:\/\/kath-akademie-bayern.de\/?s={search_term_string}"},"query-input":{"@type":"PropertyValueSpecification","valueRequired":true,"valueName":"search_term_string"}}],"inLanguage":"en-GB"},{"@type":"Organization","@id":"https:\/\/kath-akademie-bayern.de\/#organization","name":"Catholic Academy in Bavaria","url":"https:\/\/kath-akademie-bayern.de\/","logo":{"@type":"ImageObject","inLanguage":"en-GB","@id":"https:\/\/kath-akademie-bayern.de\/#\/schema\/logo\/image\/","url":"https:\/\/kath-akademie-bayern.de\/wp-content\/uploads\/Menue-Logo-Home@2x.png","contentUrl":"https:\/\/kath-akademie-bayern.de\/wp-content\/uploads\/Menue-Logo-Home@2x.png","width":496,"height":216,"caption":"Katholische Akademie in Bayern"},"image":{"@id":"https:\/\/kath-akademie-bayern.de\/#\/schema\/logo\/image\/"},"sameAs":["https:\/\/www.facebook.com\/katholische.akademie.bayern\/"]}]}},"_links":{"self":[{"href":"https:\/\/kath-akademie-bayern.de\/en\/wp-json\/wp\/v2\/event\/95482","targetHints":{"allow":["GET"]}}],"collection":[{"href":"https:\/\/kath-akademie-bayern.de\/en\/wp-json\/wp\/v2\/event"}],"about":[{"href":"https:\/\/kath-akademie-bayern.de\/en\/wp-json\/wp\/v2\/types\/event"}],"author":[{"embeddable":true,"href":"https:\/\/kath-akademie-bayern.de\/en\/wp-json\/wp\/v2\/users\/2"}],"version-history":[{"count":3,"href":"https:\/\/kath-akademie-bayern.de\/en\/wp-json\/wp\/v2\/event\/95482\/revisions"}],"predecessor-version":[{"id":107612,"href":"https:\/\/kath-akademie-bayern.de\/en\/wp-json\/wp\/v2\/event\/95482\/revisions\/107612"}],"wp:featuredmedia":[{"embeddable":true,"href":"https:\/\/kath-akademie-bayern.de\/en\/wp-json\/wp\/v2\/media\/95484"}],"wp:attachment":[{"href":"https:\/\/kath-akademie-bayern.de\/en\/wp-json\/wp\/v2\/media?parent=95482"}],"curies":[{"name":"wp","href":"https:\/\/api.w.org\/{rel}","templated":true}]}}

<p>Veränderungen sind in der heutigen Gesellschaft und vor allem in der Kirche überall präsent. Pfarreifusionen, Reformen und Imagewandel sind nur einige Beispiele. Sie können den Ist-Zustand zum Positiven, aber auch zum Negativen wenden. Nur eins ist sicher: Es bleibt nichts, wie es ist. Das macht vielen Menschen Angst, kommen sie mit dem Ist-Zustand doch meist ganz gut zurecht. Darum rufen Veränderungen oft heftige Reaktionen hervor. Shitstorms und Beleidigungen sind nur einige Beispiele dafür.</p>
<p>Bei der Tagung “Kirche im Web” wollen wir 2025 von Krisenkommunikation bis hin zum Change Management betrachten, wie die Kirche Veränderungen gekonnt bewältigen und kommunizieren kann. Eingeladen sind Expert:innen aus anderen Branchen und diskutiert werden Erfahrungsberichten darüber wie man mit negativen Reaktionen digital und analog umgehen kann.</p>
<p>The conference will also be streamed online. If you would like to take advantage of this offer, please register for the online price and we will send you the access link after the registration deadline.</p>
