{"id":96025,"date":"2024-11-27T16:44:58","date_gmt":"2024-11-27T15:44:58","guid":{"rendered":"https:\/\/kath-akademie-bayern.de\/veranstaltung\/energiespeicher-der-zukunft\/"},"modified":"2025-12-01T10:59:34","modified_gmt":"2025-12-01T09:59:34","slug":"energiespeicher-der-zukunft","status":"publish","type":"event","link":"https:\/\/kath-akademie-bayern.de\/en\/veranstaltung\/energiespeicher-der-zukunft\/","title":{"rendered":"Energy storage of the future"},"content":{"rendered":"<p>The replacement of fossil fuels with renewable energies and thus the entire energy transition can only succeed in Germany and worldwide if storage technologies continue to improve. This applies on a large scale to energy storage systems that compensate for the natural fluctuations in wind and solar power in order to ensure a nationwide and permanent supply of climate-neutral energy. But innovations are also needed in the field of batteries, which provide the energy for electromobility and also for smartphones and other devices, in order to increase acceptance and suitability for everyday use.<\/p>\n<p>Lithium-ion batteries are currently the most widely used type of battery in a wide range of applications. However, the increasing demand for lithium batteries is leading to problems with the procurement of raw materials and components. It is therefore necessary to develop alternative cell concepts based on raw materials that are more readily available and ensure a safe, sustainable and cost-efficient supply of high-performance batteries. These batteries are also known as post-lithium batteries and are based on sodium, calcium, potassium, magnesium or zinc, for example.<\/p>\n<p>Dem Referenten, Prof. Dr. Maximilian Fichtner, sind mit seiner viel beachteten Forschung zu nachhaltigen Batteriespeichern mehrere wegweisende Durchbr\u00fcche im Bereich der Speichertechnik gelungen. Er ist Chemiker und Direktor des Helmholtz-Instituts Ulm f\u00fcr Electrochemische Energiespeicherung (HIU) und Professor f\u00fcr Festk\u00f6rperchemie an der Universit\u00e4t Ulm. Er ist Sprecher einer der gr\u00f6\u00dften F&amp;E-Plattformen im Energiebereich CELEST (Center for Electrochemical Energy Storage Ulm-Karlsruhe) und des Exzellenzclusters zur Batterieforschung POIiS.<\/p>\n<p>Professor Fichtner will give an overview of existing storage systems and innovative approaches for the energy storage systems of the future.<\/p>","protected":false},"excerpt":{"rendered":"<p>New battery types for the post-fossil age<\/p>","protected":false},"author":2,"featured_media":96068,"menu_order":91,"template":"","meta":{"_relevanssi_hide_post":"","_relevanssi_hide_content":"","_relevanssi_pin_for_all":"","_relevanssi_pin_keywords":"","_relevanssi_unpin_keywords":"","_relevanssi_related_keywords":"","_relevanssi_related_include_ids":"","_relevanssi_related_exclude_ids":"","_relevanssi_related_no_append":"","_relevanssi_related_not_related":"","_relevanssi_related_posts":"","_relevanssi_noindex_reason":"","footnotes":""},"class_list":["post-96025","event","type-event","status-publish","has-post-thumbnail","hentry","event-category-naturwissenschaft-medizin-technik","focus-area-klimawandel"],"yoast_head":"<!-- This site is optimized with the Yoast SEO plugin v27.4 - https:\/\/yoast.com\/product\/yoast-seo-wordpress\/ -->\n<title>Energiespeicher der Zukunft - Katholische Akademie in Bayern<\/title>\n<meta name=\"robots\" content=\"index, follow, max-snippet:-1, max-image-preview:large, max-video-preview:-1\" \/>\n<link rel=\"canonical\" href=\"https:\/\/kath-akademie-bayern.de\/en\/veranstaltung\/energiespeicher-der-zukunft\/\" \/>\n<meta property=\"og:locale\" content=\"en_GB\" \/>\n<meta property=\"og:type\" content=\"article\" \/>\n<meta property=\"og:title\" content=\"Energiespeicher der Zukunft - Katholische Akademie in Bayern\" \/>\n<meta property=\"og:description\" content=\"Neue Batterietypen f\u00fcr das postfossile Zeitalter\" \/>\n<meta property=\"og:url\" content=\"https:\/\/kath-akademie-bayern.de\/en\/veranstaltung\/energiespeicher-der-zukunft\/\" \/>\n<meta property=\"og:site_name\" content=\"Katholische Akademie in Bayern\" \/>\n<meta property=\"article:publisher\" content=\"https:\/\/www.facebook.com\/katholische.akademie.bayern\/\" \/>\n<meta property=\"article:modified_time\" content=\"2025-12-01T09:59:34+00:00\" \/>\n<meta property=\"og:image\" content=\"https:\/\/kath-akademie-bayern.de\/wp-content\/uploads\/2025-02-05-scaled.jpg\" \/>\n\t<meta property=\"og:image:width\" content=\"2560\" \/>\n\t<meta property=\"og:image:height\" content=\"1440\" \/>\n\t<meta property=\"og:image:type\" content=\"image\/jpeg\" \/>\n<meta name=\"twitter:card\" content=\"summary_large_image\" \/>\n<meta name=\"twitter:label1\" content=\"Estimated reading time\" \/>\n\t<meta name=\"twitter:data1\" content=\"2 minutes\" \/>\n<script type=\"application\/ld+json\" class=\"yoast-schema-graph\">{\"@context\":\"https:\\\/\\\/schema.org\",\"@graph\":[{\"@type\":\"WebPage\",\"@id\":\"https:\\\/\\\/kath-akademie-bayern.de\\\/veranstaltung\\\/energiespeicher-der-zukunft\\\/\",\"url\":\"https:\\\/\\\/kath-akademie-bayern.de\\\/veranstaltung\\\/energiespeicher-der-zukunft\\\/\",\"name\":\"Energiespeicher der Zukunft - Katholische Akademie in Bayern\",\"isPartOf\":{\"@id\":\"https:\\\/\\\/kath-akademie-bayern.de\\\/#website\"},\"primaryImageOfPage\":{\"@id\":\"https:\\\/\\\/kath-akademie-bayern.de\\\/veranstaltung\\\/energiespeicher-der-zukunft\\\/#primaryimage\"},\"image\":{\"@id\":\"https:\\\/\\\/kath-akademie-bayern.de\\\/veranstaltung\\\/energiespeicher-der-zukunft\\\/#primaryimage\"},\"thumbnailUrl\":\"https:\\\/\\\/kath-akademie-bayern.de\\\/wp-content\\\/uploads\\\/2025-02-05-scaled.jpg\",\"datePublished\":\"2024-11-27T15:44:58+00:00\",\"dateModified\":\"2025-12-01T09:59:34+00:00\",\"breadcrumb\":{\"@id\":\"https:\\\/\\\/kath-akademie-bayern.de\\\/veranstaltung\\\/energiespeicher-der-zukunft\\\/#breadcrumb\"},\"inLanguage\":\"en-GB\",\"potentialAction\":[{\"@type\":\"ReadAction\",\"target\":[\"https:\\\/\\\/kath-akademie-bayern.de\\\/veranstaltung\\\/energiespeicher-der-zukunft\\\/\"]}]},{\"@type\":\"ImageObject\",\"inLanguage\":\"en-GB\",\"@id\":\"https:\\\/\\\/kath-akademie-bayern.de\\\/veranstaltung\\\/energiespeicher-der-zukunft\\\/#primaryimage\",\"url\":\"https:\\\/\\\/kath-akademie-bayern.de\\\/wp-content\\\/uploads\\\/2025-02-05-scaled.jpg\",\"contentUrl\":\"https:\\\/\\\/kath-akademie-bayern.de\\\/wp-content\\\/uploads\\\/2025-02-05-scaled.jpg\",\"width\":2560,\"height\":1440},{\"@type\":\"BreadcrumbList\",\"@id\":\"https:\\\/\\\/kath-akademie-bayern.de\\\/veranstaltung\\\/energiespeicher-der-zukunft\\\/#breadcrumb\",\"itemListElement\":[{\"@type\":\"ListItem\",\"position\":1,\"name\":\"Startseite\",\"item\":\"https:\\\/\\\/kath-akademie-bayern.de\\\/\"},{\"@type\":\"ListItem\",\"position\":2,\"name\":\"Energiespeicher der Zukunft\"}]},{\"@type\":\"WebSite\",\"@id\":\"https:\\\/\\\/kath-akademie-bayern.de\\\/#website\",\"url\":\"https:\\\/\\\/kath-akademie-bayern.de\\\/\",\"name\":\"Katholische Akademie in Bayern\",\"description\":\"Kirche braucht Debatte: \u201ekatholisch\u201c mit Blick auf das Ganze \u2013 und \u201eakademisch\u201c im Vertrauen auf die Kraft der Argumente\",\"publisher\":{\"@id\":\"https:\\\/\\\/kath-akademie-bayern.de\\\/#organization\"},\"potentialAction\":[{\"@type\":\"SearchAction\",\"target\":{\"@type\":\"EntryPoint\",\"urlTemplate\":\"https:\\\/\\\/kath-akademie-bayern.de\\\/?s={search_term_string}\"},\"query-input\":{\"@type\":\"PropertyValueSpecification\",\"valueRequired\":true,\"valueName\":\"search_term_string\"}}],\"inLanguage\":\"en-GB\"},{\"@type\":\"Organization\",\"@id\":\"https:\\\/\\\/kath-akademie-bayern.de\\\/#organization\",\"name\":\"Katholische Akademie in Bayern\",\"url\":\"https:\\\/\\\/kath-akademie-bayern.de\\\/\",\"logo\":{\"@type\":\"ImageObject\",\"inLanguage\":\"en-GB\",\"@id\":\"https:\\\/\\\/kath-akademie-bayern.de\\\/#\\\/schema\\\/logo\\\/image\\\/\",\"url\":\"https:\\\/\\\/kath-akademie-bayern.de\\\/wp-content\\\/uploads\\\/Menue-Logo-Home@2x.png\",\"contentUrl\":\"https:\\\/\\\/kath-akademie-bayern.de\\\/wp-content\\\/uploads\\\/Menue-Logo-Home@2x.png\",\"width\":496,\"height\":216,\"caption\":\"Katholische Akademie in Bayern\"},\"image\":{\"@id\":\"https:\\\/\\\/kath-akademie-bayern.de\\\/#\\\/schema\\\/logo\\\/image\\\/\"},\"sameAs\":[\"https:\\\/\\\/www.facebook.com\\\/katholische.akademie.bayern\\\/\"]}]}<\/script>\n<!-- \/ Yoast SEO plugin. -->","yoast_head_json":{"title":"Energy storage of the future - Catholic Academy in Bavaria","robots":{"index":"index","follow":"follow","max-snippet":"max-snippet:-1","max-image-preview":"max-image-preview:large","max-video-preview":"max-video-preview:-1"},"canonical":"https:\/\/kath-akademie-bayern.de\/en\/veranstaltung\/energiespeicher-der-zukunft\/","og_locale":"en_GB","og_type":"article","og_title":"Energiespeicher der Zukunft - Katholische Akademie in Bayern","og_description":"Neue Batterietypen f\u00fcr das postfossile Zeitalter","og_url":"https:\/\/kath-akademie-bayern.de\/en\/veranstaltung\/energiespeicher-der-zukunft\/","og_site_name":"Katholische Akademie in Bayern","article_publisher":"https:\/\/www.facebook.com\/katholische.akademie.bayern\/","article_modified_time":"2025-12-01T09:59:34+00:00","og_image":[{"width":2560,"height":1440,"url":"https:\/\/kath-akademie-bayern.de\/wp-content\/uploads\/2025-02-05-scaled.jpg","type":"image\/jpeg"}],"twitter_card":"summary_large_image","twitter_misc":{"Estimated reading time":"2 minutes"},"schema":{"@context":"https:\/\/schema.org","@graph":[{"@type":"WebPage","@id":"https:\/\/kath-akademie-bayern.de\/veranstaltung\/energiespeicher-der-zukunft\/","url":"https:\/\/kath-akademie-bayern.de\/veranstaltung\/energiespeicher-der-zukunft\/","name":"Energy storage of the future - Catholic Academy in Bavaria","isPartOf":{"@id":"https:\/\/kath-akademie-bayern.de\/#website"},"primaryImageOfPage":{"@id":"https:\/\/kath-akademie-bayern.de\/veranstaltung\/energiespeicher-der-zukunft\/#primaryimage"},"image":{"@id":"https:\/\/kath-akademie-bayern.de\/veranstaltung\/energiespeicher-der-zukunft\/#primaryimage"},"thumbnailUrl":"https:\/\/kath-akademie-bayern.de\/wp-content\/uploads\/2025-02-05-scaled.jpg","datePublished":"2024-11-27T15:44:58+00:00","dateModified":"2025-12-01T09:59:34+00:00","breadcrumb":{"@id":"https:\/\/kath-akademie-bayern.de\/veranstaltung\/energiespeicher-der-zukunft\/#breadcrumb"},"inLanguage":"en-GB","potentialAction":[{"@type":"ReadAction","target":["https:\/\/kath-akademie-bayern.de\/veranstaltung\/energiespeicher-der-zukunft\/"]}]},{"@type":"ImageObject","inLanguage":"en-GB","@id":"https:\/\/kath-akademie-bayern.de\/veranstaltung\/energiespeicher-der-zukunft\/#primaryimage","url":"https:\/\/kath-akademie-bayern.de\/wp-content\/uploads\/2025-02-05-scaled.jpg","contentUrl":"https:\/\/kath-akademie-bayern.de\/wp-content\/uploads\/2025-02-05-scaled.jpg","width":2560,"height":1440},{"@type":"BreadcrumbList","@id":"https:\/\/kath-akademie-bayern.de\/veranstaltung\/energiespeicher-der-zukunft\/#breadcrumb","itemListElement":[{"@type":"ListItem","position":1,"name":"Startseite","item":"https:\/\/kath-akademie-bayern.de\/"},{"@type":"ListItem","position":2,"name":"Energiespeicher der Zukunft"}]},{"@type":"WebSite","@id":"https:\/\/kath-akademie-bayern.de\/#website","url":"https:\/\/kath-akademie-bayern.de\/","name":"Catholic Academy in Bavaria","description":"Church needs debate: \"catholic\" looking at the whole - and \"academic\" trusting in the power of arguments","publisher":{"@id":"https:\/\/kath-akademie-bayern.de\/#organization"},"potentialAction":[{"@type":"SearchAction","target":{"@type":"EntryPoint","urlTemplate":"https:\/\/kath-akademie-bayern.de\/?s={search_term_string}"},"query-input":{"@type":"PropertyValueSpecification","valueRequired":true,"valueName":"search_term_string"}}],"inLanguage":"en-GB"},{"@type":"Organization","@id":"https:\/\/kath-akademie-bayern.de\/#organization","name":"Catholic Academy in Bavaria","url":"https:\/\/kath-akademie-bayern.de\/","logo":{"@type":"ImageObject","inLanguage":"en-GB","@id":"https:\/\/kath-akademie-bayern.de\/#\/schema\/logo\/image\/","url":"https:\/\/kath-akademie-bayern.de\/wp-content\/uploads\/Menue-Logo-Home@2x.png","contentUrl":"https:\/\/kath-akademie-bayern.de\/wp-content\/uploads\/Menue-Logo-Home@2x.png","width":496,"height":216,"caption":"Katholische Akademie in Bayern"},"image":{"@id":"https:\/\/kath-akademie-bayern.de\/#\/schema\/logo\/image\/"},"sameAs":["https:\/\/www.facebook.com\/katholische.akademie.bayern\/"]}]}},"_links":{"self":[{"href":"https:\/\/kath-akademie-bayern.de\/en\/wp-json\/wp\/v2\/event\/96025","targetHints":{"allow":["GET"]}}],"collection":[{"href":"https:\/\/kath-akademie-bayern.de\/en\/wp-json\/wp\/v2\/event"}],"about":[{"href":"https:\/\/kath-akademie-bayern.de\/en\/wp-json\/wp\/v2\/types\/event"}],"author":[{"embeddable":true,"href":"https:\/\/kath-akademie-bayern.de\/en\/wp-json\/wp\/v2\/users\/2"}],"version-history":[{"count":41,"href":"https:\/\/kath-akademie-bayern.de\/en\/wp-json\/wp\/v2\/event\/96025\/revisions"}],"predecessor-version":[{"id":114391,"href":"https:\/\/kath-akademie-bayern.de\/en\/wp-json\/wp\/v2\/event\/96025\/revisions\/114391"}],"wp:featuredmedia":[{"embeddable":true,"href":"https:\/\/kath-akademie-bayern.de\/en\/wp-json\/wp\/v2\/media\/96068"}],"wp:attachment":[{"href":"https:\/\/kath-akademie-bayern.de\/en\/wp-json\/wp\/v2\/media?parent=96025"}],"curies":[{"name":"wp","href":"https:\/\/api.w.org\/{rel}","templated":true}]}}

<p>The replacement of fossil fuels with renewable energies and thus the entire energy transition can only succeed in Germany and worldwide if storage technologies continue to improve. This applies on a large scale to energy storage systems that compensate for the natural fluctuations in wind and solar power in order to ensure a nationwide and permanent supply of climate-neutral energy. But innovations are also needed in the field of batteries, which provide the energy for electromobility and also for smartphones and other devices, in order to increase acceptance and suitability for everyday use.</p>
<p>Lithium-ion batteries are currently the most widely used type of battery in a wide range of applications. However, the increasing demand for lithium batteries is leading to problems with the procurement of raw materials and components. It is therefore necessary to develop alternative cell concepts based on raw materials that are more readily available and ensure a safe, sustainable and cost-efficient supply of high-performance batteries. These batteries are also known as post-lithium batteries and are based on sodium, calcium, potassium, magnesium or zinc, for example.</p>
<p>Dem Referenten, Prof. Dr. Maximilian Fichtner, sind mit seiner viel beachteten Forschung zu nachhaltigen Batteriespeichern mehrere wegweisende Durchbrüche im Bereich der Speichertechnik gelungen. Er ist Chemiker und Direktor des Helmholtz-Instituts Ulm für Electrochemische Energiespeicherung (HIU) und Professor für Festkörperchemie an der Universität Ulm. Er ist Sprecher einer der größten F&amp;E-Plattformen im Energiebereich CELEST (Center for Electrochemical Energy Storage Ulm-Karlsruhe) und des Exzellenzclusters zur Batterieforschung POIiS.</p>
<p>Professor Fichtner will give an overview of existing storage systems and innovative approaches for the energy storage systems of the future.</p>

<!-- This site is optimized with the Yoast SEO plugin v27.4 - https://yoast.com/product/yoast-seo-wordpress/ -->
<title>Energiespeicher der Zukunft - Katholische Akademie in Bayern</title>
<meta name="robots" content="index, follow, max-snippet:-1, max-image-preview:large, max-video-preview:-1" />
<link rel="canonical" href="https://kath-akademie-bayern.de/en/veranstaltung/energiespeicher-der-zukunft/" />
<meta property="og:locale" content="en_GB" />
<meta property="og:type" content="article" />
<meta property="og:title" content="Energiespeicher der Zukunft - Katholische Akademie in Bayern" />
<meta property="og:description" content="Neue Batterietypen für das postfossile Zeitalter" />
<meta property="og:url" content="https://kath-akademie-bayern.de/en/veranstaltung/energiespeicher-der-zukunft/" />
<meta property="og:site_name" content="Katholische Akademie in Bayern" />
<meta property="article:publisher" content="https://www.facebook.com/katholische.akademie.bayern/" />
<meta property="article:modified_time" content="2025-12-01T09:59:34+00:00" />
<meta property="og:image" content="https://kath-akademie-bayern.de/wp-content/uploads/2025-02-05-scaled.jpg" />
	<meta property="og:image:width" content="2560" />
	<meta property="og:image:height" content="1440" />
	<meta property="og:image:type" content="image/jpeg" />
<meta name="twitter:card" content="summary_large_image" />
<meta name="twitter:label1" content="Estimated reading time" />
	<meta name="twitter:data1" content="2 minutes" />
<script type="application/ld+json" class="yoast-schema-graph">{"@context":"https:\/\/schema.org","@graph":[{"@type":"WebPage","@id":"https:\/\/kath-akademie-bayern.de\/veranstaltung\/energiespeicher-der-zukunft\/","url":"https:\/\/kath-akademie-bayern.de\/veranstaltung\/energiespeicher-der-zukunft\/","name":"Energiespeicher der Zukunft - Katholische Akademie in Bayern","isPartOf":{"@id":"https:\/\/kath-akademie-bayern.de\/#website"},"primaryImageOfPage":{"@id":"https:\/\/kath-akademie-bayern.de\/veranstaltung\/energiespeicher-der-zukunft\/#primaryimage"},"image":{"@id":"https:\/\/kath-akademie-bayern.de\/veranstaltung\/energiespeicher-der-zukunft\/#primaryimage"},"thumbnailUrl":"https:\/\/kath-akademie-bayern.de\/wp-content\/uploads\/2025-02-05-scaled.jpg","datePublished":"2024-11-27T15:44:58+00:00","dateModified":"2025-12-01T09:59:34+00:00","breadcrumb":{"@id":"https:\/\/kath-akademie-bayern.de\/veranstaltung\/energiespeicher-der-zukunft\/#breadcrumb"},"inLanguage":"en-GB","potentialAction":[{"@type":"ReadAction","target":["https:\/\/kath-akademie-bayern.de\/veranstaltung\/energiespeicher-der-zukunft\/"]}]},{"@type":"ImageObject","inLanguage":"en-GB","@id":"https:\/\/kath-akademie-bayern.de\/veranstaltung\/energiespeicher-der-zukunft\/#primaryimage","url":"https:\/\/kath-akademie-bayern.de\/wp-content\/uploads\/2025-02-05-scaled.jpg","contentUrl":"https:\/\/kath-akademie-bayern.de\/wp-content\/uploads\/2025-02-05-scaled.jpg","width":2560,"height":1440},{"@type":"BreadcrumbList","@id":"https:\/\/kath-akademie-bayern.de\/veranstaltung\/energiespeicher-der-zukunft\/#breadcrumb","itemListElement":[{"@type":"ListItem","position":1,"name":"Startseite","item":"https:\/\/kath-akademie-bayern.de\/"},{"@type":"ListItem","position":2,"name":"Energiespeicher der Zukunft"}]},{"@type":"WebSite","@id":"https:\/\/kath-akademie-bayern.de\/#website","url":"https:\/\/kath-akademie-bayern.de\/","name":"Katholische Akademie in Bayern","description":"Kirche braucht Debatte: „katholisch“ mit Blick auf das Ganze – und „akademisch“ im Vertrauen auf die Kraft der Argumente","publisher":{"@id":"https:\/\/kath-akademie-bayern.de\/#organization"},"potentialAction":[{"@type":"SearchAction","target":{"@type":"EntryPoint","urlTemplate":"https:\/\/kath-akademie-bayern.de\/?s={search_term_string}"},"query-input":{"@type":"PropertyValueSpecification","valueRequired":true,"valueName":"search_term_string"}}],"inLanguage":"en-GB"},{"@type":"Organization","@id":"https:\/\/kath-akademie-bayern.de\/#organization","name":"Katholische Akademie in Bayern","url":"https:\/\/kath-akademie-bayern.de\/","logo":{"@type":"ImageObject","inLanguage":"en-GB","@id":"https:\/\/kath-akademie-bayern.de\/#\/schema\/logo\/image\/","url":"https:\/\/kath-akademie-bayern.de\/wp-content\/uploads\/Menue-Logo-Home@2x.png","contentUrl":"https:\/\/kath-akademie-bayern.de\/wp-content\/uploads\/Menue-Logo-Home@2x.png","width":496,"height":216,"caption":"Katholische Akademie in Bayern"},"image":{"@id":"https:\/\/kath-akademie-bayern.de\/#\/schema\/logo\/image\/"},"sameAs":["https:\/\/www.facebook.com\/katholische.akademie.bayern\/"]}]}</script>
<!-- / Yoast SEO plugin. -->

Neue Batterietypen für das postfossile Zeitalter
